{"id":227,"date":"2022-11-03T19:15:11","date_gmt":"2022-11-03T22:15:11","guid":{"rendered":"https:\/\/paisdemossoro.com.br\/wordpress\/natal\/?page_id=227"},"modified":"2025-07-30T14:35:23","modified_gmt":"2025-07-30T17:35:23","slug":"biblioteca","status":"publish","type":"page","link":"https:\/\/portal.uern.br\/natal\/biblioteca\/","title":{"rendered":"Biblioteca"},"content":{"rendered":"<p>Sua miss\u00e3o \u00e9 dar suporte informacional ao Ensino, pesquisa e extens\u00e3o desenvolvidos no \u00e2mbito da Universidade.<\/p>\n<p>Oferecemos diversos servi\u00e7os, entre eles: Cataloga\u00e7\u00e3o, empr\u00e9stimo, devolu\u00e7\u00e3o, orienta\u00e7\u00e3o a normaliza\u00e7\u00e3o de trabalhos acad\u00eamicos, sala de estudos em grupo e individual, pesquisa virtual em bases de dados, elabora\u00e7\u00e3o de ficha catalogr\u00e1fica, levantamento bibliogr\u00e1fico, entre outros. Contamos ainda com servi\u00e7os online por meio do SIABI que permite ao usu\u00e1rio consultas, renova\u00e7\u00e3o, reservas on-line, elabora\u00e7\u00e3o de ficha catalogr\u00e1fica e cadastro do aluno.<\/p>\n<p>&nbsp;<\/p>\n<p><span style=\"font-size: 14pt\"><strong>Chefe<\/strong><\/span>:<\/p>\n<p>Sebasti\u00e3o Lopes Galv\u00e3o Neto<\/p>\n<p>&nbsp;<\/p>\n<p><span style=\"font-size: 14pt\"><strong>Equipe<\/strong><\/span>:<\/p>\n<p>1. Wendell Pontes<br \/>\n2. \u2060Flauber Soares<br \/>\n3. \u2060Ranieri Santos<br \/>\n4. \u2060Vandilson Nunes<br \/>\n5. \u2060Edilson Dutra<br \/>\n6. \u2060Jony Santos<\/p>\n<p><span style=\"font-size: 14pt\"><strong>Contatos<\/strong><\/span><\/p>\n<p>WhatsApp: <a href=\"http:\/\/wa.me\/5584988157467\">84 98815 7467<\/a><\/p>\n<p>E-mail: <a href=\"mailto:natal@biblioteca.uern.br\">natal@biblioteca.uern.br<\/a><\/p>\n<p>Instagram: <a href=\"https:\/\/www.instagram.com\/bibliotecasetorialdenatal?igsh=czAyazY3N2hjOWg2\">@bibliotecasetoraldenatal<\/a><\/p>\n<p>&nbsp;<\/p>\n<p><strong>Hor\u00e1rios de atendimento:<\/strong><\/p>\n<p>&nbsp;<\/p>\n<p>Segundas-feiras: 7:00 \u00e0s 21:00h<br \/>\nTer\u00e7as-feiras: 7:00 \u00e0s 21:00h<br \/>\nQuartas-feiras: 7:00 \u00e0s 21:00h<br \/>\nQuintas-feiras: 7:00 \u00e0s 21:00h<br \/>\nSextas-feiras: 7:00 \u00e0s 21:00h<\/p>\n<p>&nbsp;<\/p>\n<p><span style=\"font-size: 14pt\"><strong>Local<\/strong><\/span>:<\/p>\n<p>Campus de Natal &#8211; pr\u00e9dio sede &#8211; primeiro andar.<\/p>\n<p><span style=\"font-size: 14pt\"><strong>Endere\u00e7o<\/strong><\/span>:<\/p>\n<p>Avenida Dr. Jo\u00e3o Medeiros Filho, 3419, Potengi, Natal, RN, CEP: 59120-555.<\/p>\n","protected":false},"excerpt":{"rendered":"<p>Sua miss\u00e3o \u00e9 dar suporte informacional ao Ensino, pesquisa e extens\u00e3o desenvolvidos no \u00e2mbito da Universidade. Oferecemos diversos servi\u00e7os, entre eles: Cataloga\u00e7\u00e3o, empr\u00e9stimo, devolu\u00e7\u00e3o, orienta\u00e7\u00e3o a normaliza\u00e7\u00e3o de trabalhos acad\u00eamicos, sala de estudos em grupo e individual, pesquisa virtual em bases de dados, elabora\u00e7\u00e3o de ficha catalogr\u00e1fica, levantamento bibliogr\u00e1fico, entre outros. Contamos ainda com servi\u00e7os [&hellip;]<\/p>\n","protected":false},"author":1,"featured_media":0,"parent":0,"menu_order":0,"comment_status":"closed","ping_status":"closed","template":"","meta":{"footnotes":""},"class_list":["post-227","page","type-page","status-publish","hentry"],"_links":{"self":[{"href":"https:\/\/portal.uern.br\/natal\/wp-json\/wp\/v2\/pages\/227","targetHints":{"allow":["GET"]}}],"collection":[{"href":"https:\/\/portal.uern.br\/natal\/wp-json\/wp\/v2\/pages"}],"about":[{"href":"https:\/\/portal.uern.br\/natal\/wp-json\/wp\/v2\/types\/page"}],"author":[{"embeddable":true,"href":"https:\/\/portal.uern.br\/natal\/wp-json\/wp\/v2\/users\/1"}],"replies":[{"embeddable":true,"href":"https:\/\/portal.uern.br\/natal\/wp-json\/wp\/v2\/comments?post=227"}],"version-history":[{"count":4,"href":"https:\/\/portal.uern.br\/natal\/wp-json\/wp\/v2\/pages\/227\/revisions"}],"predecessor-version":[{"id":1330,"href":"https:\/\/portal.uern.br\/natal\/wp-json\/wp\/v2\/pages\/227\/revisions\/1330"}],"wp:attachment":[{"href":"https:\/\/portal.uern.br\/natal\/wp-json\/wp\/v2\/media?parent=227"}],"curies":[{"name":"wp","href":"https:\/\/api.w.org\/{rel}","templated":true}]}}