{"id":1321,"date":"2025-07-30T10:40:21","date_gmt":"2025-07-30T13:40:21","guid":{"rendered":"https:\/\/portal.uern.br\/natal\/?page_id=1321"},"modified":"2026-03-24T15:25:57","modified_gmt":"2026-03-24T18:25:57","slug":"direito7","status":"publish","type":"page","link":"https:\/\/portal.uern.br\/natal\/direito7\/","title":{"rendered":"Direito"},"content":{"rendered":"<p><strong>Contatos<\/strong>:<\/p>\n<p>Email: <a href=\"mailto:direito_natal@uern.br\">direito_natal@uern.br<\/a><\/p>\n<p>WhatsApp: <a href=\"http:\/\/wa.me\/558432323554\">(84) 3232-3554<\/a><\/p>\n<p>Instagram: <a href=\"https:\/\/www.instagram.com\/direitouernnatal?igsh=Z2N5aGh3ajFzZzNj\">@direitouernnatal<\/a><\/p>\n<p>P\u00e1gina Oficial do Curso: <a href=\"http:\/\/portal.uern.br\/natal\/direito\">portal.uern.br\/natal\/direito<\/a><\/p>\n<p><strong>Localiza\u00e7\u00e3o<\/strong>:<\/p>\n<p>Edf\u00edcio sede, segundo piso.<\/p>\n<p>&nbsp;<\/p>\n<p><strong>Endere\u00e7o<\/strong>:<\/p>\n<p>Av. Dr. Jo\u00e3o Medeiros Filho, 3419, Pontegi, Natal\/RN.<\/p>\n<p>&nbsp;<\/p>\n<p><strong>Chefe:<\/strong><\/p>\n<p>Prof. Dr. Glauber de Lucena Cordeiro<\/p>\n<p>&nbsp;<\/p>\n<p><strong>Sub-chefe<\/strong>:<\/p>\n<p>Prof. Dr. Dijosete Ver\u00edssimo da Costa Jr.<\/p>\n<p>&nbsp;<\/p>\n<p><strong>Secret\u00e1ria<\/strong>:<\/p>\n<p>Samyra Miranda Dantas<\/p>\n<p>&nbsp;<\/p>\n<p><strong>Orienta\u00e7\u00e3o Acad\u00eamica:<\/strong><\/p>\n<p>Flavianne Fagundes da Costa<\/p>\n<p>Michelle Yumi Felipe Okino Carvalho Cavalcante<\/p>\n<p>Mariana Vannucci Vasconcelos<\/p>\n<p>&nbsp;<\/p>\n<p><strong>Dias e hor\u00e1rios de Atendimento<\/strong><\/p>\n<p><span style=\"color: #0000ff\">Samyra:<\/span><\/p>\n<p>Segunda a sexta-feira das 7h as 13h;<\/p>\n<p>&nbsp;<\/p>\n<p><span style=\"color: #0000ff\">Erinaldo<\/span>:<\/p>\n<p>Segunda &#8211; 14 as 21h<\/p>\n<p>Ter\u00e7a &#8211; 18 as 22h<\/p>\n<p>Quarta &#8211; 14 as 21h<\/p>\n<p>Quinta &#8211; 14 as 21h<\/p>\n<p>Sexta &#8211; 12 as 17h<\/p>\n<p>&nbsp;<\/p>\n<p><strong>Documentos<\/strong>:<\/p>\n<p>&nbsp;<\/p>\n<p style=\"text-align: left\"><a href=\"https:\/\/portal.uern.br\/natal\/wp-content\/uploads\/2025\/07\/Dados-para-o-site.xlsx\">Lista de servidores (doentes e t\u00e9cnicos) <\/a><\/p>\n<p><span style=\"color: #0000ff\"><a href=\"https:\/\/portal.uern.br\/natal\/wp-content\/uploads\/2025\/07\/Estrutura-curricular-NDI2024-nova-a-partir-de-2024.1-atualizada.pdf\">Estrutura Curricular Atualizada<\/a><\/span><\/p>\n<p><a href=\"https:\/\/portal.uern.br\/natal\/wp-content\/uploads\/2025\/07\/PPC-Direito-CAN-2024-Homologado-em-19.10.2023.pdf\">Projeto Pedag\u00f3gico Direito Natal<\/a><\/p>\n","protected":false},"excerpt":{"rendered":"<p>Contatos: Email: direito_natal@uern.br WhatsApp: (84) 3232-3554 Instagram: @direitouernnatal P\u00e1gina Oficial do Curso: portal.uern.br\/natal\/direito Localiza\u00e7\u00e3o: Edf\u00edcio sede, segundo piso. &nbsp; Endere\u00e7o: Av. Dr. Jo\u00e3o Medeiros Filho, 3419, Pontegi, Natal\/RN. &nbsp; Chefe: Prof. Dr. Glauber de Lucena Cordeiro &nbsp; Sub-chefe: Prof. Dr. Dijosete Ver\u00edssimo da Costa Jr. &nbsp; Secret\u00e1ria: Samyra Miranda Dantas &nbsp; Orienta\u00e7\u00e3o Acad\u00eamica: Flavianne Fagundes [&hellip;]<\/p>\n","protected":false},"author":14,"featured_media":0,"parent":0,"menu_order":0,"comment_status":"closed","ping_status":"closed","template":"","meta":{"footnotes":""},"class_list":["post-1321","page","type-page","status-publish","hentry"],"_links":{"self":[{"href":"https:\/\/portal.uern.br\/natal\/wp-json\/wp\/v2\/pages\/1321","targetHints":{"allow":["GET"]}}],"collection":[{"href":"https:\/\/portal.uern.br\/natal\/wp-json\/wp\/v2\/pages"}],"about":[{"href":"https:\/\/portal.uern.br\/natal\/wp-json\/wp\/v2\/types\/page"}],"author":[{"embeddable":true,"href":"https:\/\/portal.uern.br\/natal\/wp-json\/wp\/v2\/users\/14"}],"replies":[{"embeddable":true,"href":"https:\/\/portal.uern.br\/natal\/wp-json\/wp\/v2\/comments?post=1321"}],"version-history":[{"count":4,"href":"https:\/\/portal.uern.br\/natal\/wp-json\/wp\/v2\/pages\/1321\/revisions"}],"predecessor-version":[{"id":1366,"href":"https:\/\/portal.uern.br\/natal\/wp-json\/wp\/v2\/pages\/1321\/revisions\/1366"}],"wp:attachment":[{"href":"https:\/\/portal.uern.br\/natal\/wp-json\/wp\/v2\/media?parent=1321"}],"curies":[{"name":"wp","href":"https:\/\/api.w.org\/{rel}","templated":true}]}}