{"id":1292,"date":"2025-07-25T11:49:12","date_gmt":"2025-07-25T14:49:12","guid":{"rendered":"https:\/\/portal.uern.br\/natal\/?page_id=1292"},"modified":"2025-07-25T11:49:12","modified_gmt":"2025-07-25T14:49:12","slug":"dti-divisao-de-tecnologia-da-informacao","status":"publish","type":"page","link":"https:\/\/portal.uern.br\/natal\/dti-divisao-de-tecnologia-da-informacao\/","title":{"rendered":"DTI &#8211; Divis\u00e3o de Tecnologia da Informa\u00e7\u00e3o"},"content":{"rendered":"<p>&nbsp;<\/p>\n<p><strong>Descri\u00e7\u00e3o<\/strong>:<\/p>\n<p>A DTI (Divis\u00e3o de Tecnologia da Informa\u00e7\u00e3o) est\u00e1 ligada a Dire\u00e7\u00e3o do Campus Avan\u00e7ado Natal e \u00e9 um bra\u00e7o da STI (Superintend\u00eancia de Tecnologia da Informa\u00e7\u00e3o). A DTI abrange desde a gest\u00e3o da infraestrutura essencial, como redes e servidores, at\u00e9 a supervis\u00e3o e manuten\u00e7\u00e3o de sistemas acad\u00eamicos e administrativos. A equipe da DTI presta suporte t\u00e9cnico vital a toda a comunidade, garantindo que usu\u00e1rios, professores e alunos consigam utilizar as ferramentas digitais sem impedimentos.<\/p>\n<p>&nbsp;<\/p>\n<p><strong><span style=\"font-size: 14pt\">Hor\u00e1rio de funcionamento<\/span>:<\/strong><\/p>\n<p>Segunda: 7h \u00e0s 19h<\/p>\n<p>Ter\u00e7a: 7h \u00e0s 19h<\/p>\n<p>Quarta: 7h \u00e0s 19h<\/p>\n<p>Quinta: 7h \u00e0s 19h<\/p>\n<p>Sexta: 7h \u00e0s 19h<\/p>\n<p>&nbsp;<\/p>\n<p><span style=\"font-size: 14pt\"><strong>Contato principal<\/strong>:<\/span><\/p>\n<p><a href=\"mailto:dti.can@uern.br\">dti.can@uern.br<\/a><\/p>\n<p>&nbsp;<\/p>\n<p><span style=\"font-size: 14pt\"><strong>Equipe<\/strong>: <\/span><\/p>\n<p><strong>I\u00e9ber Santos de Moura <\/strong><\/p>\n<p>Cargo\/Fun\u00e7\u00e3o: Analista de Sistemas, Chefe da Divis\u00e3o de Tecnologia da Informa\u00e7\u00e3o<\/p>\n<p><a href=\"mailto:iebermoura@uern.br\">iebermoura@uern.br <\/a><\/p>\n<p><strong>Janaina Saionara Rodrigues de Oliveira <\/strong><\/p>\n<p>Cargo\/Fun\u00e7\u00e3o: T\u00e9cnica de laborat\u00f3rio de inform\u00e1tica<\/p>\n<p style=\"text-align: left\"><a href=\"mailto:janainasaionara@uern.br\">janainasaionara@uern.br <\/a><\/p>\n<p><strong>Leonardo de Barros e Silva <\/strong><\/p>\n<p>Cargo\/Fun\u00e7\u00e3o: Analista de Sistemas<\/p>\n<p><a href=\"mailto:leonardobarros@uern.br\">leonardobarros@uern.br<\/a><\/p>\n<p><strong>Mateus Gomes Neri<\/strong><\/p>\n<p>Cargo: Estagi\u00e1rio do curso de Ci\u00eancia da Computa\u00e7\u00e3o da UERN-Natal<\/p>\n<p><a href=\"mailto:mateus20240011937@alu.uern.br\">mateus20240011937@alu.uern.br <\/a><\/p>\n<p><strong>Lucas Bezerra de Lima <\/strong><\/p>\n<p>Cargo: Estagi\u00e1rio do curso de Ci\u00eancia da Computa\u00e7\u00e3o da UERN-Natal<\/p>\n<p><a href=\"mailto:lucas20240021666@alu.uern.br\">lucas20240021666@alu.uern.br<\/a><\/p>\n<p>&nbsp;<\/p>\n<p><span style=\"font-size: 14pt\"><strong>Local<\/strong><\/span>:<\/p>\n<p>Campus de Natal &#8211; pr\u00e9dio sede &#8211; sala 230 do segundo andar.<\/p>\n<p>&nbsp;<\/p>\n<p><span style=\"font-size: 14pt\"><strong>Endere\u00e7o<\/strong><\/span>:<\/p>\n<p>Avenida Dr. Jo\u00e3o Medeiros Filho, 3419, Potengi, Natal, RN, CEP: 59120-555.<\/p>\n<p>&nbsp;<\/p>\n<p>&nbsp;<\/p>\n<p>&nbsp;<\/p>\n","protected":false},"excerpt":{"rendered":"<p>&nbsp; Descri\u00e7\u00e3o: A DTI (Divis\u00e3o de Tecnologia da Informa\u00e7\u00e3o) est\u00e1 ligada a Dire\u00e7\u00e3o do Campus Avan\u00e7ado Natal e \u00e9 um bra\u00e7o da STI (Superintend\u00eancia de Tecnologia da Informa\u00e7\u00e3o). A DTI abrange desde a gest\u00e3o da infraestrutura essencial, como redes e servidores, at\u00e9 a supervis\u00e3o e manuten\u00e7\u00e3o de sistemas acad\u00eamicos e administrativos. A equipe da DTI [&hellip;]<\/p>\n","protected":false},"author":14,"featured_media":0,"parent":0,"menu_order":0,"comment_status":"closed","ping_status":"closed","template":"","meta":{"footnotes":""},"class_list":["post-1292","page","type-page","status-publish","hentry"],"_links":{"self":[{"href":"https:\/\/portal.uern.br\/natal\/wp-json\/wp\/v2\/pages\/1292","targetHints":{"allow":["GET"]}}],"collection":[{"href":"https:\/\/portal.uern.br\/natal\/wp-json\/wp\/v2\/pages"}],"about":[{"href":"https:\/\/portal.uern.br\/natal\/wp-json\/wp\/v2\/types\/page"}],"author":[{"embeddable":true,"href":"https:\/\/portal.uern.br\/natal\/wp-json\/wp\/v2\/users\/14"}],"replies":[{"embeddable":true,"href":"https:\/\/portal.uern.br\/natal\/wp-json\/wp\/v2\/comments?post=1292"}],"version-history":[{"count":2,"href":"https:\/\/portal.uern.br\/natal\/wp-json\/wp\/v2\/pages\/1292\/revisions"}],"predecessor-version":[{"id":1294,"href":"https:\/\/portal.uern.br\/natal\/wp-json\/wp\/v2\/pages\/1292\/revisions\/1294"}],"wp:attachment":[{"href":"https:\/\/portal.uern.br\/natal\/wp-json\/wp\/v2\/media?parent=1292"}],"curies":[{"name":"wp","href":"https:\/\/api.w.org\/{rel}","templated":true}]}}