{"id":1292,"date":"2024-05-16T15:37:24","date_gmt":"2024-05-16T18:37:24","guid":{"rendered":"https:\/\/portal.uern.br\/natal\/turismo\/?page_id=1292"},"modified":"2025-08-15T23:53:24","modified_gmt":"2025-08-16T02:53:24","slug":"projetos-de-ensino","status":"publish","type":"page","link":"https:\/\/portal.uern.br\/natal\/turismo\/projetos-de-ensino\/","title":{"rendered":"Projetos de Ensino"},"content":{"rendered":"<p><span style=\"color: #000080\">CANTATUR<\/span>, coordenado pela docente Marilene Campos Dias do R\u00eago;<\/p>\n<p><span style=\"color: #000080\">CAPACITUR &#8211; PALESTRAS DE CAPACITA\u00c7\u00c3O E ORIENTA\u00c7\u00c3O SOBRE O MERCADO DE<\/span><br \/>\n<span style=\"color: #000080\">TRABALHO EM TURISMO<\/span>, coordenado pela docente Mar\u00edlia Medeiros Soares;<\/p>\n<p><span style=\"color: #000080\">CONEX\u00c3O TURISMO &#8211; PODCASTS DO CURSO DE TURISMO\/CAN<\/span>, coordenado pela docente<br \/>\nJana\u00edna Mikarla Dantas da Costa;<\/p>\n<p><span style=\"color: #000080\">EDUCA\u00c7\u00c3O EMPREENDEDORA NA ZONA NORTE DE NATAL\/RN<\/span>, coordenado pelo docente Jo\u00e3o<br \/>\nBatista de Freitas;<\/p>\n<p><span style=\"color: #000080\">ELABORA\u00c7\u00c3O DE TRABALHO CIENT\u00cdFICO COM USO DO SOFTWARE WORD,<\/span> coordenado pelo<br \/>\ndocente Alc\u00eado Pinheiro Galv\u00e3o.<\/p>\n<p><span style=\"color: #000080\">ESTAT\u00cdSTICA APLICADA AO TURISMO COM USO DO EXCEL<\/span>, coordenado pelo docente Ant\u00f4nio<br \/>\nRufino da Costa;<\/p>\n<p><span style=\"color: #000080\">GEOROTEIROS &#8211; ENSINO E DIVULGA\u00c7\u00c3O DE CI\u00caNCIAS POR MEIO DE REDE SOCIAL<\/span>,<br \/>\ncoordenado pela docente Silvana Praxedes de Paiva Gurgel;<\/p>\n<p><span style=\"color: #000080\">INOVA\u00c7\u00c3O E CRIATIVIDADE: PEGADAS E FUTUROS PASSOS DO CAMINHO PARA A<\/span><br \/>\n<span style=\"color: #000080\">CONSTRU\u00c7\u00c3O DE UMA IDENTIDADE PROFISSIONAL DOCENTE<\/span>, coordenado pela docente Jarileide Cipriano da Silva Nasi;<\/p>\n<p><span style=\"color: #000080\">INVENT\u00c1RIO DA OFERTA TUR\u00cdSTICA<\/span>, coordenado pela docente Tatiana Moritz;<\/p>\n<p><span style=\"color: #000080\">JARDIM SENSORIAL<\/span>, coordenado pela docente Jarileide Cipriano da Silva Nasi;<\/p>\n<p><span style=\"color: #000080\">MEMORIAL DO IMAGIN\u00c1RIO POTIGUAR<\/span>, coordenado pela docente Jarileide Cipriano da Silva Nasi;<\/p>\n<p><span style=\"color: #000080\">N\u00daCLEO DE EVENTOS<\/span>, coordenado pela docente Tatiana Moritz;<\/p>\n<p><span style=\"color: #000080\">T\u00d3PICOS DE GRAM\u00c1TICA E PRODU\u00c7\u00c3O TEXTUAL NA GRADUA\u00c7\u00c3O<\/span>, coordenado pela docente<br \/>\nIzabel Cristina da Costa Bezerra de Oliveira;<\/p>\n<p><span style=\"color: #000080\">TRINUS \u2013 AG\u00caNCIA DE VIAGENS EXPERIMENTAL<\/span>, coordenado pela docente Michele Galdino<br \/>\nC\u00e2mara Signoretti;<\/p>\n<p><span style=\"color: #000080\">TURISMO E INTERDISCIPLINARIEDADE<\/span>, coordenado pelo docente Augusto Carlos Avelino T.<br \/>\nCarvalho;<\/p>\n<p><span style=\"color: #000080\">TURISMO NA REDE<\/span>, coordenado pela docente Michele Galdino C\u00e2mara Signoretti;<\/p>\n","protected":false},"excerpt":{"rendered":"<p>CANTATUR, coordenado pela docente Marilene Campos Dias do R\u00eago; CAPACITUR &#8211; PALESTRAS DE CAPACITA\u00c7\u00c3O E ORIENTA\u00c7\u00c3O SOBRE O MERCADO DE TRABALHO EM TURISMO, coordenado pela docente Mar\u00edlia Medeiros Soares; CONEX\u00c3O TURISMO &#8211; PODCASTS DO CURSO DE TURISMO\/CAN, coordenado pela docente Jana\u00edna Mikarla Dantas da Costa; EDUCA\u00c7\u00c3O EMPREENDEDORA NA ZONA NORTE DE NATAL\/RN, coordenado pelo docente [&hellip;]<\/p>\n","protected":false},"author":7,"featured_media":0,"parent":0,"menu_order":0,"comment_status":"closed","ping_status":"closed","template":"","meta":{"footnotes":""},"class_list":["post-1292","page","type-page","status-publish","hentry"],"_links":{"self":[{"href":"https:\/\/portal.uern.br\/natal\/turismo\/wp-json\/wp\/v2\/pages\/1292","targetHints":{"allow":["GET"]}}],"collection":[{"href":"https:\/\/portal.uern.br\/natal\/turismo\/wp-json\/wp\/v2\/pages"}],"about":[{"href":"https:\/\/portal.uern.br\/natal\/turismo\/wp-json\/wp\/v2\/types\/page"}],"author":[{"embeddable":true,"href":"https:\/\/portal.uern.br\/natal\/turismo\/wp-json\/wp\/v2\/users\/7"}],"replies":[{"embeddable":true,"href":"https:\/\/portal.uern.br\/natal\/turismo\/wp-json\/wp\/v2\/comments?post=1292"}],"version-history":[{"count":3,"href":"https:\/\/portal.uern.br\/natal\/turismo\/wp-json\/wp\/v2\/pages\/1292\/revisions"}],"predecessor-version":[{"id":1496,"href":"https:\/\/portal.uern.br\/natal\/turismo\/wp-json\/wp\/v2\/pages\/1292\/revisions\/1496"}],"wp:attachment":[{"href":"https:\/\/portal.uern.br\/natal\/turismo\/wp-json\/wp\/v2\/media?parent=1292"}],"curies":[{"name":"wp","href":"https:\/\/api.w.org\/{rel}","templated":true}]}}