{"id":635,"date":"2023-02-05T21:29:45","date_gmt":"2023-02-06T00:29:45","guid":{"rendered":"https:\/\/portal.uern.br\/natal\/direito\/?page_id=635"},"modified":"2026-04-06T08:21:27","modified_gmt":"2026-04-06T11:21:27","slug":"coordenacao-e-contatos","status":"publish","type":"page","link":"https:\/\/portal.uern.br\/natal\/direito\/coordenacao-e-contatos\/","title":{"rendered":"Coordena\u00e7\u00e3o e contatos"},"content":{"rendered":"<p><strong>Chefe do departamento:<\/strong> <span style=\"color: #800000\">Prof. Dr. Glauber de Lucena Cordeiro<\/span><\/p>\n<p><strong>Vice:<\/strong> Prof. Dr. Dijosete Ver\u00edssimo da Costa Jr.<\/p>\n<p><strong>Contatos:<\/strong><\/p>\n<p><em>E-mail<\/em>\/<em>Google chat<\/em>: <span style=\"color: #800000\">direito_natal@uern.br\u00a0<\/span><\/p>\n<p>Telefone: <span style=\"color: #800000\"><span style=\"color: #f57a7a\">(84)3232.3554<\/span> (temporariamente indispon\u00edvel)<\/span><\/p>\n<p><a href=\"https:\/\/maps.app.goo.gl\/BGRszBMMo1HUXkcT9?g_st=ac\">\ud83d\udccc\u00a0Localiza\u00e7\u00e3o<\/a><\/p>\n<p>&nbsp;<\/p>\n<hr \/>\n<p>&nbsp;<\/p>\n<p><img fetchpriority=\"high\" decoding=\"async\" class=\"\" src=\"https:\/\/portal.uern.br\/natal\/direito\/wp-content\/uploads\/sites\/10\/2026\/04\/Aviso-modelo-2.png\" width=\"344\" height=\"344\" \/><\/p>\n<p>Secretaria\/Coordena\u00e7\u00e3o do curso\/Orienta\u00e7\u00e3o acad\u00eamica: <strong>direito_natal@uern.br<\/strong><\/p>\n<p>Dire\u00e7\u00e3o do Campus de Natal: <strong>natal@uern.br<\/strong><\/p>\n<p>Para informa\u00e7\u00f5es sobre a Especializa\u00e7\u00e3o em Direito Previdenci\u00e1rio: <strong>direitoprevidenciario@especializacao.uern.br<\/strong><\/p>\n<p>Para informa\u00e7\u00f5es sobre o curso de Seguran\u00e7a P\u00fablica EaD: <strong>segurancapublica.can@uern.br<\/strong><\/p>\n<p>Para atualiza\u00e7\u00e3o da carteirinha de estudante: envie seu comprovante de v\u00ednculo para <strong>natal@uern.br<\/strong><\/p>\n<p>Biblioteca do Campus de Natal: <strong>natal@biblioteca.uern.br<\/strong><\/p>\n<p>Suporte para acesso ao email institucional: <strong>suporte.email@uern.br\u00a0<\/strong><\/p>\n<p>Setor de est\u00e1gios n\u00e3o-obrigat\u00f3rios: <strong>sec.prae@uern.br \/ <a href=\"https:\/\/portal.uern.br\/natal\/direito\/estagio-nao-obrigatorio\/\">https:\/\/portal.uern.br\/natal\/direito\/estagio-nao-obrigatorio\/<\/a><\/strong><\/p>\n<p>Para informes sobre o recebimento do diploma f\u00edsico ap\u00f3s cola\u00e7\u00e3o de grau, contate: <strong>natal@uern.br<\/strong><\/p>\n<p>Ouvidoria do Campus de Natal: <strong>ouvidoria.can@uern.br<\/strong><\/p>\n<p>Setor de admiss\u00e3o acad\u00eamica (para d\u00favidas sobre as chamadas do SISU): <strong>admissao.dirca@uern.br<\/strong><\/p>\n","protected":false},"excerpt":{"rendered":"<p>Chefe do departamento: Prof. Dr. Glauber de Lucena Cordeiro Vice: Prof. Dr. Dijosete Ver\u00edssimo da Costa Jr. Contatos: E-mail\/Google chat: direito_natal@uern.br\u00a0 Telefone: (84)3232.3554 (temporariamente indispon\u00edvel) \ud83d\udccc\u00a0Localiza\u00e7\u00e3o &nbsp; &nbsp; Secretaria\/Coordena\u00e7\u00e3o do curso\/Orienta\u00e7\u00e3o acad\u00eamica: direito_natal@uern.br Dire\u00e7\u00e3o do Campus de Natal: natal@uern.br Para informa\u00e7\u00f5es sobre a Especializa\u00e7\u00e3o em Direito Previdenci\u00e1rio: direitoprevidenciario@especializacao.uern.br Para informa\u00e7\u00f5es sobre o curso de Seguran\u00e7a [&hellip;]<\/p>\n","protected":false},"author":10,"featured_media":0,"parent":0,"menu_order":0,"comment_status":"closed","ping_status":"closed","template":"elementor_theme","meta":{"footnotes":""},"class_list":["post-635","page","type-page","status-publish","hentry"],"_links":{"self":[{"href":"https:\/\/portal.uern.br\/natal\/direito\/wp-json\/wp\/v2\/pages\/635","targetHints":{"allow":["GET"]}}],"collection":[{"href":"https:\/\/portal.uern.br\/natal\/direito\/wp-json\/wp\/v2\/pages"}],"about":[{"href":"https:\/\/portal.uern.br\/natal\/direito\/wp-json\/wp\/v2\/types\/page"}],"author":[{"embeddable":true,"href":"https:\/\/portal.uern.br\/natal\/direito\/wp-json\/wp\/v2\/users\/10"}],"replies":[{"embeddable":true,"href":"https:\/\/portal.uern.br\/natal\/direito\/wp-json\/wp\/v2\/comments?post=635"}],"version-history":[{"count":18,"href":"https:\/\/portal.uern.br\/natal\/direito\/wp-json\/wp\/v2\/pages\/635\/revisions"}],"predecessor-version":[{"id":1106,"href":"https:\/\/portal.uern.br\/natal\/direito\/wp-json\/wp\/v2\/pages\/635\/revisions\/1106"}],"wp:attachment":[{"href":"https:\/\/portal.uern.br\/natal\/direito\/wp-json\/wp\/v2\/media?parent=635"}],"curies":[{"name":"wp","href":"https:\/\/api.w.org\/{rel}","templated":true}]}}