{"id":1029,"date":"2026-03-06T08:50:44","date_gmt":"2026-03-06T11:50:44","guid":{"rendered":"https:\/\/portal.uern.br\/natal\/direito\/?page_id=1029"},"modified":"2026-03-06T12:29:31","modified_gmt":"2026-03-06T15:29:31","slug":"legislacao-interna-e-externa","status":"publish","type":"page","link":"https:\/\/portal.uern.br\/natal\/direito\/apresentacao\/legislacao-interna-e-externa\/","title":{"rendered":"Legisla\u00e7\u00e3o interna e externa"},"content":{"rendered":"<p>Renova\u00e7\u00e3o do reconhecimento do Curso de Gradua\u00e7\u00e3o em Direito \u2013 Bacharelado, do Campus de Natal: <a href=\"https:\/\/portal.uern.br\/proeg\/wp-content\/uploads\/2025\/05\/DECRETO-No-34.545-de-08-de-maio-de-2025-Ren.-Rec.-Direito-Bach.-Campus-de-Natal.pdf\">DECRETO N\u00ba 34.545, DE 08 DE MAIO DE 2025<\/a>.<\/p>\n<p><a href=\"https:\/\/portal.uern.br\/wp-content\/uploads\/2022\/02\/UERN-Regimento-Geral-2022.pdf\">Regimento Geral da UERN<\/a><\/p>\n<p><a href=\"https:\/\/www.uern.br\/controledepaginas\/filosofia-caico-regimento-curso\/arquivos\/2054rcg_novo_revoga_a_resolucao_5.2014_consepe.pdf\">Regulamento dos Cursos de gradua\u00e7\u00e3o (RCG) da UERN<\/a><\/p>\n","protected":false},"excerpt":{"rendered":"<p>Renova\u00e7\u00e3o do reconhecimento do Curso de Gradua\u00e7\u00e3o em Direito \u2013 Bacharelado, do Campus de Natal: DECRETO N\u00ba 34.545, DE 08 DE MAIO DE 2025. Regimento Geral da UERN Regulamento dos Cursos de gradua\u00e7\u00e3o (RCG) da UERN<\/p>\n","protected":false},"author":10,"featured_media":0,"parent":286,"menu_order":6,"comment_status":"closed","ping_status":"closed","template":"elementor_theme","meta":{"footnotes":""},"class_list":["post-1029","page","type-page","status-publish","hentry"],"_links":{"self":[{"href":"https:\/\/portal.uern.br\/natal\/direito\/wp-json\/wp\/v2\/pages\/1029","targetHints":{"allow":["GET"]}}],"collection":[{"href":"https:\/\/portal.uern.br\/natal\/direito\/wp-json\/wp\/v2\/pages"}],"about":[{"href":"https:\/\/portal.uern.br\/natal\/direito\/wp-json\/wp\/v2\/types\/page"}],"author":[{"embeddable":true,"href":"https:\/\/portal.uern.br\/natal\/direito\/wp-json\/wp\/v2\/users\/10"}],"replies":[{"embeddable":true,"href":"https:\/\/portal.uern.br\/natal\/direito\/wp-json\/wp\/v2\/comments?post=1029"}],"version-history":[{"count":1,"href":"https:\/\/portal.uern.br\/natal\/direito\/wp-json\/wp\/v2\/pages\/1029\/revisions"}],"predecessor-version":[{"id":1031,"href":"https:\/\/portal.uern.br\/natal\/direito\/wp-json\/wp\/v2\/pages\/1029\/revisions\/1031"}],"up":[{"embeddable":true,"href":"https:\/\/portal.uern.br\/natal\/direito\/wp-json\/wp\/v2\/pages\/286"}],"wp:attachment":[{"href":"https:\/\/portal.uern.br\/natal\/direito\/wp-json\/wp\/v2\/media?parent=1029"}],"curies":[{"name":"wp","href":"https:\/\/api.w.org\/{rel}","templated":true}]}}