{"id":1026,"date":"2026-03-06T08:48:07","date_gmt":"2026-03-06T11:48:07","guid":{"rendered":"https:\/\/portal.uern.br\/natal\/direito\/?page_id=1026"},"modified":"2026-03-06T12:29:40","modified_gmt":"2026-03-06T15:29:40","slug":"normas-para-entrega-do-tcc-graduacao","status":"publish","type":"page","link":"https:\/\/portal.uern.br\/natal\/direito\/apresentacao\/normas-para-entrega-do-tcc-graduacao\/","title":{"rendered":"Normas para entrega do TCC (gradua\u00e7\u00e3o)"},"content":{"rendered":"<h1 class=\"western\">Normas para entrega do TCC (gradua\u00e7\u00e3o)<\/h1>\n<p>Ap\u00f3s a defesa do TCC e a realiza\u00e7\u00e3o dos ajustes sugeridos pela banca examinadora, o(a) discente deve enviar a vers\u00e3o final do trabalho em um \u00fanico arquivo PDF para a secretaria do curso (direito_natal@uern.br), observando o seguinte:<\/p>\n<p><b>1 \u2013<\/b>\u00a0A vers\u00e3o final do\u00a0TCC\u00a0(monografia ou artigo cient\u00edfico) deve estar de acordo com as normas da ABNT e do\u00a0<a href=\"https:\/\/portal.uern.br\/dsib\/wp-content\/uploads\/sites\/2\/2025\/09\/MANUAL-DE-NORMALIZACAO-SIBUERN-2025.3.pdf\" target=\"_blank\" rel=\"noopener\">Manual de normaliza\u00e7\u00e3o de trabalhos acad\u00eamicos da Uern<\/a>, e\u00a0deve conter\u00a0<b>obrigatoriamente, dentro do pr\u00f3prio arquivo do TCC:<\/b><\/p>\n<p><b>a) Ficha catalogr\u00e1fica (gerada pelo <a href=\"https:\/\/fichacat-biblioteca.apps.uern.br\/#!\/\" target=\"_blank\" rel=\"noopener\">m\u00f3dulo da Uern \u2013 clique aqui para acessar<\/a>).<\/b><\/p>\n<p><b>b) Folha de aprova\u00e7\u00e3o digitalizada e assinada pela banca (<a href=\"https:\/\/docs.google.com\/document\/d\/1HHygfGi5zkf2Lg3V0JG7roiZaFBD4qhcyGZZUnxt4TI\/export?format=docx\">clique aqui para baixar o modelo<\/a>);<\/b><\/p>\n<p>&nbsp;<\/p>\n<p><b>2 \u2013 <\/b>Em arquivo separado, enviar\u00a0o\u00a0<b>Termo de Autoriza\u00e7\u00e3o\u00a0<\/b>preenchido e assinado, <u>(<a href=\"https:\/\/docs.google.com\/document\/d\/1Kq2P7jzWj1E7i7tFXD7nx7iDbFQa73zX\/export?format=docx\">clique aqui para baixar<\/a>)<\/u>.<\/p>\n<p><span style=\"color: #ff0000\"><b>OBSERVA\u00c7\u00c3O 1<\/b><\/span>: N\u00e3o confundir folha de aprova\u00e7\u00e3o com a ata da defesa. A ata \u00e9 providenciada pelo(a) orientador(a), e n\u00e3o deve constar no corpo do texto do TCC.<\/p>\n<p><span style=\"color: #ff0000\"><b>OBSERVA\u00c7\u00c3O 2<\/b><\/span>: Alunos\/as ou orientadores\/as\u00a0<span style=\"color: #ff0000\"><b>n\u00e3o\u00a0devem<\/b><\/span><span style=\"color: #ff0000\">\u00a0enviar documentos\/TCCs \u00e0\u00a0biblioteca<\/span>. O envio de TCCs e qualquer outro documento \u00e0\u00a0biblioteca\u00a0<u>\u00e9 realizado pelo departamento<\/u>, ap\u00f3s a finaliza\u00e7\u00e3o de todas as defesas do semestre.<\/p>\n<p><span style=\"color: #f7f5f5\">.<\/span><\/p>\n<p><strong><a href=\"https:\/\/docs.google.com\/document\/d\/1y9hPW33uH-EqOqNMPHBe83xG_VitUcW4B2Tjtt0YCj8\/export?format=docx\">Modelo de ata de defesa<\/a><\/strong>, a ser enviada \u00e0 secretaria do curso (direito_natal@uern.br) pelo(a) orientador(a), devidamente preenchida com a data da defesa, t\u00edtulo e nota do trabalho, nome completo e assinaturas da banca examinadora.<\/p>\n","protected":false},"excerpt":{"rendered":"<p>Normas para entrega do TCC (gradua\u00e7\u00e3o) Ap\u00f3s a defesa do TCC e a realiza\u00e7\u00e3o dos ajustes sugeridos pela banca examinadora, o(a) discente deve enviar a vers\u00e3o final do trabalho em um \u00fanico arquivo PDF para a secretaria do curso (direito_natal@uern.br), observando o seguinte: 1 \u2013\u00a0A vers\u00e3o final do\u00a0TCC\u00a0(monografia ou artigo cient\u00edfico) deve estar de acordo [&hellip;]<\/p>\n","protected":false},"author":10,"featured_media":0,"parent":286,"menu_order":7,"comment_status":"closed","ping_status":"closed","template":"elementor_theme","meta":{"footnotes":""},"class_list":["post-1026","page","type-page","status-publish","hentry"],"_links":{"self":[{"href":"https:\/\/portal.uern.br\/natal\/direito\/wp-json\/wp\/v2\/pages\/1026","targetHints":{"allow":["GET"]}}],"collection":[{"href":"https:\/\/portal.uern.br\/natal\/direito\/wp-json\/wp\/v2\/pages"}],"about":[{"href":"https:\/\/portal.uern.br\/natal\/direito\/wp-json\/wp\/v2\/types\/page"}],"author":[{"embeddable":true,"href":"https:\/\/portal.uern.br\/natal\/direito\/wp-json\/wp\/v2\/users\/10"}],"replies":[{"embeddable":true,"href":"https:\/\/portal.uern.br\/natal\/direito\/wp-json\/wp\/v2\/comments?post=1026"}],"version-history":[{"count":1,"href":"https:\/\/portal.uern.br\/natal\/direito\/wp-json\/wp\/v2\/pages\/1026\/revisions"}],"predecessor-version":[{"id":1028,"href":"https:\/\/portal.uern.br\/natal\/direito\/wp-json\/wp\/v2\/pages\/1026\/revisions\/1028"}],"up":[{"embeddable":true,"href":"https:\/\/portal.uern.br\/natal\/direito\/wp-json\/wp\/v2\/pages\/286"}],"wp:attachment":[{"href":"https:\/\/portal.uern.br\/natal\/direito\/wp-json\/wp\/v2\/media?parent=1026"}],"curies":[{"name":"wp","href":"https:\/\/api.w.org\/{rel}","templated":true}]}}