{"id":56,"date":"2022-11-04T14:27:08","date_gmt":"2022-11-04T17:27:08","guid":{"rendered":"https:\/\/paisdemossoro.com.br\/wordpress\/natal\/dct\/?page_id=56"},"modified":"2023-02-23T14:06:31","modified_gmt":"2023-02-23T17:06:31","slug":"geracao-de-hidrogenio-para-cozimento-de-alimentos","status":"publish","type":"page","link":"https:\/\/portal.uern.br\/natal\/dct\/geracao-de-hidrogenio-para-cozimento-de-alimentos\/","title":{"rendered":"Gera\u00e7\u00e3o de hidrog\u00eanio para cozimento de alimentos"},"content":{"rendered":"<p><strong>Coordenador<\/strong><\/p>\n<p>Prof\u00aa. Dr. Brismark G\u00f3es da Rocha<\/p>\n","protected":false},"excerpt":{"rendered":"<p>Coordenador Prof\u00aa. Dr. Brismark G\u00f3es da Rocha<\/p>\n","protected":false},"author":1,"featured_media":0,"parent":0,"menu_order":0,"comment_status":"closed","ping_status":"closed","template":"","meta":{"footnotes":""},"class_list":["post-56","page","type-page","status-publish","hentry"],"_links":{"self":[{"href":"https:\/\/portal.uern.br\/natal\/dct\/wp-json\/wp\/v2\/pages\/56","targetHints":{"allow":["GET"]}}],"collection":[{"href":"https:\/\/portal.uern.br\/natal\/dct\/wp-json\/wp\/v2\/pages"}],"about":[{"href":"https:\/\/portal.uern.br\/natal\/dct\/wp-json\/wp\/v2\/types\/page"}],"author":[{"embeddable":true,"href":"https:\/\/portal.uern.br\/natal\/dct\/wp-json\/wp\/v2\/users\/1"}],"replies":[{"embeddable":true,"href":"https:\/\/portal.uern.br\/natal\/dct\/wp-json\/wp\/v2\/comments?post=56"}],"version-history":[{"count":1,"href":"https:\/\/portal.uern.br\/natal\/dct\/wp-json\/wp\/v2\/pages\/56\/revisions"}],"predecessor-version":[{"id":57,"href":"https:\/\/portal.uern.br\/natal\/dct\/wp-json\/wp\/v2\/pages\/56\/revisions\/57"}],"wp:attachment":[{"href":"https:\/\/portal.uern.br\/natal\/dct\/wp-json\/wp\/v2\/media?parent=56"}],"curies":[{"name":"wp","href":"https:\/\/api.w.org\/{rel}","templated":true}]}}