{"id":15,"date":"2022-11-04T14:20:15","date_gmt":"2022-11-04T17:20:15","guid":{"rendered":"https:\/\/paisdemossoro.com.br\/wordpress\/natal\/dct\/?page_id=15"},"modified":"2023-02-23T14:07:31","modified_gmt":"2023-02-23T17:07:31","slug":"o-centro-academico","status":"publish","type":"page","link":"https:\/\/portal.uern.br\/natal\/dct\/o-centro-academico\/","title":{"rendered":"O Centro Acad\u00eamico"},"content":{"rendered":"<p>O Centro Acad\u00eamico Enedina Alves Marques \u00e9 uma entidade estudantil que representa os alunos do Bacharelado em Ci\u00eancias e Tecnologia da Universidade do Estado do Rio Grande do Norte \u2013 Campus Avan\u00e7ado de Natal. O CAEAM foi fundado em junho do ano de 2019 e, desde ent\u00e3o, carrega o nome da primeira mulher negra a se formar em um curso engenharia no Brasil, como tamb\u00e9m, incorporamos as vontades e os desejos dos estudantes representados. A sele\u00e7\u00e3o de todos os integrantes do Centro Acad\u00eamico \u00e9 feita democraticamente atrav\u00e9s de elei\u00e7\u00f5es anuais e qualquer aluno, vinculado a institui\u00e7\u00e3o e devidamente matriculado, poder\u00e1 se candidatar. O CAEAM atua de maneira integrada ao Diret\u00f3rio Acad\u00eamico Darcy Ribeiro buscando proporcionar uma melhor viv\u00eancia dos alunos dentro da universidade. \u00c9 de nossa responsabilidade promover eventos que possam fornecer conhecimento cient\u00edfico e cultural para os alunos ( palestras, minicursos, debates, encontros, calourada, etc ). Como tamb\u00e9m, receber reclama\u00e7\u00f5es sobre o curso e\/ou a institui\u00e7\u00e3o de ensino e buscar solucion\u00e1-los perante a dire\u00e7\u00e3o do Campus e em favor do aluno.<\/p>\n","protected":false},"excerpt":{"rendered":"<p>O Centro Acad\u00eamico Enedina Alves Marques \u00e9 uma entidade estudantil que representa os alunos do Bacharelado em Ci\u00eancias e Tecnologia da Universidade do Estado do Rio Grande do Norte \u2013 Campus Avan\u00e7ado de Natal. O CAEAM foi fundado em junho do ano de 2019 e, desde ent\u00e3o, carrega o nome da primeira mulher negra a [&hellip;]<\/p>\n","protected":false},"author":1,"featured_media":0,"parent":0,"menu_order":0,"comment_status":"closed","ping_status":"closed","template":"","meta":{"footnotes":""},"class_list":["post-15","page","type-page","status-publish","hentry"],"_links":{"self":[{"href":"https:\/\/portal.uern.br\/natal\/dct\/wp-json\/wp\/v2\/pages\/15","targetHints":{"allow":["GET"]}}],"collection":[{"href":"https:\/\/portal.uern.br\/natal\/dct\/wp-json\/wp\/v2\/pages"}],"about":[{"href":"https:\/\/portal.uern.br\/natal\/dct\/wp-json\/wp\/v2\/types\/page"}],"author":[{"embeddable":true,"href":"https:\/\/portal.uern.br\/natal\/dct\/wp-json\/wp\/v2\/users\/1"}],"replies":[{"embeddable":true,"href":"https:\/\/portal.uern.br\/natal\/dct\/wp-json\/wp\/v2\/comments?post=15"}],"version-history":[{"count":1,"href":"https:\/\/portal.uern.br\/natal\/dct\/wp-json\/wp\/v2\/pages\/15\/revisions"}],"predecessor-version":[{"id":16,"href":"https:\/\/portal.uern.br\/natal\/dct\/wp-json\/wp\/v2\/pages\/15\/revisions\/16"}],"wp:attachment":[{"href":"https:\/\/portal.uern.br\/natal\/dct\/wp-json\/wp\/v2\/media?parent=15"}],"curies":[{"name":"wp","href":"https:\/\/api.w.org\/{rel}","templated":true}]}}

O Centro Acadêmico

<p>O Centro Acadêmico Enedina Alves Marques é uma entidade estudantil que representa os alunos do Bacharelado em Ciências e Tecnologia da Universidade do Estado do Rio Grande do Norte – Campus Avançado de Natal. O CAEAM foi fundado em junho do ano de 2019 e, desde então, carrega o nome da primeira mulher negra a se formar em um curso engenharia no Brasil, como também, incorporamos as vontades e os desejos dos estudantes representados. A seleção de todos os integrantes do Centro Acadêmico é feita democraticamente através de eleições anuais e qualquer aluno, vinculado a instituição e devidamente matriculado, poderá se candidatar. O CAEAM atua de maneira integrada ao Diretório Acadêmico Darcy Ribeiro buscando proporcionar uma melhor vivência dos alunos dentro da universidade. É de nossa responsabilidade promover eventos que possam fornecer conhecimento científico e cultural para os alunos ( palestras, minicursos, debates, encontros, calourada, etc ). Como também, receber reclamações sobre o curso e/ou a instituição de ensino e buscar solucioná-los perante a direção do Campus e em favor do aluno.</p>

<p>O Centro Acadêmico Enedina Alves Marques é uma entidade estudantil que representa os alunos do Bacharelado em Ciências e Tecnologia da Universidade do Estado do Rio Grande do Norte – Campus Avançado de Natal. O CAEAM foi fundado em junho do ano de 2019 e, desde então, carrega o nome da primeira mulher negra a [&hellip;]</p>
