{"id":9,"date":"2022-11-04T14:34:39","date_gmt":"2022-11-04T17:34:39","guid":{"rendered":"https:\/\/paisdemossoro.com.br\/wordpress\/natal\/dcr\/?page_id=9"},"modified":"2025-04-25T12:25:59","modified_gmt":"2025-04-25T15:25:59","slug":"administracao","status":"publish","type":"page","link":"https:\/\/portal.uern.br\/natal\/dcr\/administracao\/","title":{"rendered":"Administra\u00e7\u00e3o"},"content":{"rendered":"<p><strong>GEST\u00c3O 2024-2027<\/strong><\/p>\n<p>&nbsp;<\/p>\n<p><strong>Coordena\u00e7\u00e3o<\/strong><\/p>\n<p><a href=\"http:\/\/lattes.cnpq.br\/0312465506609874\">Profa. Dra. Josilene Silva da Cruz<br \/>\n<\/a><\/p>\n<p>E-mail:\u00a0 coordenacaocrnatal@uern.br<\/p>\n<p>&nbsp;<\/p>\n<p><strong>Vice-coordena\u00e7\u00e3o<\/strong><\/p>\n<p><a href=\"http:\/\/lattes.cnpq.br\/0285782531876529\">Prof. Dr. Rodson Ricardo Souza do Nascimento<\/a><\/p>\n<p>&nbsp;<\/p>\n<p><strong>Secretaria<\/strong><\/p>\n<p><a href=\"https:\/\/www.escavador.com\/sobre\/6365003\/edilza-moreira-formiga\">Edilza Moreira Formiga<\/a><\/p>\n<p>Hugo Ferreira dos Santos<\/p>\n<p>E-mail: cr_natal@uern.br<\/p>\n<p>&nbsp;<\/p>\n<p><strong>Orienta\u00e7\u00e3o Acad\u00eamica<\/strong><\/p>\n<p><a href=\"http:\/\/lattes.cnpq.br\/6130987016963937\">Profa. Dra. Irene de Ara\u00fajo Van Den Berg Silva\u00a0<\/a><\/p>\n<p>E-mail: orientacaocrnatal@uern.br<\/p>\n<p>&nbsp;<\/p>\n<p><strong>Coordena\u00e7\u00e3o de Est\u00e1gio<\/strong><\/p>\n<p><a href=\"http:\/\/lattes.cnpq.br\/6130987016963937\">Profa. Dra. Irene de Ara\u00fajo Van Den Berg Silva\u00a0<\/a><\/p>\n<p>E-mail: estagio.dcr@uern.br<\/p>\n<p>&nbsp;<\/p>\n<p><strong>Coordena\u00e7\u00e3o do N\u00facleo Docente Estruturante<\/strong><\/p>\n<p><a href=\"http:\/\/lattes.cnpq.br\/7609233224790998\">Prof. Dr. Waldney de Souza Rodrigues Costa<\/a><\/p>\n","protected":false},"excerpt":{"rendered":"<p>GEST\u00c3O 2024-2027 &nbsp; Coordena\u00e7\u00e3o Profa. Dra. Josilene Silva da Cruz E-mail:\u00a0 coordenacaocrnatal@uern.br &nbsp; Vice-coordena\u00e7\u00e3o Prof. Dr. Rodson Ricardo Souza do Nascimento &nbsp; Secretaria Edilza Moreira Formiga Hugo Ferreira dos Santos E-mail: cr_natal@uern.br &nbsp; Orienta\u00e7\u00e3o Acad\u00eamica Profa. Dra. Irene de Ara\u00fajo Van Den Berg Silva\u00a0 E-mail: orientacaocrnatal@uern.br &nbsp; Coordena\u00e7\u00e3o de Est\u00e1gio Profa. Dra. Irene de Ara\u00fajo [&hellip;]<\/p>\n","protected":false},"author":1,"featured_media":0,"parent":0,"menu_order":0,"comment_status":"closed","ping_status":"closed","template":"","meta":{"footnotes":""},"class_list":["post-9","page","type-page","status-publish","hentry"],"_links":{"self":[{"href":"https:\/\/portal.uern.br\/natal\/dcr\/wp-json\/wp\/v2\/pages\/9","targetHints":{"allow":["GET"]}}],"collection":[{"href":"https:\/\/portal.uern.br\/natal\/dcr\/wp-json\/wp\/v2\/pages"}],"about":[{"href":"https:\/\/portal.uern.br\/natal\/dcr\/wp-json\/wp\/v2\/types\/page"}],"author":[{"embeddable":true,"href":"https:\/\/portal.uern.br\/natal\/dcr\/wp-json\/wp\/v2\/users\/1"}],"replies":[{"embeddable":true,"href":"https:\/\/portal.uern.br\/natal\/dcr\/wp-json\/wp\/v2\/comments?post=9"}],"version-history":[{"count":6,"href":"https:\/\/portal.uern.br\/natal\/dcr\/wp-json\/wp\/v2\/pages\/9\/revisions"}],"predecessor-version":[{"id":789,"href":"https:\/\/portal.uern.br\/natal\/dcr\/wp-json\/wp\/v2\/pages\/9\/revisions\/789"}],"wp:attachment":[{"href":"https:\/\/portal.uern.br\/natal\/dcr\/wp-json\/wp\/v2\/media?parent=9"}],"curies":[{"name":"wp","href":"https:\/\/api.w.org\/{rel}","templated":true}]}}