{"id":456,"date":"2023-05-12T16:48:30","date_gmt":"2023-05-12T19:48:30","guid":{"rendered":"https:\/\/portal.uern.br\/natal\/dcc\/?page_id=456"},"modified":"2023-05-12T16:48:59","modified_gmt":"2023-05-12T19:48:59","slug":"chefia","status":"publish","type":"page","link":"https:\/\/portal.uern.br\/natal\/dcc\/chefia\/","title":{"rendered":"Chefia"},"content":{"rendered":"<p>Documentos relativos ao processo eleitoral para chefia e subchefia do Departamento de Ci\u00eancia da Computa\u00e7\u00e3o.<\/p>\n<p><a href=\"https:\/\/portal.uern.br\/natal\/dcc\/wp-content\/uploads\/sites\/2\/2023\/05\/Edital_Chefia.pdf\">Edital N\u00ba 03\/2023 &#8211; UERN\/CAN\/DCC &#8211; Elei\u00e7\u00e3o para chefia e subchefia do Departamento de Ci\u00eancia da Computa\u00e7\u00e3o<\/a><\/p>\n<p><a href=\"https:\/\/portal.uern.br\/natal\/dcc\/wp-content\/uploads\/sites\/2\/2023\/05\/Deferimento_das_Inscricoes_2023.pdf\">Deferimento das Inscri\u00e7\u00f5es para Edital N\u00ba 03\/2023<\/a><\/p>\n","protected":false},"excerpt":{"rendered":"<p>Documentos relativos ao processo eleitoral para chefia e subchefia do Departamento de Ci\u00eancia da Computa\u00e7\u00e3o. Edital N\u00ba 03\/2023 &#8211; UERN\/CAN\/DCC &#8211; Elei\u00e7\u00e3o para chefia e subchefia do Departamento de Ci\u00eancia da Computa\u00e7\u00e3o Deferimento das Inscri\u00e7\u00f5es para Edital N\u00ba 03\/2023<\/p>\n","protected":false},"author":2,"featured_media":0,"parent":0,"menu_order":0,"comment_status":"closed","ping_status":"closed","template":"","meta":{"footnotes":""},"class_list":["post-456","page","type-page","status-publish","hentry"],"_links":{"self":[{"href":"https:\/\/portal.uern.br\/natal\/dcc\/wp-json\/wp\/v2\/pages\/456","targetHints":{"allow":["GET"]}}],"collection":[{"href":"https:\/\/portal.uern.br\/natal\/dcc\/wp-json\/wp\/v2\/pages"}],"about":[{"href":"https:\/\/portal.uern.br\/natal\/dcc\/wp-json\/wp\/v2\/types\/page"}],"author":[{"embeddable":true,"href":"https:\/\/portal.uern.br\/natal\/dcc\/wp-json\/wp\/v2\/users\/2"}],"replies":[{"embeddable":true,"href":"https:\/\/portal.uern.br\/natal\/dcc\/wp-json\/wp\/v2\/comments?post=456"}],"version-history":[{"count":3,"href":"https:\/\/portal.uern.br\/natal\/dcc\/wp-json\/wp\/v2\/pages\/456\/revisions"}],"predecessor-version":[{"id":459,"href":"https:\/\/portal.uern.br\/natal\/dcc\/wp-json\/wp\/v2\/pages\/456\/revisions\/459"}],"wp:attachment":[{"href":"https:\/\/portal.uern.br\/natal\/dcc\/wp-json\/wp\/v2\/media?parent=456"}],"curies":[{"name":"wp","href":"https:\/\/api.w.org\/{rel}","templated":true}]}}