{"id":42,"date":"2022-11-04T14:08:55","date_gmt":"2022-11-04T17:08:55","guid":{"rendered":"https:\/\/paisdemossoro.com.br\/wordpress\/natal\/dcc\/?page_id=42"},"modified":"2023-03-24T16:20:21","modified_gmt":"2023-03-24T19:20:21","slug":"extensao","status":"publish","type":"page","link":"https:\/\/portal.uern.br\/natal\/dcc\/extensao\/","title":{"rendered":"Extens\u00e3o"},"content":{"rendered":"<p>&nbsp;<\/p>\n<p><strong>Pol\u00edtica de Extens\u00e3o<\/strong><\/p>\n<p>A atividade extensionista \u00e9 um campo de interven\u00e7\u00e3o em que se configuram o ensino e a pesquisa, oportunizando a observa\u00e7\u00e3o, a efetiva\u00e7\u00e3o de novas experi\u00eancias e a produ\u00e7\u00e3o de um conhecimento cient\u00edfico que efetiva a rela\u00e7\u00e3o teoria e pr\u00e1tica.<br \/>\nMantendo sua natureza aut\u00f4noma, a extens\u00e3o universit\u00e1ria dever\u00e1 se realizar na identifica\u00e7\u00e3o com os interesses demandados dos novos fatores sociais e institucionais de natureza p\u00fablica, privada e n\u00e3o governamental.<br \/>\nAs atividades extensionistas dever\u00e3o ser o terreno de inser\u00e7\u00e3o do(a) discente, nos problemas pr\u00e1ticos da realidade local e regional, garantindo o conhecimento concreto sobre o qual dever\u00e1 se fundamentar o exerc\u00edcio competente de sua profiss\u00e3o, al\u00e9m de garantir um espa\u00e7o privilegiado de pr\u00e1ticas multi e interdisciplinares atrav\u00e9s de experi\u00eancias e aprendizagem que envolvem a\u00e7\u00f5es internas e externas \u00e0 Universidade.<br \/>\nNa medida em que se realizam experi\u00eancias pr\u00e1ticas, oportunizam a elabora\u00e7\u00e3o de novas formas de atua\u00e7\u00e3o no mercado privado e institucional que articulam os diferentes segmentos da sociedade na constru\u00e7\u00e3o de um novo modelo de intera\u00e7\u00e3o.<br \/>\nAs atividades de extens\u00e3o do Bacharelado em Ci\u00eancia da Computa\u00e7\u00e3o s\u00e3o trabalhadas com base nas Diretrizes Curriculares Nacionais formalizadas no Projeto Pedag\u00f3gico de Curso, materializando-se nas formas abaixo:<br \/>\n\u2212 nas disciplinas e atividades em sala de aula;<br \/>\n\u2212 em projetos e programas desenvolvidos por professores(as) do departamento do Curso, departamentos afins e de outros(as) profissionais da UERN.<br \/>\n\u2212 Nas parcerias junto a Pr\u00f3-Reitoria de extens\u00e3o;<br \/>\n\u2212 Nos cursos de Inclus\u00e3o Digital oferecidos semestralmente pelo departamento;<br \/>\n\u2212 No programa FRHASE \u2013 Forma\u00e7\u00e3o de Recursos Humanos na \u00c1rea de Sistemas Embarcados, que oferece forma\u00e7\u00e3o b\u00e1sica na \u00e1rea de hardware para a comunidade;<br \/>\nOs projetos, programas, a\u00e7\u00f5es e atividades de extens\u00e3o devem envolver docentes, alunos e comunidade externa. Devendo valorizar o exerc\u00edcio a cidadania, criatividade, empreendedorismo, desenvolvimento local ou regional, desenvolvimento ambiental e cultural, visando a melhoria da qualidade de vida e do desenvolvimento sustent\u00e1vel.<\/p>\n","protected":false},"excerpt":{"rendered":"<p>&nbsp; Pol\u00edtica de Extens\u00e3o A atividade extensionista \u00e9 um campo de interven\u00e7\u00e3o em que se configuram o ensino e a pesquisa, oportunizando a observa\u00e7\u00e3o, a efetiva\u00e7\u00e3o de novas experi\u00eancias e a produ\u00e7\u00e3o de um conhecimento cient\u00edfico que efetiva a rela\u00e7\u00e3o teoria e pr\u00e1tica. Mantendo sua natureza aut\u00f4noma, a extens\u00e3o universit\u00e1ria dever\u00e1 se realizar na identifica\u00e7\u00e3o [&hellip;]<\/p>\n","protected":false},"author":1,"featured_media":0,"parent":0,"menu_order":0,"comment_status":"closed","ping_status":"closed","template":"","meta":{"footnotes":""},"class_list":["post-42","page","type-page","status-publish","hentry"],"_links":{"self":[{"href":"https:\/\/portal.uern.br\/natal\/dcc\/wp-json\/wp\/v2\/pages\/42","targetHints":{"allow":["GET"]}}],"collection":[{"href":"https:\/\/portal.uern.br\/natal\/dcc\/wp-json\/wp\/v2\/pages"}],"about":[{"href":"https:\/\/portal.uern.br\/natal\/dcc\/wp-json\/wp\/v2\/types\/page"}],"author":[{"embeddable":true,"href":"https:\/\/portal.uern.br\/natal\/dcc\/wp-json\/wp\/v2\/users\/1"}],"replies":[{"embeddable":true,"href":"https:\/\/portal.uern.br\/natal\/dcc\/wp-json\/wp\/v2\/comments?post=42"}],"version-history":[{"count":2,"href":"https:\/\/portal.uern.br\/natal\/dcc\/wp-json\/wp\/v2\/pages\/42\/revisions"}],"predecessor-version":[{"id":359,"href":"https:\/\/portal.uern.br\/natal\/dcc\/wp-json\/wp\/v2\/pages\/42\/revisions\/359"}],"wp:attachment":[{"href":"https:\/\/portal.uern.br\/natal\/dcc\/wp-json\/wp\/v2\/media?parent=42"}],"curies":[{"name":"wp","href":"https:\/\/api.w.org\/{rel}","templated":true}]}}