{"id":47,"date":"2022-10-25T16:56:48","date_gmt":"2022-10-25T19:56:48","guid":{"rendered":"https:\/\/paisdemossoro.com.br\/wordpress\/miv\/?page_id=47"},"modified":"2022-10-25T16:56:48","modified_gmt":"2022-10-25T19:56:48","slug":"brasao-e-selo","status":"publish","type":"page","link":"https:\/\/portal.uern.br\/miv\/brasao-e-selo\/","title":{"rendered":"Bras\u00e3o e Selo"},"content":{"rendered":"<p><strong>Escudo azul partido em banda, com 3 aves negras em voo.\u00a0<\/strong><\/p>\n<p>Lema e sigla. No s\u00e9culo XI, com o in\u00edcio das Cruzadas, foi estabelecido o conceito de propaganda como a difus\u00e3o de ideias e valores. Inserida nesse ambiente, surgiu a arte her\u00e1ldica, como forma de representar reinos e fam\u00edlias atrav\u00e9s de s\u00edmbolos de armas carregados de significado honroso. O escudo quadrado na parte superior e arredondado na base \u00e9 denominado escudo cl\u00e1ssico flamenco-ib\u00e9rico. Na her\u00e1ldica brasileira, evoca a origem portuguesa. A cria\u00e7\u00e3o do Bras\u00e3o de Armas da UERN, \u00e0 \u00e9poca URRN, coube ao padre Paulo Lachenmayer (monge no Mosteiro de S\u00e3o Bento, considerado uma autoridade nacional em her\u00e1ldica), em Salvador-Bahia, em 21 de maio de 1972. No motto temos o lema \u201cLiber vi spiritus\u201d. E na banda aparecem tr\u00eas aves negras.<\/p>\n<p><strong>Coment\u00e1rios originais do autor Pe. Paulo Lachenmayer:\u00a0<\/strong><\/p>\n<p>\u201cEscudo: De azul, uma banda de prata carregada de tr\u00eas aves \u2013 negras voantes. \/ Ins\u00edgnias: tr\u00eas tochas de ouro ao natural. \/ Lema: \u201cLiber vi spiritus\u201d, letras de prata sobre listel azul. \/ Coment\u00e1rio: No escudo foram assumidos atributos que marcam a hist\u00f3ria da cidade de Mossor\u00f3. Em alus\u00e3o \u00e0 liberta\u00e7\u00e3o dos escravos, figuram tr\u00eas aves negras em voo, contidas na banda que, como pe\u00e7a her\u00e1ldica honrosa, define a prioridade representativa desse evento. As cores azul e prata simbolizam a emancipa\u00e7\u00e3o da mulher. As tr\u00eas tochas de ouro acesas ao natural s\u00e3o ins\u00edgnias de Universidade. O lema \u201cLiber vi spiritus\u201d completa a motiva\u00e7\u00e3o hist\u00f3rica brasonada.\u201d<\/p>\n<p><img fetchpriority=\"high\" decoding=\"async\" class=\"alignnone size-full wp-image-48\" src=\"https:\/\/portal.uern.br\/miv\/wp-content\/uploads\/sites\/13\/2022\/10\/Brasao-UERN-Identidade-Visual-Historica.jpg\" alt=\"\" width=\"900\" height=\"856\" srcset=\"https:\/\/portal.uern.br\/miv\/wp-content\/uploads\/sites\/13\/2022\/10\/Brasao-UERN-Identidade-Visual-Historica.jpg 900w, https:\/\/portal.uern.br\/miv\/wp-content\/uploads\/sites\/13\/2022\/10\/Brasao-UERN-Identidade-Visual-Historica-300x285.jpg 300w, https:\/\/portal.uern.br\/miv\/wp-content\/uploads\/sites\/13\/2022\/10\/Brasao-UERN-Identidade-Visual-Historica-768x730.jpg 768w\" sizes=\"(max-width: 900px) 100vw, 900px\" \/><\/p>\n","protected":false},"excerpt":{"rendered":"<p>Escudo azul partido em banda, com 3 aves negras em voo.\u00a0 Lema e sigla. No s\u00e9culo XI, com o in\u00edcio das Cruzadas, foi estabelecido o conceito de propaganda como a difus\u00e3o de ideias e valores. Inserida nesse ambiente, surgiu a arte her\u00e1ldica, como forma de representar reinos e fam\u00edlias atrav\u00e9s de s\u00edmbolos de armas carregados [&hellip;]<\/p>\n","protected":false},"author":1,"featured_media":0,"parent":0,"menu_order":0,"comment_status":"closed","ping_status":"closed","template":"","meta":[],"_links":{"self":[{"href":"https:\/\/portal.uern.br\/miv\/wp-json\/wp\/v2\/pages\/47"}],"collection":[{"href":"https:\/\/portal.uern.br\/miv\/wp-json\/wp\/v2\/pages"}],"about":[{"href":"https:\/\/portal.uern.br\/miv\/wp-json\/wp\/v2\/types\/page"}],"author":[{"embeddable":true,"href":"https:\/\/portal.uern.br\/miv\/wp-json\/wp\/v2\/users\/1"}],"replies":[{"embeddable":true,"href":"https:\/\/portal.uern.br\/miv\/wp-json\/wp\/v2\/comments?post=47"}],"version-history":[{"count":1,"href":"https:\/\/portal.uern.br\/miv\/wp-json\/wp\/v2\/pages\/47\/revisions"}],"predecessor-version":[{"id":49,"href":"https:\/\/portal.uern.br\/miv\/wp-json\/wp\/v2\/pages\/47\/revisions\/49"}],"wp:attachment":[{"href":"https:\/\/portal.uern.br\/miv\/wp-json\/wp\/v2\/media?parent=47"}],"curies":[{"name":"wp","href":"https:\/\/api.w.org\/{rel}","templated":true}]}}