{"id":37,"date":"2022-10-25T16:53:24","date_gmt":"2022-10-25T19:53:24","guid":{"rendered":"https:\/\/paisdemossoro.com.br\/wordpress\/miv\/?page_id=37"},"modified":"2022-10-25T16:53:24","modified_gmt":"2022-10-25T19:53:24","slug":"administracao","status":"publish","type":"page","link":"https:\/\/portal.uern.br\/miv\/administracao\/","title":{"rendered":"Administra\u00e7\u00e3o"},"content":{"rendered":"<p><strong>Marca associada \u00e0 Administra\u00e7\u00e3o, Diretorias e Assessorias<\/strong><\/p>\n<p>O comprimento da barra da letra \u201cU\u201d \u00e9 utilizado como medida para composi\u00e7\u00e3o da Assinatura: DIRETORIA + LOGOMARCA (alinhado \u00e0 altura da Logomarca UERN). O nome da diretoria ou assessoria fica \u00e0 esquerda, como sigla \u2013 quando houver, em caixa alta, alfabeto ITC Franklin Gothic Std Demi, \u00e0 dist\u00e2ncia de 1u da logomarca. N\u00e3o s\u00e3o permitidas outras formas de associa\u00e7\u00e3o al\u00e9m das descritas neste manual.<\/p>\n<p><img fetchpriority=\"high\" decoding=\"async\" class=\"alignnone size-full wp-image-38\" src=\"https:\/\/portal.uern.br\/miv\/wp-content\/uploads\/sites\/13\/2022\/10\/Marca-associada-a-Administracao-Diretorias-e-Assessorias-696x994-1.png\" alt=\"\" width=\"696\" height=\"994\" srcset=\"https:\/\/portal.uern.br\/miv\/wp-content\/uploads\/sites\/13\/2022\/10\/Marca-associada-a-Administracao-Diretorias-e-Assessorias-696x994-1.png 696w, https:\/\/portal.uern.br\/miv\/wp-content\/uploads\/sites\/13\/2022\/10\/Marca-associada-a-Administracao-Diretorias-e-Assessorias-696x994-1-210x300.png 210w\" sizes=\"(max-width: 696px) 100vw, 696px\" \/><\/p>\n","protected":false},"excerpt":{"rendered":"<p>Marca associada \u00e0 Administra\u00e7\u00e3o, Diretorias e Assessorias O comprimento da barra da letra \u201cU\u201d \u00e9 utilizado como medida para composi\u00e7\u00e3o da Assinatura: DIRETORIA + LOGOMARCA (alinhado \u00e0 altura da Logomarca UERN). O nome da diretoria ou assessoria fica \u00e0 esquerda, como sigla \u2013 quando houver, em caixa alta, alfabeto ITC Franklin Gothic Std Demi, \u00e0 [&hellip;]<\/p>\n","protected":false},"author":1,"featured_media":0,"parent":0,"menu_order":0,"comment_status":"closed","ping_status":"closed","template":"","meta":[],"_links":{"self":[{"href":"https:\/\/portal.uern.br\/miv\/wp-json\/wp\/v2\/pages\/37"}],"collection":[{"href":"https:\/\/portal.uern.br\/miv\/wp-json\/wp\/v2\/pages"}],"about":[{"href":"https:\/\/portal.uern.br\/miv\/wp-json\/wp\/v2\/types\/page"}],"author":[{"embeddable":true,"href":"https:\/\/portal.uern.br\/miv\/wp-json\/wp\/v2\/users\/1"}],"replies":[{"embeddable":true,"href":"https:\/\/portal.uern.br\/miv\/wp-json\/wp\/v2\/comments?post=37"}],"version-history":[{"count":1,"href":"https:\/\/portal.uern.br\/miv\/wp-json\/wp\/v2\/pages\/37\/revisions"}],"predecessor-version":[{"id":39,"href":"https:\/\/portal.uern.br\/miv\/wp-json\/wp\/v2\/pages\/37\/revisions\/39"}],"wp:attachment":[{"href":"https:\/\/portal.uern.br\/miv\/wp-json\/wp\/v2\/media?parent=37"}],"curies":[{"name":"wp","href":"https:\/\/api.w.org\/{rel}","templated":true}]}}