{"id":397,"date":"2022-10-21T08:39:57","date_gmt":"2022-10-21T11:39:57","guid":{"rendered":"https:\/\/paisdemossoro.com.br\/wordpress\/jouern\/?page_id=397"},"modified":"2023-02-24T08:30:58","modified_gmt":"2023-02-24T11:30:58","slug":"como-publicar","status":"publish","type":"page","link":"https:\/\/portal.uern.br\/jouern\/como-publicar\/","title":{"rendered":"Como publicar"},"content":{"rendered":"<p>As mat\u00e9rias dever\u00e3o ser encaminhadas para o Gabinete da Reitoria da UERN, pelos \u00f3rg\u00e3os interessados, com anteced\u00eancia m\u00ednima de at\u00e9 as 12hs do dia anterior para publica\u00e7\u00e3o na edi\u00e7\u00e3o ordin\u00e1ria seguinte do Jornal Oficial da FUERN, obedecendo \u00e0s normas e padr\u00f5es constantes na Portaria de Regulamenta\u00e7\u00e3o.<\/p>\n<p>O Gabinete da Reitoria recebe essas mat\u00e9rias no e-mail jouern@uern.br.<\/p>\n<p>\u00c9 de exclusiva responsabilidade do remetente a veracidade e a fidedignidade das informa\u00e7\u00f5es remetidas para publica\u00e7\u00e3o no Jornal Oficial da FUERN.<\/p>\n","protected":false},"excerpt":{"rendered":"<p>As mat\u00e9rias dever\u00e3o ser encaminhadas para o Gabinete da Reitoria da UERN, pelos \u00f3rg\u00e3os interessados, com anteced\u00eancia m\u00ednima de at\u00e9 as 12hs do dia anterior para publica\u00e7\u00e3o na edi\u00e7\u00e3o ordin\u00e1ria seguinte do Jornal Oficial da FUERN, obedecendo \u00e0s normas e padr\u00f5es constantes na Portaria de Regulamenta\u00e7\u00e3o. O Gabinete da Reitoria recebe essas mat\u00e9rias no e-mail [&hellip;]<\/p>\n","protected":false},"author":1,"featured_media":0,"parent":0,"menu_order":0,"comment_status":"closed","ping_status":"closed","template":"","meta":[],"_links":{"self":[{"href":"https:\/\/portal.uern.br\/jouern\/wp-json\/wp\/v2\/pages\/397"}],"collection":[{"href":"https:\/\/portal.uern.br\/jouern\/wp-json\/wp\/v2\/pages"}],"about":[{"href":"https:\/\/portal.uern.br\/jouern\/wp-json\/wp\/v2\/types\/page"}],"author":[{"embeddable":true,"href":"https:\/\/portal.uern.br\/jouern\/wp-json\/wp\/v2\/users\/1"}],"replies":[{"embeddable":true,"href":"https:\/\/portal.uern.br\/jouern\/wp-json\/wp\/v2\/comments?post=397"}],"version-history":[{"count":3,"href":"https:\/\/portal.uern.br\/jouern\/wp-json\/wp\/v2\/pages\/397\/revisions"}],"predecessor-version":[{"id":1141,"href":"https:\/\/portal.uern.br\/jouern\/wp-json\/wp\/v2\/pages\/397\/revisions\/1141"}],"wp:attachment":[{"href":"https:\/\/portal.uern.br\/jouern\/wp-json\/wp\/v2\/media?parent=397"}],"curies":[{"name":"wp","href":"https:\/\/api.w.org\/{rel}","templated":true}]}}