{"id":388,"date":"2022-10-21T08:21:46","date_gmt":"2022-10-21T11:21:46","guid":{"rendered":"https:\/\/paisdemossoro.com.br\/wordpress\/jouern\/?page_id=388"},"modified":"2023-02-24T08:32:45","modified_gmt":"2023-02-24T11:32:45","slug":"apresentacao","status":"publish","type":"page","link":"https:\/\/portal.uern.br\/jouern\/","title":{"rendered":"Apresenta\u00e7\u00e3o"},"content":{"rendered":"<p>Amparada nas leis de transpar\u00eancia no servi\u00e7o p\u00fablico e no princ\u00edpio da publicidade, a Funda\u00e7\u00e3o Universidade do Estado do Rio Grande do Norte (FUERN) criou o Jornal Oficial \u2013 JOUERN.<\/p>\n<p>O Jornal Oficial da FUERN \u00e9 o instrumento de publicidade da Funda\u00e7\u00e3o Universidade do Estado do Rio Grande do Norte, em aten\u00e7\u00e3o aos termos do art. 37 da Constitui\u00e7\u00e3o Federal e do art. 26 da Constitui\u00e7\u00e3o do Estado do Rio Grande do Norte.<\/p>\n<p>\u00a71\u00ba Ser\u00e3o publicados na \u00edntegra:<\/p>\n<p>I \u2013 as resolu\u00e7\u00f5es e demais atos de car\u00e1ter decis\u00f3rio, emanados dos Conselhos Superiores da FUERN e\/ou da UERN;<\/p>\n<p>II \u2013 as resolu\u00e7\u00f5es baixadas ad-referendum dos colegiados superiores;<\/p>\n<p>III \u2013 os atos administrativos emanados do Presidente da FUERN e\/ou do Reitor da UERN;<\/p>\n<p>IV \u2013 os atos e avisos previstos nos artigos 21 e 26 da Lei Federal n\u00ba 8.666, de 21 de junho de 1993;<\/p>\n<p>V \u2013 as intima\u00e7\u00f5es previstas na legisla\u00e7\u00e3o vigente, inclusive no art. 109, \u00a71\u00ba, da Lei Federal n\u00b0 8.666, de 21 de junho de 1993.<\/p>\n<p>VI \u2013 os atos relativos a provimento e vac\u00e2ncia de cargo ou fun\u00e7\u00e3o p\u00fablica, inclusive editais de concursos p\u00fablicos;<\/p>\n<p>VII \u2013 editais.<\/p>\n<p>O Jornal Oficial da FUERN tem periodicidade di\u00e1ria( ter\u00e7a a s\u00e1bado), podendo, quando necess\u00e1rio, publicar edi\u00e7\u00f5es extraordin\u00e1rias. A gest\u00e3o do JOUERN -, inclusive sua editora\u00e7\u00e3o e publica\u00e7\u00e3o, cabe \u00e0 Ag\u00eancia de Comunica\u00e7\u00e3o da UERN \u2013 AGECOM.<\/p>\n","protected":false},"excerpt":{"rendered":"<p>Amparada nas leis de transpar\u00eancia no servi\u00e7o p\u00fablico e no princ\u00edpio da publicidade, a Funda\u00e7\u00e3o Universidade do Estado do Rio Grande do Norte (FUERN) criou o Jornal Oficial \u2013 JOUERN. O Jornal Oficial da FUERN \u00e9 o instrumento de publicidade da Funda\u00e7\u00e3o Universidade do Estado do Rio Grande do Norte, em aten\u00e7\u00e3o aos termos do [&hellip;]<\/p>\n","protected":false},"author":1,"featured_media":0,"parent":0,"menu_order":0,"comment_status":"closed","ping_status":"closed","template":"","meta":[],"_links":{"self":[{"href":"https:\/\/portal.uern.br\/jouern\/wp-json\/wp\/v2\/pages\/388"}],"collection":[{"href":"https:\/\/portal.uern.br\/jouern\/wp-json\/wp\/v2\/pages"}],"about":[{"href":"https:\/\/portal.uern.br\/jouern\/wp-json\/wp\/v2\/types\/page"}],"author":[{"embeddable":true,"href":"https:\/\/portal.uern.br\/jouern\/wp-json\/wp\/v2\/users\/1"}],"replies":[{"embeddable":true,"href":"https:\/\/portal.uern.br\/jouern\/wp-json\/wp\/v2\/comments?post=388"}],"version-history":[{"count":3,"href":"https:\/\/portal.uern.br\/jouern\/wp-json\/wp\/v2\/pages\/388\/revisions"}],"predecessor-version":[{"id":1143,"href":"https:\/\/portal.uern.br\/jouern\/wp-json\/wp\/v2\/pages\/388\/revisions\/1143"}],"wp:attachment":[{"href":"https:\/\/portal.uern.br\/jouern\/wp-json\/wp\/v2\/media?parent=388"}],"curies":[{"name":"wp","href":"https:\/\/api.w.org\/{rel}","templated":true}]}}