{"id":304,"date":"2022-09-14T10:49:52","date_gmt":"2022-09-14T13:49:52","guid":{"rendered":"https:\/\/paisdemossoro.com.br\/wordpress\/fasso\/?page_id=304"},"modified":"2022-09-14T10:50:10","modified_gmt":"2022-09-14T13:50:10","slug":"estagio","status":"publish","type":"page","link":"https:\/\/portal.uern.br\/fasso\/estagio\/","title":{"rendered":"Est\u00e1gio"},"content":{"rendered":"<p><strong>Coordenadora de Est\u00e1gio:<\/strong><\/p>\n<p>Professora Joana Lacerda<\/p>\n<p>Contatos:<\/p>\n<p>joanadarc.larcerda@gmail.com<\/p>\n<p>desso@uern.br<\/p>\n<p>&nbsp;<\/p>\n<p><strong>EST\u00c1GIO EM SERVI\u00c7O SOCIAL<\/strong><\/p>\n<p>O Est\u00e1gio Supervisionado se materializa-se em duas modalidades :<\/p>\n<p><strong>OBRIGAT\u00d3RIO<\/strong>\u00a0&#8211;\u00a0O cumprimento desta atividade ocorre mediante a matr\u00edcula nos Componentes de Est\u00e1gio Supervisionado em Servi\u00e7o Social I, II e III,\u00a0 ofertados da seguinte forma:<\/p>\n<p>4\u00ba Per\u00edodo: Est\u00e1gio I &#8211; 180h\/a<\/p>\n<p>5\u00ba Per\u00edodo: Est\u00e1gio II &#8211; 150h\/a<\/p>\n<p>6\u00ba per\u00edodo: Est\u00e1gio III &#8211; 150 h\/a<\/p>\n<p><strong>N\u00c3O OBRIGAT\u00d3RIO<\/strong>\u00a0&#8211; que poder\u00e1 acontecer de forma individual dever\u00e1 obedecer aos mesmos crit\u00e9rios estabelecidos pela Resolu\u00e7\u00e3o 533\/2008 no que diz respeito ao processo de supervis\u00e3o e a quantidade de\u00a0estagi\u00e1rios(as) por supervisor(a).<\/p>\n<p>Para maiores informa\u00e7a\u00f5es sobre est\u00e1gio remunerado entre em contato com a Pr\u00f3-Reitoria de Assuntos Estudantis PRAE:<\/p>\n<p>E-mail e chat via hagouts: sae.prae@uern.br<\/p>\n<p>Instagram: @prae.uern<\/p>\n<p>&nbsp;<\/p>\n<p><strong>DOCUMENTOS PARA EST\u00c1GIO OBRIG\u00c1T\u00d3RIO:<\/strong><\/p>\n<p>EST\u00c1GIO I<\/p>\n<p><a href=\"http:\/\/beta.apps.uern.br\/wordpress\/fasso\/wp-content\/uploads\/2022\/09\/6408instrumento_de_auto_avaliaa\u00a7ao_de_estagio_i-1.pdf\">Instrumento de autoavalia\u00e7\u00e3o\u00a0<\/a><\/p>\n<p><a href=\"http:\/\/beta.apps.uern.br\/wordpress\/fasso\/wp-content\/uploads\/2022\/09\/6408registro_e_frequancia_de_horas_das_atividades_do_esta\u00a1gio-3.pdf\">Registro de frequ\u00eancia das atividades\u00a0<\/a><\/p>\n<p><a href=\"http:\/\/beta.apps.uern.br\/wordpress\/fasso\/wp-content\/uploads\/2022\/09\/6408pgcc_e_cronograma_de__esta\u00a1gio_i_2021.2.pdf\">PGCC e Cronograma 2021.2\u00a0\u00a0<\/a><\/p>\n<p><a href=\"http:\/\/beta.apps.uern.br\/wordpress\/fasso\/wp-content\/uploads\/2022\/09\/6408roteiro_para_elaboraa\u2021a\u0192o_do_documento_de_apreensa\u0192o_da_realidade_esta\u00a1gio_i.pdf\">Roteiro para elabora\u00e7\u00e3o de apreens\u00e3o da realidade\u00a0<\/a><\/p>\n<p>EST\u00c1GIO II<\/p>\n<p><a href=\"http:\/\/beta.apps.uern.br\/wordpress\/fasso\/wp-content\/uploads\/2022\/09\/6408instrumento_de__avaliaa\u00a7ao_de_estagio__ii_e_iii_supervisao_campo-2.pdf\">Instrumento de avalia\u00e7\u00e3o\u00a0<\/a><\/p>\n<p><a href=\"http:\/\/beta.apps.uern.br\/wordpress\/fasso\/wp-content\/uploads\/2022\/09\/6408instrumento_de_auto_avaliaa\u00a7ao_de_esta\u00a1gio_ii-1.pdf\">Instrumento de autoavalia\u00e7\u00e3o\u00a0<\/a><\/p>\n<p><a href=\"http:\/\/beta.apps.uern.br\/wordpress\/fasso\/wp-content\/uploads\/2022\/09\/6408registro_e_frequancia_de_horas_das_atividades_do_esta\u00a1gio-4.pdf\">Registro de frequ\u00eancia das atividades\u00a0<\/a><\/p>\n<p><a href=\"http:\/\/beta.apps.uern.br\/wordpress\/fasso\/wp-content\/uploads\/2022\/09\/6408pgcc_e_cronograma_esta\u00a1gio_ii_2021.2.pdf\">PGCC e Cronograma 2021.2\u00a0<\/a><\/p>\n<p><a href=\"http:\/\/beta.apps.uern.br\/wordpress\/fasso\/wp-content\/uploads\/2022\/09\/6408modelo_de_projeto_de_intervena\u2021a\u0192o.pdf\">Modelo de Projeto de interven\u00e7\u00e3o\u00a0<\/a><\/p>\n<p>EST\u00c1GIO III<\/p>\n<p><a href=\"http:\/\/beta.apps.uern.br\/wordpress\/fasso\/wp-content\/uploads\/2022\/09\/6408instrumento_de__avaliaa\u00a7ao_de_estagio__ii_e_iii_supervisao_campo-3.pdf\">Instrumento de avalia\u00e7\u00e3o\u00a0<\/a><\/p>\n<p><a href=\"http:\/\/beta.apps.uern.br\/wordpress\/fasso\/wp-content\/uploads\/2022\/09\/6408instrumento_de_auto_avaliaa\u00a7ao_de_esta\u00a1gio_iii-1.pdf\">Instrumento de autoavalia\u00e7\u00e3o\u00a0<\/a><\/p>\n<p><a href=\"http:\/\/beta.apps.uern.br\/wordpress\/fasso\/wp-content\/uploads\/2022\/09\/6408registro_e_frequancia_de_horas_das_atividades_do_esta\u00a1gio-5.pdf\">Registro de frequ\u00eancia das atividades\u00a0<\/a><\/p>\n<p>&nbsp;<\/p>\n<p><strong>LEGISLA\u00c7\u00c3O DE EST\u00c1GIO SUPERVISIONADO EM SERVI\u00c7O SOCIAL<\/strong><\/p>\n<p><a href=\"http:\/\/beta.apps.uern.br\/wordpress\/fasso\/wp-content\/uploads\/2022\/09\/6408resolua\u2021a\u0192o_cfess_na_4932006.pdf\">Resolu\u00e7\u00e3o CFESS n\u00ba 493\/2006\u00a0<\/a><\/p>\n<p><a href=\"http:\/\/beta.apps.uern.br\/wordpress\/fasso\/wp-content\/uploads\/2022\/09\/6408legislacao_lei_8662_regulamenta_a_profissao.pdf\">Lei 8.662\/Regulamenta\u00e7\u00e3o da Profiss\u00e3o\u00a0<\/a><\/p>\n<p><a href=\"http:\/\/beta.apps.uern.br\/wordpress\/fasso\/wp-content\/uploads\/2022\/09\/6408normas_de_esta\u00a1gio_curricular.pdf\">Normas de Est\u00e1gio Curricular\u00a0<\/a><\/p>\n<p><a href=\"http:\/\/beta.apps.uern.br\/wordpress\/fasso\/wp-content\/uploads\/2022\/09\/6408resolucao533.pdf\">Resolu\u00e7\u00e3o CFESS n\u00ba 533\u00a0<\/a><\/p>\n<p><a href=\"http:\/\/beta.apps.uern.br\/wordpress\/fasso\/wp-content\/uploads\/2022\/09\/6408pneabepss_maio2010_corrigida.pdf\">Pol\u00edtica Nacional de Est\u00e1gio da ABEPSS<\/a><\/p>\n<p><a href=\"http:\/\/beta.apps.uern.br\/wordpress\/fasso\/wp-content\/uploads\/2022\/09\/640820210611_formacao_em_servico_social_e_o_ensino_remoto_emergencial_202106141344485082480.pdf\">A forma\u00e7\u00e3o em Servi\u00e7o Social e o ensino remoto emergencial\u00a0<\/a><\/p>\n","protected":false},"excerpt":{"rendered":"<p>Coordenadora de Est\u00e1gio: Professora Joana Lacerda Contatos: joanadarc.larcerda@gmail.com desso@uern.br &nbsp; EST\u00c1GIO EM SERVI\u00c7O SOCIAL O Est\u00e1gio Supervisionado se materializa-se em duas modalidades : OBRIGAT\u00d3RIO\u00a0&#8211;\u00a0O cumprimento desta atividade ocorre mediante a matr\u00edcula nos Componentes de Est\u00e1gio Supervisionado em Servi\u00e7o Social I, II e III,\u00a0 ofertados da seguinte forma: 4\u00ba Per\u00edodo: Est\u00e1gio I &#8211; 180h\/a 5\u00ba Per\u00edodo: [&hellip;]<\/p>\n","protected":false},"author":1,"featured_media":0,"parent":0,"menu_order":0,"comment_status":"closed","ping_status":"closed","template":"","meta":{"footnotes":""},"class_list":["post-304","page","type-page","status-publish","hentry"],"_links":{"self":[{"href":"https:\/\/portal.uern.br\/fasso\/wp-json\/wp\/v2\/pages\/304","targetHints":{"allow":["GET"]}}],"collection":[{"href":"https:\/\/portal.uern.br\/fasso\/wp-json\/wp\/v2\/pages"}],"about":[{"href":"https:\/\/portal.uern.br\/fasso\/wp-json\/wp\/v2\/types\/page"}],"author":[{"embeddable":true,"href":"https:\/\/portal.uern.br\/fasso\/wp-json\/wp\/v2\/users\/1"}],"replies":[{"embeddable":true,"href":"https:\/\/portal.uern.br\/fasso\/wp-json\/wp\/v2\/comments?post=304"}],"version-history":[{"count":4,"href":"https:\/\/portal.uern.br\/fasso\/wp-json\/wp\/v2\/pages\/304\/revisions"}],"predecessor-version":[{"id":326,"href":"https:\/\/portal.uern.br\/fasso\/wp-json\/wp\/v2\/pages\/304\/revisions\/326"}],"wp:attachment":[{"href":"https:\/\/portal.uern.br\/fasso\/wp-json\/wp\/v2\/media?parent=304"}],"curies":[{"name":"wp","href":"https:\/\/api.w.org\/{rel}","templated":true}]}}

Estágio

<p><strong>Coordenadora de Estágio:</strong></p>
<p>Professora Joana Lacerda</p>
<p>Contatos:</p>
<p>joanadarc.larcerda@gmail.com</p>
<p>desso@uern.br</p>
<p>&nbsp;</p>
<p><strong>ESTÁGIO EM SERVIÇO SOCIAL</strong></p>
<p>O Estágio Supervisionado se materializa-se em duas modalidades :</p>
<p><strong>OBRIGATÓRIO</strong> &#8211; O cumprimento desta atividade ocorre mediante a matrícula nos Componentes de Estágio Supervisionado em Serviço Social I, II e III,  ofertados da seguinte forma:</p>
<p>4º Período: Estágio I &#8211; 180h/a</p>
<p>5º Período: Estágio II &#8211; 150h/a</p>
<p>6º período: Estágio III &#8211; 150 h/a</p>
<p><strong>NÃO OBRIGATÓRIO</strong> &#8211; que poderá acontecer de forma individual deverá obedecer aos mesmos critérios estabelecidos pela Resolução 533/2008 no que diz respeito ao processo de supervisão e a quantidade de estagiários(as) por supervisor(a).</p>
<p>Para maiores informaçaões sobre estágio remunerado entre em contato com a Pró-Reitoria de Assuntos Estudantis PRAE:</p>
<p>E-mail e chat via hagouts: sae.prae@uern.br</p>
<p>Instagram: @prae.uern</p>
<p>&nbsp;</p>
<p><strong>DOCUMENTOS PARA ESTÁGIO OBRIGÁTÓRIO:</strong></p>
<p>ESTÁGIO I</p>
<p><a href="http://beta.apps.uern.br/wordpress/fasso/wp-content/uploads/2022/09/6408instrumento_de_auto_avaliaa§ao_de_estagio_i-1.pdf">Instrumento de autoavaliação </a></p>
<p><a href="http://beta.apps.uern.br/wordpress/fasso/wp-content/uploads/2022/09/6408registro_e_frequancia_de_horas_das_atividades_do_esta¡gio-3.pdf">Registro de frequência das atividades </a></p>
<p><a href="http://beta.apps.uern.br/wordpress/fasso/wp-content/uploads/2022/09/6408pgcc_e_cronograma_de__esta¡gio_i_2021.2.pdf">PGCC e Cronograma 2021.2  </a></p>
<p><a href="http://beta.apps.uern.br/wordpress/fasso/wp-content/uploads/2022/09/6408roteiro_para_elaboraa‡aƒo_do_documento_de_apreensaƒo_da_realidade_esta¡gio_i.pdf">Roteiro para elaboração de apreensão da realidade </a></p>
<p>ESTÁGIO II</p>
<p><a href="http://beta.apps.uern.br/wordpress/fasso/wp-content/uploads/2022/09/6408instrumento_de__avaliaa§ao_de_estagio__ii_e_iii_supervisao_campo-2.pdf">Instrumento de avaliação </a></p>
<p><a href="http://beta.apps.uern.br/wordpress/fasso/wp-content/uploads/2022/09/6408instrumento_de_auto_avaliaa§ao_de_esta¡gio_ii-1.pdf">Instrumento de autoavaliação </a></p>
<p><a href="http://beta.apps.uern.br/wordpress/fasso/wp-content/uploads/2022/09/6408registro_e_frequancia_de_horas_das_atividades_do_esta¡gio-4.pdf">Registro de frequência das atividades </a></p>
<p><a href="http://beta.apps.uern.br/wordpress/fasso/wp-content/uploads/2022/09/6408pgcc_e_cronograma_esta¡gio_ii_2021.2.pdf">PGCC e Cronograma 2021.2 </a></p>
<p><a href="http://beta.apps.uern.br/wordpress/fasso/wp-content/uploads/2022/09/6408modelo_de_projeto_de_intervena‡aƒo.pdf">Modelo de Projeto de intervenção </a></p>
<p>ESTÁGIO III</p>
<p><a href="http://beta.apps.uern.br/wordpress/fasso/wp-content/uploads/2022/09/6408instrumento_de__avaliaa§ao_de_estagio__ii_e_iii_supervisao_campo-3.pdf">Instrumento de avaliação </a></p>
<p><a href="http://beta.apps.uern.br/wordpress/fasso/wp-content/uploads/2022/09/6408instrumento_de_auto_avaliaa§ao_de_esta¡gio_iii-1.pdf">Instrumento de autoavaliação </a></p>
<p><a href="http://beta.apps.uern.br/wordpress/fasso/wp-content/uploads/2022/09/6408registro_e_frequancia_de_horas_das_atividades_do_esta¡gio-5.pdf">Registro de frequência das atividades </a></p>
<p>&nbsp;</p>
<p><strong>LEGISLAÇÃO DE ESTÁGIO SUPERVISIONADO EM SERVIÇO SOCIAL</strong></p>
<p><a href="http://beta.apps.uern.br/wordpress/fasso/wp-content/uploads/2022/09/6408resolua‡aƒo_cfess_na_4932006.pdf">Resolução CFESS nº 493/2006 </a></p>
<p><a href="http://beta.apps.uern.br/wordpress/fasso/wp-content/uploads/2022/09/6408legislacao_lei_8662_regulamenta_a_profissao.pdf">Lei 8.662/Regulamentação da Profissão </a></p>
<p><a href="http://beta.apps.uern.br/wordpress/fasso/wp-content/uploads/2022/09/6408normas_de_esta¡gio_curricular.pdf">Normas de Estágio Curricular </a></p>
<p><a href="http://beta.apps.uern.br/wordpress/fasso/wp-content/uploads/2022/09/6408resolucao533.pdf">Resolução CFESS nº 533 </a></p>
<p><a href="http://beta.apps.uern.br/wordpress/fasso/wp-content/uploads/2022/09/6408pneabepss_maio2010_corrigida.pdf">Política Nacional de Estágio da ABEPSS</a></p>
<p><a href="http://beta.apps.uern.br/wordpress/fasso/wp-content/uploads/2022/09/640820210611_formacao_em_servico_social_e_o_ensino_remoto_emergencial_202106141344485082480.pdf">A formação em Serviço Social e o ensino remoto emergencial </a></p>

<p>Coordenadora de Estágio: Professora Joana Lacerda Contatos: joanadarc.larcerda@gmail.com desso@uern.br &nbsp; ESTÁGIO EM SERVIÇO SOCIAL O Estágio Supervisionado se materializa-se em duas modalidades : OBRIGATÓRIO &#8211; O cumprimento desta atividade ocorre mediante a matrícula nos Componentes de Estágio Supervisionado em Serviço Social I, II e III,  ofertados da seguinte forma: 4º Período: Estágio I &#8211; 180h/a 5º Período: [&hellip;]</p>
