{"id":278,"date":"2022-09-14T10:13:24","date_gmt":"2022-09-14T13:13:24","guid":{"rendered":"https:\/\/paisdemossoro.com.br\/wordpress\/fasso\/?page_id=278"},"modified":"2024-08-06T08:45:51","modified_gmt":"2024-08-06T11:45:51","slug":"perguntas","status":"publish","type":"page","link":"https:\/\/portal.uern.br\/fasso\/perguntas\/","title":{"rendered":"Perguntas frequentes"},"content":{"rendered":"<p align=\"center\"><strong>PERGUNTAS FREQUENTES:<\/strong><\/p>\n<p><strong>1- QUANDO VAI CURSAR UMA DISCIPLINA EM OUTRO CURSO?<\/strong><br \/>\n\uf0b7 Observar se a disciplina do outro curso consta na lista das disciplinas optativas do curso de Servi\u00e7o Social<br \/>\n\uf0b7 Para ser contabilizada, o pr\u00f3prio Sistema de Administra\u00e7\u00e3o Escolar (SAE) registra no hist\u00f3rico do estudante<\/p>\n<p><strong>2- QUANDO VAI A UM EVENTO?<\/strong><br \/>\n\uf0b7 Para comprovar que foi a um evento, \u00e9 necess\u00e1rio apresentar o certificado ou documento semelhante \u00e0 secretaria da FASSO<br \/>\n\uf0b7 A carga hor\u00e1ria do evento poder ser contabilizada nas horas complementares do curso<\/p>\n<p><b>3 &#8211; <\/b><strong><b>N\u00c3O PUDE REALIZAR UMA AVALIA\u00c7\u00c3O POR MOTIVO DE FOR\u00c7A MAIOR, POSSO SOLICITAR UMA SEGUNDA CHAMADA?<\/b><\/strong><strong><br \/>\nConforme disposto na Resolu\u00e7\u00e3o 11\/1993:<br \/>\n<\/strong>Art. 109 &#8211; impedido de participar de qualquer verifica\u00e7\u00e3o, pode o aluno requerer ao Diretor de Unidade ou Coordenador do Campus competente outra verifica\u00e7\u00e3o, desde que o requerimento d\u00ea entrada no prazo de 03(tr\u00eas) dias \u00fateis contado este prazo a partir da verifica\u00e7\u00e3o de que n\u00e3o tenha participado. O requerimento, com a justificativa, pode ser feito na secretaria da faculdade, que o encaminhar\u00e1 ao docente respons\u00e1vel pela oferta para an\u00e1lise e parecer.<\/p>\n<p><strong>Passo para solicita\u00e7\u00e3o:<\/strong><br \/>\n\uf0b7 Estudante: preencher requerimento na Secretaria da FASSO em at\u00e9 3 dias \u00fateis<br \/>\n\uf0b7 Professor\/a: analisar o requerimento em at\u00e9 3 dias. Ele\/a pode deferir ou indeferir<br \/>\n\uf0b7 Estudante e Professor\/a: realizar a avalia\u00e7\u00e3o em at\u00e9 8 dias \u00fateis, contando a partir da data de<br \/>\nentrada do requerimento na secretaria da FASSO<\/p>\n<p><strong>4 &#8211; <\/strong><strong>N\u00c3O CONCORDO COM O RESULTADO DE UMA AVALIA\u00c7\u00c3O, POSSO RECORRER?<\/strong><br \/>\nDe acordo com a Resolu\u00e7\u00e3o 11\/1993:<br \/>\nArt. 112 \u2013 Ao aluno \u00e9 permitido pedir revis\u00e3o dos resultados de qualquer verifica\u00e7\u00e3o de aprendizagem.<br \/>\n\u00a71\u00ba &#8211; A revis\u00e3o \u00e9 requerida ao Chefe de Departamento no Campus Central ou Coordenador de Curso nos Campi Avan\u00e7ados a que esteja vinculada a disciplina, no prazo m\u00e1ximo de 03 dias \u00fateis, contado este prazo da data de publica\u00e7\u00e3o de cada resultado.<\/p>\n<p>5<strong>&#8211; QUANDO PRECISA E\/OU SE DEVE ENTREGAR UM ATESTADO?<\/strong><br \/>\n1. Observa\u00e7\u00e3o: o estudante tem direito \u00e0 25% de falta nos componentes curriculares<br \/>\n2. Atestados acobertados por Lei:<br \/>\n\uf0b7 Decreto-lei n\u00ba 1.044\/69, em caso de doen\u00e7as infecto-contagiosas, entre outros.<br \/>\n\uf0b7 Decreto-lei n\u00ba 6.202\/79, que ampara o estado de gravidez e p\u00f3s-parto, no qual a mulher tem<br \/>\ndireito a tr\u00eas meses de atendimento acad\u00eamico domiciliar, podendo estender-se para quatro<br \/>\nmeses, em caso de necessidade.<\/p>\n<p><strong>OUTRAS OBSERVA\u00c7\u00d5ES&#8230;<\/strong><br \/>\n1. O Resultado das Avalia\u00e7\u00f5es(1\u00aa; 2\u00aa 3\u00aa) deve ser divulgado no prazo m\u00e1ximo de 8 dias \u00fateis.<br \/>\n2. A realiza\u00e7\u00e3o do Exame Final (4\u00aa avalia\u00e7\u00e3o) deve ser realizada ap\u00f3s 5 dias \u00fateis da divulga\u00e7\u00e3o do<br \/>\nresultado da M\u00e9dia Parcial resultante das 3 avalia\u00e7\u00f5es.<br \/>\n3. O Exame Final \u00e9 realizado com estudantes que obtenham M\u00e9dia Parcial superior a 4,0 e menor<br \/>\nque 7,0.<br \/>\n4. Para aprova\u00e7\u00e3o ap\u00f3s o Exame Final o\/a estudante de obter a m\u00e9dia m\u00ednima de 6,0.<\/p>\n<p align=\"justify\"><strong>6 &#8211; QUAIS SITUA\u00c7\u00d5ES POSSO SOLICITAR O REGIME DE EXERC\u00cdCIOS DOMICILIARES?<\/strong><\/p>\n<p align=\"justify\">O regime de exerc\u00edcios domiciliares como compensa\u00e7\u00e3o da aus\u00eancia \u00e0s aulas aplica-se:<br \/>\n\u25cf aluna gestante, durante 90 dias, a partir do 8\u00ba m\u00eas de gesta\u00e7\u00e3o, desde que comprovado por atestado m\u00e9dico;<\/p>\n<p align=\"justify\">\u25cf aluna adotante, durante 90 (noventas) dias, a partir da data da guarda, desde que comprovada por decis\u00e3o judicial;<\/p>\n<p align=\"justify\">\u25cf pai, por ocasi\u00e3o da licen\u00e7a paternidade, durante 5 (cinco) dias;<\/p>\n<p align=\"justify\">\u25cf pai adotante, durante 5 (cinco) dias, a partir da data da guarda, desde que comprovada por decis\u00e3o judicial;<\/p>\n<p align=\"justify\">\u25cf aluno portador de afec\u00e7\u00f5es, comprovadas por atestado m\u00e9dico, que o impe\u00e7am temporariamente de frequentar as atividades acad\u00eamicas previstas, desde que se verifique a conserva\u00e7\u00e3o das condi\u00e7\u00f5es intelectuais e emocionais necess\u00e1rias para o prosseguimento<br \/>\nda atividade escolar em novos moldes;<\/p>\n<p align=\"justify\">\u25cf participantes de evento cient\u00edfico ou art\u00edstico-cultural, de \u00e2mbito local, regional, nacional e internacional, que tenha rela\u00e7\u00e3o com os objetivos do curso ao qual o aluno esteja vinculado, com a anu\u00eancia do Departamento;<\/p>\n<p align=\"justify\">\u25cf participantes de competi\u00e7\u00f5es art\u00edsticas ou desportivas, de \u00e2mbito regional, nacional e internacional, desde que registrados como competidores oficiais, em documento expedido por entidade oficial. Regulamento dos Cursos de Gradua\u00e7\u00e3o da UERN -RCG, Art. 124)<\/p>\n<p align=\"justify\"><b>7<\/b><b>&#8211; POSSO ANTECIPAR MEUS ESTUDOS?<\/b><\/p>\n<p align=\"justify\">Em alguns casos, \u00e9 poss\u00edvel. A Resolu\u00e7\u00e3o 12\/2012 prev\u00ea que o aluno regular de curso de gradua\u00e7\u00e3o, poss\u00edvel concluinte no semestre em andamento, poder\u00e1, em car\u00e1ter excepcional, solicitar a<br \/>\nabrevia\u00e7\u00e3o da dura\u00e7\u00e3o de seu curso, por meio da antecipa\u00e7\u00e3o de estudos, desde<br \/>\nque aprovado em concurso p\u00fablico, dentro do n\u00famero de vagas para cargo que<br \/>\nexija o diploma de conclus\u00e3o do curso em andamento, ou, ainda, em virtude de<br \/>\naceita\u00e7\u00e3o para cursar programa de p\u00f3s-gradua\u00e7\u00e3o stricto sensu. Para mais informa\u00e7\u00f5es \u00e9 importante consultar o Orientador Acad\u00eamico do curso ou a secretaria da faculdade.<\/p>\n<p>8<strong>&#8211; QUANDO COME\u00c7AM AS AULAS DO PR\u00d3XIMO SEMESTRE?<\/strong><\/p>\n<p align=\"justify\">As aulas de cada semestre t\u00eam in\u00edcio e fim determinados pelo calend\u00e1rio universit\u00e1rio, o qual \u00e9 aprovado semestralmente pelo CONSEPE e disponibilizado no endere\u00e7o: https:\/\/proeg.uern.br\/default.asp?item=proeg-calendario . O calend\u00e1rio traz ainda diversas outras informa\u00e7\u00f5es como a previs\u00e3o de publica\u00e7\u00e3o de Editais, como o do PSVNI, Calend\u00e1rio de Cola\u00e7\u00f5es de Grau, Reuni\u00f5es do<br \/>\nCONSEPE, feriados e eventos.<\/p>\n<p align=\"justify\">9<strong>&#8211; ONDE CONSULTO A LEGISLA\u00c7\u00c3O DE GRADUA\u00c7\u00c3O DA UERN?<\/strong><\/p>\n<p align=\"justify\">Na p\u00e1gina da UERN, em Campo Institucional\/ Documentos\/ Legisla\u00e7\u00e3o\/ Gradua\u00e7\u00e3o. Nesta p\u00e1gina est\u00e1 toda a legisla\u00e7\u00e3o de gradua\u00e7\u00e3o, entre ela est\u00e1 a vers\u00e3o mais<br \/>\nrecente do Regulamento de Cursos de Gradua\u00e7\u00e3o, Resolu\u00e7\u00e3o 26\/2017 &#8211; CONSEPE.<\/p>\n","protected":false},"excerpt":{"rendered":"<p>PERGUNTAS FREQUENTES: 1- QUANDO VAI CURSAR UMA DISCIPLINA EM OUTRO CURSO? \uf0b7 Observar se a disciplina do outro curso consta na lista das disciplinas optativas do curso de Servi\u00e7o Social \uf0b7 Para ser contabilizada, o pr\u00f3prio Sistema de Administra\u00e7\u00e3o Escolar (SAE) registra no hist\u00f3rico do estudante 2- QUANDO VAI A UM EVENTO? \uf0b7 Para comprovar [&hellip;]<\/p>\n","protected":false},"author":1,"featured_media":0,"parent":0,"menu_order":0,"comment_status":"closed","ping_status":"closed","template":"","meta":{"footnotes":""},"class_list":["post-278","page","type-page","status-publish","hentry"],"_links":{"self":[{"href":"https:\/\/portal.uern.br\/fasso\/wp-json\/wp\/v2\/pages\/278","targetHints":{"allow":["GET"]}}],"collection":[{"href":"https:\/\/portal.uern.br\/fasso\/wp-json\/wp\/v2\/pages"}],"about":[{"href":"https:\/\/portal.uern.br\/fasso\/wp-json\/wp\/v2\/types\/page"}],"author":[{"embeddable":true,"href":"https:\/\/portal.uern.br\/fasso\/wp-json\/wp\/v2\/users\/1"}],"replies":[{"embeddable":true,"href":"https:\/\/portal.uern.br\/fasso\/wp-json\/wp\/v2\/comments?post=278"}],"version-history":[{"count":2,"href":"https:\/\/portal.uern.br\/fasso\/wp-json\/wp\/v2\/pages\/278\/revisions"}],"predecessor-version":[{"id":1268,"href":"https:\/\/portal.uern.br\/fasso\/wp-json\/wp\/v2\/pages\/278\/revisions\/1268"}],"wp:attachment":[{"href":"https:\/\/portal.uern.br\/fasso\/wp-json\/wp\/v2\/media?parent=278"}],"curies":[{"name":"wp","href":"https:\/\/api.w.org\/{rel}","templated":true}]}}