{"id":276,"date":"2022-09-14T10:11:26","date_gmt":"2022-09-14T13:11:26","guid":{"rendered":"https:\/\/paisdemossoro.com.br\/wordpress\/fasso\/?page_id=276"},"modified":"2026-04-08T16:51:35","modified_gmt":"2026-04-08T19:51:35","slug":"calendario","status":"publish","type":"page","link":"https:\/\/portal.uern.br\/fasso\/calendario\/","title":{"rendered":"Calend\u00e1rio Acad\u00eamico"},"content":{"rendered":"<h2 style=\"text-align: center\">Calend\u00e1rio Acad\u00eamico<\/h2>\n<p><strong>Calend\u00e1rio Universit\u00e1rio 2026.1 e 2026.1:<\/strong> <a href=\"https:\/\/portal.uern.br\/fasso\/wp-content\/uploads\/2026\/04\/Calendario_universitario_2026-1.pdf\">LINK<\/a><\/p>\n<p class=\"western\" style=\"text-align: left\" align=\"center\"><span style=\"font-size: 12pt\"><u><b>SEMESTRE 2026.1<\/b><\/u><\/span><\/p>\n<p class=\"western\" style=\"text-align: left\" align=\"center\"><span style=\"font-size: 12pt\"><b>IN\u00cdCIO DAS AULAS: 23<\/b> de fevereiro de 2026;<\/span><\/p>\n<p class=\"western\" style=\"text-align: left\" align=\"center\"><span style=\"font-size: 12pt\"><b>\u00daLTIMO DIA DE AULA:<\/b> 04 de julho de<b> <\/b>2026;<\/span><\/p>\n<p class=\"western\" style=\"text-align: left\" align=\"center\"><span style=\"font-size: 12pt\"><b>ENCERRAMENTO DO SEMESTRE:<\/b>11 de julho de 2026;<\/span><\/p>\n<p class=\"western\" style=\"text-align: left\" align=\"center\"><span style=\"font-size: 12pt\"><b>F\u00c9RIAS:<\/b> 13 \u00e0 27\/07\/2026<\/span><\/p>\n<p class=\"western\" style=\"text-align: left\" align=\"center\"><span style=\"font-size: 12pt\"><u><b>\u00daLTIMO DIA PARA TRANCAMENTO DE DISCIPLINAS:\u00a0<\/b><\/u><u>07 de abril de 2026.<\/u><\/span><\/p>\n<p class=\"western\" style=\"text-align: left\" align=\"center\">\n<p>_______________________________________________________________________________<\/p>\n<p><strong>2025.1 e 2025.2<\/strong><\/p>\n<p style=\"text-align: left\"><a href=\"https:\/\/portal.uern.br\/fasso\/wp-content\/uploads\/2025\/06\/Calendario_universitario_2025.pdf\">Calend\u00e1rio Universit\u00e1rio: LINK<\/a><\/p>\n<p>_______________________________________________________________________________________________________________________________________________________________________________________________________________<\/p>\n<p style=\"text-align: left\"><strong>2024.1 e 2024.2\u00a0<\/strong><\/p>\n<p style=\"text-align: left\"><a role=\"link\" href=\"http:\/\/LINK\" data-raofz=\"16\">Calend\u00e1rio Universit\u00e1rio 2024.1 e 2024.2\u00a0<\/a><\/p>\n<p>_______________________________________________________________________________________________________________________________________________<\/p>\n<p><strong>2023.1 e 2023.2\u00a0<\/strong><\/p>\n<p>Calend\u00e1rio acad\u00eamico de 2023 (2023.1 e 2023.2) &#8211;\u00a0<a href=\"http:\/\/www.uern.br\/controledepaginas\/fasso-faculdade-Calend%C3%A1rio%20Acad%C3%AAmico\/arquivos\/6411calendario_universitario_2023.1.pdf\">LINK<\/a><\/p>\n<hr \/>\n<p><strong>2022.1 e 2022.2\u00a0<\/strong><\/p>\n<p>Calend\u00e1rio Acad\u00eamico 2022.1 e 2022.2\u00a0<a href=\"http:\/\/www.uern.br\/controledepaginas\/fasso-faculdade-Calend%C3%A1rio%20Acad%C3%AAmico\/arquivos\/6411calenda%C2%A1rio_universita%C2%A1rio_2022.pdf\">(LINK)<\/a>\u00a0<a href=\"http:\/\/www.uern.br\/controledepaginas\/fasso-faculdade-Calend%C3%A1rio%20Acad%C3%AAmico\/arquivos\/6411resolua%C2%A7a%C2%A3o_na_050_2021_consepe_aprova_o_calenda%C2%A1rio_universita%C2%A1rio_referente_ao_semestre_letivo_2021.2_da_uern_anexo.pdf\"><br \/>\n<\/a><\/p>\n<hr \/>\n<p><strong>2021.2\u00a0<\/strong><\/p>\n<p>Calend\u00e1rio Acad\u00eamico 2021.2<a href=\"http:\/\/www.uern.br\/controledepaginas\/fasso-faculdade-Calend%C3%A1rio%20Acad%C3%AAmico\/arquivos\/6411resolua%C2%A7a%C2%A3o_na_050_2021_consepe_aprova_o_calenda%C2%A1rio_universita%C2%A1rio_referente_ao_semestre_letivo_2021.2_da_uern_anexo.pdf\">\u00a0(LINK)<\/a><\/p>\n<p>&nbsp;<\/p>\n<hr \/>\n<p><strong>2021.1\u00a0<\/strong><\/p>\n<p>Calend\u00e1rio Acad\u00eamico 2021.1<a href=\"http:\/\/www.uern.br\/controledepaginas\/fasso-faculdade-Calend%C3%A1rio%20Acad%C3%AAmico\/arquivos\/6411calenda%C2%A1rio_acadamico_2021.1.pdf\">\u00a0(LINK)<\/a><\/p>\n<p>Resolu\u00e7\u00e3o N\u00ba 25\/2021 Aprova Calend\u00e1rio Acad\u00eamico 2021.1\u00a0<a href=\"http:\/\/www.uern.br\/controledepaginas\/fasso-faculdade-Calend%C3%A1rio%20Acad%C3%AAmico\/arquivos\/64115105resolucao_n0_2021_025___consepe___aprova_o_calendarioa_universitario_referente_ao_semestre_letivo_2021_1_da_uern.pdf\">(LINK)<\/a><\/p>\n","protected":false},"excerpt":{"rendered":"<p>Calend\u00e1rio Acad\u00eamico Calend\u00e1rio Universit\u00e1rio 2026.1 e 2026.1: LINK SEMESTRE 2026.1 IN\u00cdCIO DAS AULAS: 23 de fevereiro de 2026; \u00daLTIMO DIA DE AULA: 04 de julho de 2026; ENCERRAMENTO DO SEMESTRE:11 de julho de 2026; F\u00c9RIAS: 13 \u00e0 27\/07\/2026 \u00daLTIMO DIA PARA TRANCAMENTO DE DISCIPLINAS:\u00a007 de abril de 2026. _______________________________________________________________________________ 2025.1 e 2025.2 Calend\u00e1rio Universit\u00e1rio: LINK [&hellip;]<\/p>\n","protected":false},"author":1,"featured_media":0,"parent":0,"menu_order":0,"comment_status":"closed","ping_status":"closed","template":"","meta":{"footnotes":""},"class_list":["post-276","page","type-page","status-publish","hentry"],"_links":{"self":[{"href":"https:\/\/portal.uern.br\/fasso\/wp-json\/wp\/v2\/pages\/276","targetHints":{"allow":["GET"]}}],"collection":[{"href":"https:\/\/portal.uern.br\/fasso\/wp-json\/wp\/v2\/pages"}],"about":[{"href":"https:\/\/portal.uern.br\/fasso\/wp-json\/wp\/v2\/types\/page"}],"author":[{"embeddable":true,"href":"https:\/\/portal.uern.br\/fasso\/wp-json\/wp\/v2\/users\/1"}],"replies":[{"embeddable":true,"href":"https:\/\/portal.uern.br\/fasso\/wp-json\/wp\/v2\/comments?post=276"}],"version-history":[{"count":15,"href":"https:\/\/portal.uern.br\/fasso\/wp-json\/wp\/v2\/pages\/276\/revisions"}],"predecessor-version":[{"id":1337,"href":"https:\/\/portal.uern.br\/fasso\/wp-json\/wp\/v2\/pages\/276\/revisions\/1337"}],"wp:attachment":[{"href":"https:\/\/portal.uern.br\/fasso\/wp-json\/wp\/v2\/media?parent=276"}],"curies":[{"name":"wp","href":"https:\/\/api.w.org\/{rel}","templated":true}]}}