{"id":235,"date":"2022-09-14T09:35:38","date_gmt":"2022-09-14T12:35:38","guid":{"rendered":"https:\/\/paisdemossoro.com.br\/wordpress\/fasso\/?page_id=235"},"modified":"2025-06-25T10:55:02","modified_gmt":"2025-06-25T13:55:02","slug":"gestao","status":"publish","type":"page","link":"https:\/\/portal.uern.br\/fasso\/gestao\/","title":{"rendered":"Gest\u00e3o\/Contato"},"content":{"rendered":"<p>Curso de Servi\u00e7o Social\/ Campus Central\/ Mossor\u00f3<\/p>\n<p><span class=\"LrzXr\">Av. Prof. Ant\u00f4nio Campos &#8211; Pres. Costa e Silva, Mossor\u00f3 &#8211; RN, 59610-210<\/span><\/p>\n<p>Hor\u00e1rio de atendimento: 07h \u00e0s 13h de segunda a sexta.<\/p>\n<p>&nbsp;<\/p>\n<p>SETORES:<\/p>\n<p>&nbsp;<\/p>\n<p><strong>FACULDADE DE SERVI\u00c7O SOCIAL\/FASSO:<\/strong><\/p>\n<hr \/>\n<p>Prof\u00aa M\u00aa Joana Lacerda \u2013 Diretora da FASSO<\/p>\n<p>Prof\u00aa Dra. Rivania Moura &#8211; Vice-diretora<\/p>\n<p>T\u00e9cnica administrativa Danielle Oliveira \u2013 secret\u00e1ria da FASSO<\/p>\n<p>T\u00e9cnico Administrativo Allan\u00a0 Matias<\/p>\n<p>Tecnica Administratica Cledna Lucena<\/p>\n<p>E-mail: fasso@uern.br<\/p>\n<p>Hor\u00e1rio de atendimento: 07h \u00e0s 13h de segunda a sexta.<\/p>\n<p>&nbsp;<\/p>\n<hr \/>\n<p><strong>DEPARTAMENTO DE SERVI\u00c7O SOCIAL\/DESSO:<\/strong><\/p>\n<hr \/>\n<p>Prof\u00aa Dra. Suamy Soares \u2013 Chefe do DESSO<\/p>\n<p>T\u00e9cnica Administrativa Jaiane Andrea Barreto \u2013 Secret\u00e1ria do DESSO<\/p>\n<p>E-mail: desso@uern.br<\/p>\n<p>Hor\u00e1rio de atendimento: 07h \u00e0s 13h de segunda a sexta.<\/p>\n<p>&nbsp;<\/p>\n<hr \/>\n<p><strong>MESTRADO DE SERVI\u00c7O SOCIAL \u2013 PPGSSDS:<\/strong><\/p>\n<hr \/>\n<p>ProfessoraMarcia Castro\u2013 Coordenadora PPGSSDS<\/p>\n<p>T\u00e9cnico Administrativo Wescley Assun\u00e7\u00e3o \u2013 Secret\u00e1rio PPGSSDS<\/p>\n<p>E-mail: servicosocial@mestrado.uern.br<\/p>\n<p>Instagram: @ppgssds<\/p>\n<p>P\u00e1gina:https:\/\/propeg.uern.br\/ppgssd\/default.asp?item=pp3168-apresentacao<\/p>\n<p>Hor\u00e1rio de atendimento: 07h \u00e0s 13h de segunda a sexta.<\/p>\n","protected":false},"excerpt":{"rendered":"<p>Curso de Servi\u00e7o Social\/ Campus Central\/ Mossor\u00f3 Av. Prof. Ant\u00f4nio Campos &#8211; Pres. Costa e Silva, Mossor\u00f3 &#8211; RN, 59610-210 Hor\u00e1rio de atendimento: 07h \u00e0s 13h de segunda a sexta. &nbsp; SETORES: &nbsp; FACULDADE DE SERVI\u00c7O SOCIAL\/FASSO: Prof\u00aa M\u00aa Joana Lacerda \u2013 Diretora da FASSO Prof\u00aa Dra. Rivania Moura &#8211; Vice-diretora T\u00e9cnica administrativa Danielle Oliveira [&hellip;]<\/p>\n","protected":false},"author":1,"featured_media":0,"parent":0,"menu_order":0,"comment_status":"closed","ping_status":"closed","template":"","meta":{"footnotes":""},"class_list":["post-235","page","type-page","status-publish","hentry"],"_links":{"self":[{"href":"https:\/\/portal.uern.br\/fasso\/wp-json\/wp\/v2\/pages\/235","targetHints":{"allow":["GET"]}}],"collection":[{"href":"https:\/\/portal.uern.br\/fasso\/wp-json\/wp\/v2\/pages"}],"about":[{"href":"https:\/\/portal.uern.br\/fasso\/wp-json\/wp\/v2\/types\/page"}],"author":[{"embeddable":true,"href":"https:\/\/portal.uern.br\/fasso\/wp-json\/wp\/v2\/users\/1"}],"replies":[{"embeddable":true,"href":"https:\/\/portal.uern.br\/fasso\/wp-json\/wp\/v2\/comments?post=235"}],"version-history":[{"count":14,"href":"https:\/\/portal.uern.br\/fasso\/wp-json\/wp\/v2\/pages\/235\/revisions"}],"predecessor-version":[{"id":1307,"href":"https:\/\/portal.uern.br\/fasso\/wp-json\/wp\/v2\/pages\/235\/revisions\/1307"}],"wp:attachment":[{"href":"https:\/\/portal.uern.br\/fasso\/wp-json\/wp\/v2\/media?parent=235"}],"curies":[{"name":"wp","href":"https:\/\/api.w.org\/{rel}","templated":true}]}}