{"id":1311,"date":"2025-10-02T08:52:07","date_gmt":"2025-10-02T11:52:07","guid":{"rendered":"https:\/\/portal.uern.br\/fasso\/?page_id=1311"},"modified":"2025-10-02T09:16:34","modified_gmt":"2025-10-02T12:16:34","slug":"reserva-do-auditorio","status":"publish","type":"page","link":"https:\/\/portal.uern.br\/fasso\/reserva-do-auditorio\/","title":{"rendered":"RESERVA DO AUDIT\u00d3RIO &#8211; FASSO"},"content":{"rendered":"<h1>Reserva do Audit\u00f3rio &#8211; FASSO<\/h1>\n<p>Audit\u00f3rio Nielce Fernandes Filgueira<\/p>\n<p>Localiza\u00e7\u00e3o: UNIVERSIDADE DO ESTADO DO RIO GRANDE DO NORTE \u2013 UERN, Campus Central, FACULDADE DE SERVI\u00c7O SOCIAL \u2013 FASSO.<\/p>\n<p>O audit\u00f3rio da Faculdade de Servi\u00e7o Social \u00e9 climatizado e tem capacidade para 100 pessoas e conta com cerca de 80 cadeiras. Disp\u00f5e de um projetor e caixa de som (sendo necess\u00e1rio apenas trazer o cabo P2-P2). O audit\u00f3rio n\u00e3o possui microfones dispon\u00edveis. O espa\u00e7o possui um gel\u00e1gua, bastando a organiza\u00e7\u00e3o do evento trazer um garraf\u00e3o.<\/p>\n<p>Orienta\u00e7\u00f5es:<\/p>\n<ul>\n<li>Pedimos para que o controle do projetor permane\u00e7a no audit\u00f3rio e que, ao sair, o respons\u00e1vel desligue os aparelhos de ar condicionado e o projetor (a luz &#8220;Power&#8221; seguir\u00e1 acesa, mas a proje\u00e7\u00e3o cessar\u00e1). Ao finalizar o evento, pedimos para que o respons\u00e1vel garanta o devido fechamento do local e que a chave seja devolvida na copa da FASSO.<\/li>\n<li>A devolu\u00e7\u00e3o pode ser realizada na secretaria da FASSO, de 07h \u00e0s 13h, e na copa do setor at\u00e9 \u00e0s 16h:30min, de segunda a sexta-feira. Caso seja necess\u00e1rio que o evento se prolongue para al\u00e9m desses hor\u00e1rios, de segunda a sexta-feira, a organiza\u00e7\u00e3o do evento dever\u00e1 devolver a chave no turno seguinte ao t\u00e9rmino do evento. Caso o evento aconte\u00e7a nos finais de semana (s\u00e1bado ou domingo), a retirada da chave do audit\u00f3rio deve acontecer at\u00e9 sexta-feira, \u00e0s 12h e a devolu\u00e7\u00e3o at\u00e9 as 10h do dia \u00fatil seguinte ao t\u00e9rmino do evento na secretaria da FASSO.<\/li>\n<\/ul>\n<p>Para verificar a disponibilidade do Audit\u00f3rio, basta acessar a seguinte planilha: <a href=\"https:\/\/docs.google.com\/spreadsheets\/d\/1Xf_waeBA8Z1tS5vWGJymUSKW5o-4KCAh\/edit?usp=sharing&amp;ouid=107404466210208802871&amp;rtpof=true&amp;sd=true\">https:\/\/docs.google.com\/spreadsheets\/d\/1Xf_waeBA8Z1tS5vWGJymUSKW5o-4KCAh\/edit?usp=sharing&amp;ouid=107404466210208802871&amp;rtpof=true&amp;sd=true<\/a><\/p>\n<p>Para solicitar a Reserva, basta acessar o seguinte formul\u00e1rio: <a href=\"https:\/\/docs.google.com\/forms\/d\/e\/1FAIpQLSdjz5VYGDaITEvacz0U0IkvJoTe_5KkKapFiMe5ouee-ZbJ8A\/viewform?usp=header\">https:\/\/docs.google.com\/forms\/d\/e\/1FAIpQLSdjz5VYGDaITEvacz0U0IkvJoTe_5KkKapFiMe5ouee-ZbJ8A\/viewform?usp=header<\/a><\/p>\n<p>Contato para d\u00favidas: <a href=\"mailto:fasso@uern.br\">fasso@uern.br<\/a><\/p>\n","protected":false},"excerpt":{"rendered":"<p>Reserva do Audit\u00f3rio &#8211; FASSO Audit\u00f3rio Nielce Fernandes Filgueira Localiza\u00e7\u00e3o: UNIVERSIDADE DO ESTADO DO RIO GRANDE DO NORTE \u2013 UERN, Campus Central, FACULDADE DE SERVI\u00c7O SOCIAL \u2013 FASSO. O audit\u00f3rio da Faculdade de Servi\u00e7o Social \u00e9 climatizado e tem capacidade para 100 pessoas e conta com cerca de 80 cadeiras. Disp\u00f5e de um projetor e [&hellip;]<\/p>\n","protected":false},"author":2,"featured_media":0,"parent":0,"menu_order":0,"comment_status":"closed","ping_status":"closed","template":"","meta":{"footnotes":""},"class_list":["post-1311","page","type-page","status-publish","hentry"],"_links":{"self":[{"href":"https:\/\/portal.uern.br\/fasso\/wp-json\/wp\/v2\/pages\/1311","targetHints":{"allow":["GET"]}}],"collection":[{"href":"https:\/\/portal.uern.br\/fasso\/wp-json\/wp\/v2\/pages"}],"about":[{"href":"https:\/\/portal.uern.br\/fasso\/wp-json\/wp\/v2\/types\/page"}],"author":[{"embeddable":true,"href":"https:\/\/portal.uern.br\/fasso\/wp-json\/wp\/v2\/users\/2"}],"replies":[{"embeddable":true,"href":"https:\/\/portal.uern.br\/fasso\/wp-json\/wp\/v2\/comments?post=1311"}],"version-history":[{"count":9,"href":"https:\/\/portal.uern.br\/fasso\/wp-json\/wp\/v2\/pages\/1311\/revisions"}],"predecessor-version":[{"id":1324,"href":"https:\/\/portal.uern.br\/fasso\/wp-json\/wp\/v2\/pages\/1311\/revisions\/1324"}],"wp:attachment":[{"href":"https:\/\/portal.uern.br\/fasso\/wp-json\/wp\/v2\/media?parent=1311"}],"curies":[{"name":"wp","href":"https:\/\/api.w.org\/{rel}","templated":true}]}}