{"id":213,"date":"2022-09-16T15:21:50","date_gmt":"2022-09-16T18:21:50","guid":{"rendered":"https:\/\/paisdemossoro.com.br\/wordpress\/fanat\/?page_id=213"},"modified":"2024-06-20T07:55:39","modified_gmt":"2024-06-20T10:55:39","slug":"apresentacao","status":"publish","type":"page","link":"https:\/\/portal.uern.br\/fanat\/apresentacao\/","title":{"rendered":"Apresenta\u00e7\u00e3o"},"content":{"rendered":"<p>&nbsp;<\/p>\n<p><img fetchpriority=\"high\" decoding=\"async\" class=\"aligncenter wp-image-1149 size-large\" src=\"https:\/\/portal.uern.br\/fanat\/wp-content\/uploads\/2024\/06\/2-1-1024x576.jpg\" alt=\"\" width=\"800\" height=\"450\" srcset=\"https:\/\/portal.uern.br\/fanat\/wp-content\/uploads\/2024\/06\/2-1-1024x576.jpg 1024w, https:\/\/portal.uern.br\/fanat\/wp-content\/uploads\/2024\/06\/2-1-300x169.jpg 300w, https:\/\/portal.uern.br\/fanat\/wp-content\/uploads\/2024\/06\/2-1-768x432.jpg 768w, https:\/\/portal.uern.br\/fanat\/wp-content\/uploads\/2024\/06\/2-1-1536x864.jpg 1536w, https:\/\/portal.uern.br\/fanat\/wp-content\/uploads\/2024\/06\/2-1-2048x1152.jpg 2048w\" sizes=\"(max-width: 800px) 100vw, 800px\" \/><\/p>\n<p>A hist\u00f3ria da <strong>Faculdade de Ci\u00eancias Exatas e Naturais (Fanat)<\/strong> \u00e9 marcada por crescimento e inova\u00e7\u00e3o. Fundada em 1974 como Instituto de Ci\u00eancias Exatas e Naturais (ICEN), a FANAT iniciou suas atividades com o curso de Ci\u00eancias, destinado a formar professores de ci\u00eancias para o ensino de 1\u00ba e 2\u00ba graus.<\/p>\n<p>Em 1987, o curso de Licenciatura Curta em Ci\u00eancias e ocurso de Licenciatura Plena em Matem\u00e1tica foram reconhecidos pelo Conselho Federal de Educa\u00e7\u00e3o, solidificando a qualidade do ensino oferecido. Em 1992, surgiram tr\u00eas novas habilita\u00e7\u00f5es: F\u00edsica, Qu\u00edmica e Biologia, diversificando ainda mais a forma\u00e7\u00e3o oferecida.<\/p>\n<p>No ano seguinte, esses cursos foram separados em Licenciatura Plena em Qu\u00edmica, F\u00edsica e Biologia, e a grade curricular de Matem\u00e1tica foi reformulada. Com a estadualiza\u00e7\u00e3o da Universidade em 1993, o ICEN se transformou na Fanat, marcando uma nova fase de autonomia.<\/p>\n<p>At\u00e9 1997, a Fanat contava com dois departamentos: Matem\u00e1tica e Estat\u00edstica (DME) e Ci\u00eancias Naturais (DCN). Ainda neste mesmo ano, o DCN foi dividido em tr\u00eas novos departamentos: F\u00edsica, Qu\u00edmica e Biologia, especializando ainda mais as \u00e1reas de ensino e pesquisa.<\/p>\n<p>A Fanat continuou a se expandir, criando o curso de Bacharelado em Ci\u00eancia da Computa\u00e7\u00e3o em 1998 e o Bacharelado em Ci\u00eancias Biol\u00f3gicas em 2005. Em 2008, a institui\u00e7\u00e3o lan\u00e7ou seus primeiros programas de p\u00f3s-gradua\u00e7\u00e3o <em>stricto sensu<\/em> em F\u00edsica e Ci\u00eancias da Computa\u00e7\u00e3o, elevando o n\u00edvel acad\u00eamico da faculdade.<\/p>\n<p>Atualmente, a Fanat oferece seis cursos de gradua\u00e7\u00e3o e quatro cursos de mestrado, al\u00e9m de um curso de doutorado. Com uma trajet\u00f3ria de adapta\u00e7\u00e3o e compromisso com a excel\u00eancia, a Fanat mantem-se firme na sua tarefa de formar profissionais qualificados e a contribuir ativamente para o desenvolvimento cient\u00edfico e educacional do Rio Grande do Norte e do Brasil.<\/p>\n<p>&nbsp;<\/p>\n","protected":false},"excerpt":{"rendered":"<p>&nbsp; A hist\u00f3ria da Faculdade de Ci\u00eancias Exatas e Naturais (Fanat) \u00e9 marcada por crescimento e inova\u00e7\u00e3o. Fundada em 1974 como Instituto de Ci\u00eancias Exatas e Naturais (ICEN), a FANAT iniciou suas atividades com o curso de Ci\u00eancias, destinado a formar professores de ci\u00eancias para o ensino de 1\u00ba e 2\u00ba graus. Em 1987, o [&hellip;]<\/p>\n","protected":false},"author":1,"featured_media":0,"parent":0,"menu_order":0,"comment_status":"closed","ping_status":"closed","template":"","meta":{"footnotes":""},"class_list":["post-213","page","type-page","status-publish","hentry"],"_links":{"self":[{"href":"https:\/\/portal.uern.br\/fanat\/wp-json\/wp\/v2\/pages\/213","targetHints":{"allow":["GET"]}}],"collection":[{"href":"https:\/\/portal.uern.br\/fanat\/wp-json\/wp\/v2\/pages"}],"about":[{"href":"https:\/\/portal.uern.br\/fanat\/wp-json\/wp\/v2\/types\/page"}],"author":[{"embeddable":true,"href":"https:\/\/portal.uern.br\/fanat\/wp-json\/wp\/v2\/users\/1"}],"replies":[{"embeddable":true,"href":"https:\/\/portal.uern.br\/fanat\/wp-json\/wp\/v2\/comments?post=213"}],"version-history":[{"count":12,"href":"https:\/\/portal.uern.br\/fanat\/wp-json\/wp\/v2\/pages\/213\/revisions"}],"predecessor-version":[{"id":1158,"href":"https:\/\/portal.uern.br\/fanat\/wp-json\/wp\/v2\/pages\/213\/revisions\/1158"}],"wp:attachment":[{"href":"https:\/\/portal.uern.br\/fanat\/wp-json\/wp\/v2\/media?parent=213"}],"curies":[{"name":"wp","href":"https:\/\/api.w.org\/{rel}","templated":true}]}}