{"id":200,"date":"2022-06-10T08:44:05","date_gmt":"2022-06-10T11:44:05","guid":{"rendered":"https:\/\/paisdemossoro.com.br\/wordpress\/fanat\/?page_id=200"},"modified":"2024-05-22T15:55:57","modified_gmt":"2024-05-22T18:55:57","slug":"home","status":"publish","type":"page","link":"https:\/\/portal.uern.br\/fanat\/","title":{"rendered":"Home"},"content":{"rendered":"\t\t<div data-elementor-type=\"wp-page\" data-elementor-id=\"200\" class=\"elementor elementor-200\" data-elementor-post-type=\"page\">\n\t\t\t\t\t\t<section class=\"elementor-section elementor-top-section elementor-element elementor-element-f11245e elementor-section-full_width elementor-section-height-default elementor-section-height-default\" data-id=\"f11245e\" data-element_type=\"section\">\n\t\t\t\t\t\t<div class=\"elementor-container elementor-column-gap-default\">\n\t\t\t\t\t<div class=\"elementor-column elementor-col-100 elementor-top-column elementor-element elementor-element-8587b41\" data-id=\"8587b41\" data-element_type=\"column\">\n\t\t\t<div class=\"elementor-widget-wrap elementor-element-populated\">\n\t\t\t\t\t\t<div class=\"elementor-element elementor-element-d34277b elementor-widget elementor-widget-image\" data-id=\"d34277b\" data-element_type=\"widget\" data-widget_type=\"image.default\">\n\t\t\t\t<div class=\"elementor-widget-container\">\n\t\t\t\t\t\t\t\t\t\t\t\t\t\t\t<img fetchpriority=\"high\" decoding=\"async\" width=\"1920\" height=\"550\" src=\"https:\/\/portal.uern.br\/fanat\/wp-content\/uploads\/2024\/06\/capa_fanat.jpg\" class=\"attachment-full size-full wp-image-1052\" alt=\"Prof. Ja\u00e9cio no Laborat\u00f3rio de Cromatografia\" srcset=\"https:\/\/portal.uern.br\/fanat\/wp-content\/uploads\/2024\/06\/capa_fanat.jpg 1920w, https:\/\/portal.uern.br\/fanat\/wp-content\/uploads\/2024\/06\/capa_fanat-300x86.jpg 300w, https:\/\/portal.uern.br\/fanat\/wp-content\/uploads\/2024\/06\/capa_fanat-1024x293.jpg 1024w, https:\/\/portal.uern.br\/fanat\/wp-content\/uploads\/2024\/06\/capa_fanat-768x220.jpg 768w, https:\/\/portal.uern.br\/fanat\/wp-content\/uploads\/2024\/06\/capa_fanat-1536x440.jpg 1536w\" sizes=\"(max-width: 1920px) 100vw, 1920px\" \/>\t\t\t\t\t\t\t\t\t\t\t\t\t\t\t<\/div>\n\t\t\t\t<\/div>\n\t\t\t\t\t<\/div>\n\t\t<\/div>\n\t\t\t\t\t<\/div>\n\t\t<\/section>\n\t\t\t\t<section class=\"elementor-section elementor-top-section elementor-element elementor-element-7fba0d0 elementor-reverse-mobile elementor-section-height-min-height elementor-section-items-stretch elementor-section-boxed elementor-section-height-default\" data-id=\"7fba0d0\" data-element_type=\"section\" data-settings=\"{&quot;background_background&quot;:&quot;classic&quot;}\">\n\t\t\t\t\t\t<div class=\"elementor-container elementor-column-gap-default\">\n\t\t\t\t\t<div class=\"elementor-column elementor-col-50 elementor-top-column elementor-element elementor-element-d872fc4 elementor-hidden-mobile\" data-id=\"d872fc4\" data-element_type=\"column\" data-settings=\"{&quot;background_background&quot;:&quot;classic&quot;}\">\n\t\t\t<div class=\"elementor-widget-wrap elementor-element-populated\">\n\t\t\t\t\t\t<div class=\"elementor-element elementor-element-5512b5e elementor-nav-menu__text-align-aside elementor-widget elementor-widget-nav-menu\" data-id=\"5512b5e\" data-element_type=\"widget\" data-settings=\"{&quot;layout&quot;:&quot;dropdown&quot;,&quot;submenu_icon&quot;:{&quot;value&quot;:&quot;&lt;i class=\\&quot;fas fa-caret-down\\&quot; aria-hidden=\\&quot;true\\&quot;&gt;&lt;\\\/i&gt;&quot;,&quot;library&quot;:&quot;fa-solid&quot;}}\" data-widget_type=\"nav-menu.default\">\n\t\t\t\t<div class=\"elementor-widget-container\">\n\t\t\t\t\t\t\t\t<nav class=\"elementor-nav-menu--dropdown elementor-nav-menu__container\" aria-hidden=\"true\">\n\t\t\t\t<ul id=\"menu-2-5512b5e\" class=\"elementor-nav-menu\"><li class=\"menu-item menu-item-type-post_type menu-item-object-page menu-item-home menu-item-583\"><a href=\"https:\/\/portal.uern.br\/fanat\/\" class=\"elementor-item\" tabindex=\"-1\">Home<\/a><\/li>\n<li class=\"menu-item menu-item-type-post_type menu-item-object-page menu-item-829\"><a href=\"https:\/\/portal.uern.br\/fanat\/apresentacao\/\" class=\"elementor-item\" tabindex=\"-1\">Apresenta\u00e7\u00e3o<\/a><\/li>\n<li class=\"menu-item menu-item-type-post_type menu-item-object-page menu-item-588\"><a href=\"https:\/\/portal.uern.br\/fanat\/graduacao\/\" class=\"elementor-item\" tabindex=\"-1\">Gradua\u00e7\u00e3o<\/a><\/li>\n<li class=\"menu-item menu-item-type-post_type menu-item-object-page menu-item-591\"><a href=\"https:\/\/portal.uern.br\/fanat\/pos-graduacao\/\" class=\"elementor-item\" tabindex=\"-1\">P\u00f3s-Gradua\u00e7\u00e3o<\/a><\/li>\n<li class=\"menu-item menu-item-type-post_type menu-item-object-page menu-item-587\"><a href=\"https:\/\/portal.uern.br\/fanat\/corpo-docente\/\" class=\"elementor-item\" tabindex=\"-1\">Corpo docente<\/a><\/li>\n<li class=\"menu-item menu-item-type-post_type menu-item-object-page menu-item-590\"><a href=\"https:\/\/portal.uern.br\/fanat\/gestao\/\" class=\"elementor-item\" tabindex=\"-1\">Gest\u00e3o<\/a><\/li>\n<li class=\"menu-item menu-item-type-post_type menu-item-object-page menu-item-589\"><a href=\"https:\/\/portal.uern.br\/fanat\/documentos\/\" class=\"elementor-item\" tabindex=\"-1\">Documentos \u00fateis<\/a><\/li>\n<li class=\"menu-item menu-item-type-post_type menu-item-object-page menu-item-1009\"><a href=\"https:\/\/portal.uern.br\/fanat\/perguntas-frequentes\/\" class=\"elementor-item\" tabindex=\"-1\">Perguntas Frequentes<\/a><\/li>\n<li class=\"menu-item menu-item-type-post_type menu-item-object-page menu-item-586\"><a href=\"https:\/\/portal.uern.br\/fanat\/contatos\/\" class=\"elementor-item\" tabindex=\"-1\">Contatos e Funcionamento<\/a><\/li>\n<\/ul>\t\t\t<\/nav>\n\t\t\t\t\t\t<\/div>\n\t\t\t\t<\/div>\n\t\t\t\t\t<\/div>\n\t\t<\/div>\n\t\t\t\t<div class=\"elementor-column elementor-col-50 elementor-top-column elementor-element elementor-element-14f9ad3\" data-id=\"14f9ad3\" data-element_type=\"column\" data-settings=\"{&quot;background_background&quot;:&quot;classic&quot;}\">\n\t\t\t<div class=\"elementor-widget-wrap elementor-element-populated\">\n\t\t\t\t\t\t<div class=\"elementor-element elementor-element-0a9dcd2 elementor-grid-1 elementor-posts--thumbnail-left elementor-grid-tablet-2 elementor-grid-mobile-1 elementor-widget elementor-widget-posts\" data-id=\"0a9dcd2\" data-element_type=\"widget\" data-settings=\"{&quot;classic_columns&quot;:&quot;1&quot;,&quot;classic_columns_tablet&quot;:&quot;2&quot;,&quot;classic_columns_mobile&quot;:&quot;1&quot;,&quot;classic_row_gap&quot;:{&quot;unit&quot;:&quot;px&quot;,&quot;size&quot;:35,&quot;sizes&quot;:[]},&quot;classic_row_gap_tablet&quot;:{&quot;unit&quot;:&quot;px&quot;,&quot;size&quot;:&quot;&quot;,&quot;sizes&quot;:[]},&quot;classic_row_gap_mobile&quot;:{&quot;unit&quot;:&quot;px&quot;,&quot;size&quot;:&quot;&quot;,&quot;sizes&quot;:[]}}\" data-widget_type=\"posts.classic\">\n\t\t\t\t<div class=\"elementor-widget-container\">\n\t\t\t\t\t\t\t<div class=\"elementor-posts-container elementor-posts elementor-posts--skin-classic elementor-grid\" role=\"list\">\n\t\t\t\t<article class=\"elementor-post elementor-grid-item post-1351 destaques_ type-destaques_ status-publish has-post-thumbnail hentry nivel_do_destaque_-destaque-topo\" role=\"listitem\">\n\t\t\t\t<a class=\"elementor-post__thumbnail__link\" href=\"https:\/\/portal.uern.br\/fanat\/destaques_\/uern-marca-presenca-com-destaque-no-75o-congresso-nacional-de-botanica\/\" tabindex=\"-1\" >\n\t\t\t<div class=\"elementor-post__thumbnail\"><img decoding=\"async\" width=\"768\" height=\"432\" src=\"https:\/\/portal.uern.br\/fanat\/wp-content\/uploads\/2025\/08\/Imagens-do-blog-768x432.png\" class=\"attachment-medium_large size-medium_large wp-image-1353\" alt=\"\" srcset=\"https:\/\/portal.uern.br\/fanat\/wp-content\/uploads\/2025\/08\/Imagens-do-blog-768x432.png 768w, https:\/\/portal.uern.br\/fanat\/wp-content\/uploads\/2025\/08\/Imagens-do-blog-300x169.png 300w, https:\/\/portal.uern.br\/fanat\/wp-content\/uploads\/2025\/08\/Imagens-do-blog-1024x576.png 1024w, https:\/\/portal.uern.br\/fanat\/wp-content\/uploads\/2025\/08\/Imagens-do-blog-1536x864.png 1536w, https:\/\/portal.uern.br\/fanat\/wp-content\/uploads\/2025\/08\/Imagens-do-blog-2048x1152.png 2048w\" sizes=\"(max-width: 768px) 100vw, 768px\" \/><\/div>\n\t\t<\/a>\n\t\t\t\t<div class=\"elementor-post__text\">\n\t\t\t\t<h3 class=\"elementor-post__title\">\n\t\t\t<a href=\"https:\/\/portal.uern.br\/fanat\/destaques_\/uern-marca-presenca-com-destaque-no-75o-congresso-nacional-de-botanica\/\" >\n\t\t\t\tUERN marca presen\u00e7a com destaque no 75\u00ba Congresso Nacional de Bot\u00e2nica\t\t\t<\/a>\n\t\t<\/h3>\n\t\t\t\t<div class=\"elementor-post__meta-data\">\n\t\t\t\t\t<span class=\"elementor-post-date\">\n\t\t\t11 de agosto de 2025\t\t<\/span>\n\t\t\t\t<\/div>\n\t\t\t\t<div class=\"elementor-post__excerpt\">\n\t\t\t<p>Docentes e discentes da Faculdade de Ci\u00eancias Naturais da UERN apresentam 25 trabalhos e ministram minicurso em evento nacional no Piau\u00ed A Universidade do Estado do Rio Grande do Norte (UERN), por meio da Faculdade de Ci\u00eancias Naturais (FANAT), ser\u00e1 representada por tr\u00eas professores e 16 estudantes no 75\u00ba Congresso<\/p>\n\t\t<\/div>\n\t\t\t\t<\/div>\n\t\t\t\t<\/article>\n\t\t\t\t<\/div>\n\t\t\n\t\t\t\t\t\t<\/div>\n\t\t\t\t<\/div>\n\t\t\t\t<div class=\"elementor-element elementor-element-03352dc elementor-posts--thumbnail-none elementor-grid-3 elementor-grid-tablet-2 elementor-grid-mobile-1 elementor-card-shadow-yes elementor-posts__hover-gradient elementor-widget elementor-widget-posts\" data-id=\"03352dc\" data-element_type=\"widget\" data-settings=\"{&quot;cards_columns&quot;:&quot;3&quot;,&quot;cards_columns_tablet&quot;:&quot;2&quot;,&quot;cards_columns_mobile&quot;:&quot;1&quot;,&quot;cards_row_gap&quot;:{&quot;unit&quot;:&quot;px&quot;,&quot;size&quot;:35,&quot;sizes&quot;:[]},&quot;cards_row_gap_tablet&quot;:{&quot;unit&quot;:&quot;px&quot;,&quot;size&quot;:&quot;&quot;,&quot;sizes&quot;:[]},&quot;cards_row_gap_mobile&quot;:{&quot;unit&quot;:&quot;px&quot;,&quot;size&quot;:&quot;&quot;,&quot;sizes&quot;:[]}}\" data-widget_type=\"posts.cards\">\n\t\t\t\t<div class=\"elementor-widget-container\">\n\t\t\t\t\t\t\t<div class=\"elementor-posts-container elementor-posts elementor-posts--skin-cards elementor-grid\" role=\"list\">\n\t\t\t\t<article class=\"elementor-post elementor-grid-item post-1337 destaques_ type-destaques_ status-publish has-post-thumbnail hentry nivel_do_destaque_-destaque-topo nivel_do_destaque_-outros-destaques\" role=\"listitem\">\n\t\t\t<div class=\"elementor-post__card\">\n\t\t\t\t<div class=\"elementor-post__text\">\n\t\t\t\t<h3 class=\"elementor-post__title\">\n\t\t\t<a href=\"https:\/\/portal.uern.br\/fanat\/destaques_\/professoras-e-tecnicas-da-fanat-aprovam-projeto-de-incentivo-as-ciencias-exatas-para-meninas-em-situacao-de-vulnerabilidade-no-rn\/\" >\n\t\t\t\tProfessoras e t\u00e9cnicas da Fanat aprovam projeto de incentivo \u00e0s ci\u00eancias exatas para meninas em situa\u00e7\u00e3o de vulnerabilidade no RN\t\t\t<\/a>\n\t\t<\/h3>\n\t\t\t\t<div class=\"elementor-post__excerpt\">\n\t\t\t<p>&nbsp; A comunidade acad\u00eamica da Fanat celebra a aprova\u00e7\u00e3o do projeto \u201cMeninas e Mulheres Potiguares: um caminho para analisar o passado e construir perspectivas de<\/p>\n\t\t<\/div>\n\t\t\t\t<\/div>\n\t\t\t\t\t<\/div>\n\t\t<\/article>\n\t\t\t\t<article class=\"elementor-post elementor-grid-item post-1205 destaques_ type-destaques_ status-publish has-post-thumbnail hentry nivel_do_destaque_-destaque-topo nivel_do_destaque_-outros-destaques\" role=\"listitem\">\n\t\t\t<div class=\"elementor-post__card\">\n\t\t\t\t<div class=\"elementor-post__text\">\n\t\t\t\t<h3 class=\"elementor-post__title\">\n\t\t\t<a href=\"https:\/\/portal.uern.br\/fanat\/destaques_\/pesquisadores-do-lacam-representaram-uern-no-3o-congresso-da-rede-brasileira-de-bioquerosene-e-hidrocarbonetos-sustentaveis-para-aviacao\/\" >\n\t\t\t\tPesquisadores do LACAM representaram Uern no 3\u00ba Congresso da Rede Brasileira de Bioquerosene e Hidrocarbonetos Sustent\u00e1veis para Avia\u00e7\u00e3o\t\t\t<\/a>\n\t\t<\/h3>\n\t\t\t\t<div class=\"elementor-post__excerpt\">\n\t\t\t<p>Pesquisadores do Laborat\u00f3rio de Cat\u00e1lise Ambiente e Materiais (LACAM) da Faculdade de Ci\u00eancias Exatas e Naturais (Fanat) participaram do 3\u00ba Congresso da Rede Brasileira de<\/p>\n\t\t<\/div>\n\t\t\t\t<\/div>\n\t\t\t\t\t<\/div>\n\t\t<\/article>\n\t\t\t\t<article class=\"elementor-post elementor-grid-item post-1053 destaques_ type-destaques_ status-publish has-post-thumbnail hentry nivel_do_destaque_-outros-destaques\" role=\"listitem\">\n\t\t\t<div class=\"elementor-post__card\">\n\t\t\t\t<div class=\"elementor-post__text\">\n\t\t\t\t<h3 class=\"elementor-post__title\">\n\t\t\t<a href=\"https:\/\/portal.uern.br\/fanat\/destaques_\/professores-da-fanat-participam-do-programa-de-formacao-de-formadores-do-ped-brasil\/\" >\n\t\t\t\tProfessores da Fanat participam do Programa de Forma\u00e7\u00e3o de Formadores do PED Brasil\t\t\t<\/a>\n\t\t<\/h3>\n\t\t\t\t<div class=\"elementor-post__excerpt\">\n\t\t\t<p>Professores dos cursos de Matem\u00e1tica da Fanat\/Uern est\u00e3o participando da semana de forma\u00e7\u00e3o de professores do Programa de Especializa\u00e7\u00e3o Docente (PED Brasil). Oito professores, sendo<\/p>\n\t\t<\/div>\n\t\t\t\t<\/div>\n\t\t\t\t\t<\/div>\n\t\t<\/article>\n\t\t\t\t<\/div>\n\t\t\n\t\t\t\t\t\t<\/div>\n\t\t\t\t<\/div>\n\t\t\t\t\t<\/div>\n\t\t<\/div>\n\t\t\t\t\t<\/div>\n\t\t<\/section>\n\t\t\t\t<\/div>\n\t\t","protected":false},"excerpt":{"rendered":"","protected":false},"author":1,"featured_media":0,"parent":0,"menu_order":0,"comment_status":"closed","ping_status":"closed","template":"","meta":{"footnotes":""},"class_list":["post-200","page","type-page","status-publish","hentry"],"_links":{"self":[{"href":"https:\/\/portal.uern.br\/fanat\/wp-json\/wp\/v2\/pages\/200","targetHints":{"allow":["GET"]}}],"collection":[{"href":"https:\/\/portal.uern.br\/fanat\/wp-json\/wp\/v2\/pages"}],"about":[{"href":"https:\/\/portal.uern.br\/fanat\/wp-json\/wp\/v2\/types\/page"}],"author":[{"embeddable":true,"href":"https:\/\/portal.uern.br\/fanat\/wp-json\/wp\/v2\/users\/1"}],"replies":[{"embeddable":true,"href":"https:\/\/portal.uern.br\/fanat\/wp-json\/wp\/v2\/comments?post=200"}],"version-history":[{"count":59,"href":"https:\/\/portal.uern.br\/fanat\/wp-json\/wp\/v2\/pages\/200\/revisions"}],"predecessor-version":[{"id":1061,"href":"https:\/\/portal.uern.br\/fanat\/wp-json\/wp\/v2\/pages\/200\/revisions\/1061"}],"wp:attachment":[{"href":"https:\/\/portal.uern.br\/fanat\/wp-json\/wp\/v2\/media?parent=200"}],"curies":[{"name":"wp","href":"https:\/\/api.w.org\/{rel}","templated":true}]}}