{"id":1007,"date":"2024-04-12T08:50:03","date_gmt":"2024-04-12T11:50:03","guid":{"rendered":"https:\/\/portal.uern.br\/fanat\/?page_id=1007"},"modified":"2024-06-21T08:38:59","modified_gmt":"2024-06-21T11:38:59","slug":"perguntas-frequentes","status":"publish","type":"page","link":"https:\/\/portal.uern.br\/fanat\/perguntas-frequentes\/","title":{"rendered":"Perguntas Frequentes"},"content":{"rendered":"<p><b>Quais cursos de gradua\u00e7\u00e3o s\u00e3o ofertados?<\/b><\/p>\n<p><span style=\"font-weight: 400\">S\u00e3o oferecidos os seguintes cursos de gradua\u00e7\u00e3o:<\/span><\/p>\n<ul>\n<li><a href=\"https:\/\/portal.uern.br\/fanat\/matematica\/\" target=\"_blank\" rel=\"noopener\"><span style=\"font-weight: 400\">Matem\u00e1tica \u2014 Licenciatura \u2014 noturno e vespertino;<\/span><\/a><\/li>\n<li><a href=\"https:\/\/portal.uern.br\/fanat\/ciencias-biologicas-licenciatura\/\" target=\"_blank\" rel=\"noopener\"><span style=\"font-weight: 400\">Biologia \u2014 Licenciatura \u2014 matutino;<\/span><\/a><\/li>\n<li><span style=\"font-weight: 400\"><a href=\"https:\/\/portal.uern.br\/fanat\/ciencias-biologicas-bacharelado\/\" target=\"_blank\" rel=\"noopener\">Biologia \u2014 Bacharelado \u2014 vespertino<\/a>;<\/span><\/li>\n<li><a href=\"https:\/\/portal.uern.br\/fanat\/quimica\/\" target=\"_blank\" rel=\"noopener\"><span style=\"font-weight: 400\">Qu\u00edmica \u2014 Licenciatura \u2014 matutino e vespertino;<\/span><\/a><\/li>\n<li><a href=\"https:\/\/portal.uern.br\/fanat\/fisica\/\" target=\"_blank\" rel=\"noopener\"><span style=\"font-weight: 400\">F\u00edsica \u2014 Licenciatura \u2014 matutino e vespertino;<\/span><\/a><\/li>\n<li><a href=\"https:\/\/portal.uern.br\/fanat\/ciencia-da-computacao\/\" target=\"_blank\" rel=\"noopener\"><span style=\"font-weight: 400\">Ci\u00eancia da Computa\u00e7\u00e3o \u2014 Bacharelado \u2014 matutino.<\/span><\/a><\/li>\n<\/ul>\n<p>&nbsp;<\/p>\n<p><b>Qual a forma de ingresso nos cursos de gradua\u00e7\u00e3o?<\/b><\/p>\n<ul>\n<li><span style=\"font-weight: 400\">Via SiSU:<\/span><span style=\"font-weight: 400\"> editais s\u00e3o publicados na p\u00e1gina <a href=\"https:\/\/portal.uern.br\/proeg\/sisu\/\" target=\"_blank\" rel=\"noopener\">SiSU &#8211;\u00a0 UERN<\/a>.<\/span><\/li>\n<li><span style=\"font-weight: 400\">Via <\/span><i><span style=\"font-weight: 400\">Processo Seletivo de Vagas N\u00e3o Iniciais<\/span><\/i> <span style=\"font-weight: 400\">(PSVNI)<\/span><span style=\"font-weight: 400\"> e <\/span><i><span style=\"font-weight: 400\">Processo Seletivo de Vagas Ociosas<\/span><\/i> <span style=\"font-weight: 400\">(PSVO)<\/span><span style=\"font-weight: 400\">, ambos com editais publicados na p\u00e1gina <a href=\"https:\/\/portal.uern.br\/proeg\/sisu\/\" target=\"_blank\" rel=\"noopener\">SiSU &#8211;\u00a0 UERN<\/a>.<\/span><\/li>\n<\/ul>\n<p>&nbsp;<\/p>\n<p><b>Quais cursos de p\u00f3s-Gradua\u00e7\u00e3o s\u00e3o ofertados?<\/b><\/p>\n<p><span style=\"font-weight: 400\">A faculdade oferta os seguintes cursos de p\u00f3s-gradua\u00e7\u00e3o:<\/span><\/p>\n<ul>\n<li><a href=\"https:\/\/ppgf.uern.br\/\" target=\"_blank\" rel=\"noopener\"><span style=\"font-weight: 400\">Mestrado e Doutorado em F\u00edsica \u2014 PPGF<\/span><\/a><\/li>\n<li><a href=\"https:\/\/sigaa.uern.br\/sigaa\/public\/programa\/apresentacao.jsf?lc=pt_BR&amp;id=1042\" target=\"_blank\" rel=\"noopener\"><span style=\"font-weight: 400\">Mestrado em Ci\u00eancias Naturais \u2014 PPGCN<\/span><\/a><\/li>\n<li><a href=\"https:\/\/ppgcc.ufersa.edu.br\/\" target=\"_blank\" rel=\"noopener\"><span style=\"font-weight: 400\">Mestrado em Ci\u00eancia da Computa\u00e7\u00e3o \u2014 PPGCC<\/span><\/a><\/li>\n<li><a href=\"https:\/\/sigaa.uern.br\/sigaa\/public\/programa\/portal.jsf?lc=pt_BR&amp;id=1057\" target=\"_blank\" rel=\"noopener\"><span style=\"font-weight: 400\">Mestrado Profissional em Biologia \u2014 PROFBIO<\/span><\/a><\/li>\n<\/ul>\n<p>&nbsp;<\/p>\n<p><b>Preciso do Hist\u00f3rico\/Declara\u00e7\u00e3o de v\u00ednculo, onde consigo?<\/b><\/p>\n<ul>\n<li><span style=\"font-weight: 400\">Os documentos acad\u00eamicos podem ser obtidos no <a href=\"https:\/\/sigaa.uern.br\/sigaa\/verTelaLogin.do\" target=\"_blank\" rel=\"noopener\">SIGAA do aluno<\/a>.<\/span><\/li>\n<li><span style=\"font-weight: 400\">Outra forma \u00e9 solicitar ao setor competente, a Diretoria de Registro e Controle Acad\u00eamico \u2014 DIRCA, devendo ser consultada atrav\u00e9s do contato: <\/span>sec.<i>dirca@uern.br <\/i>ou<i> protocolo.dirca@uern.br\u00a0<\/i><\/li>\n<\/ul>\n<p>&nbsp;<\/p>\n<p><b>Posso antecipar meus estudos?<\/b><\/p>\n<ul>\n<li><span style=\"font-weight: 400\">Em alguns casos, \u00e9 poss\u00edvel.\u00a0<\/span><span style=\"font-weight: 400\">A Resolu\u00e7\u00e3o 12\/2012 prev\u00ea que o aluno regular de curso de gradua\u00e7\u00e3o, <\/span><strong><i>poss\u00edvel concluinte no semestre em andamento<\/i><\/strong><span style=\"font-weight: 400\">, poder\u00e1, em car\u00e1ter excepcional, solicitar a abrevia\u00e7\u00e3o da dura\u00e7\u00e3o de seu curso, por meio da <\/span><span style=\"font-weight: 400\">antecipa\u00e7\u00e3o de estudos<\/span><span style=\"font-weight: 400\">, <em><strong>desde que <\/strong><\/em><\/span><em><strong>aprovado em concurso p\u00fablico<\/strong><\/em><span style=\"font-weight: 400\"><em><strong>, dentro do n\u00famero de vagas para cargo que exija o diploma de conclus\u00e3o do curso em andament<\/strong><\/em>o, ou, ainda, em virtude de <strong><em>aceita\u00e7\u00e3o para cursar <\/em><\/strong><\/span><strong><em>programa de p\u00f3s-gradua\u00e7\u00e3o stricto sensu<\/em><\/strong><span style=\"font-weight: 400\">.\u00a0<\/span><\/li>\n<li><span style=\"font-weight: 400\">Para mais informa\u00e7\u00f5es \u00e9 importante consultar o Orientador Acad\u00eamico do curso, secretaria do departamento do seu curso ou a secretaria da faculdade.<\/span><\/li>\n<\/ul>\n<p>&nbsp;<\/p>\n<p><b>N\u00e3o pude realizar uma avalia\u00e7\u00e3o por motivo de for\u00e7a maior, posso solicitar uma Segunda Chamada?<\/b><\/p>\n<p><span style=\"font-weight: 400\">Sim, conforme disposto no<\/span> <span style=\"font-weight: 400\">Regimento Geral da UERN:<\/span><\/p>\n<ul>\n<li><span style=\"font-weight: 400\">Art. 141. O(A) discente que faltar ou deixar de realizar qualquer uma das avalia\u00e7\u00f5es <strong><em>poder\u00e1 solicitar, no prazo de dois dias \u00fateis<\/em><\/strong>, na secretaria do departamento que oferta o componente curricular, a oportunidade de realiz\u00e1-la em segunda chamada. <\/span>\n<ul>\n<li><span style=\"font-weight: 400\">\u00a71\u00b0 O requerimento dever\u00e1 ser <em><strong>justificado<\/strong><\/em>, cabendo ao(\u00e0) professor(a) do componente emitir decis\u00e3o.\u00a0\u00a0<\/span><\/li>\n<li><span style=\"font-weight: 400\"> 2\u00ba Caso a decis\u00e3o seja favor\u00e1vel, o(a) professor(a) j\u00e1 dever\u00e1, no <strong><em>prazo m\u00e1ximo de cinco dias \u00fateis<\/em><\/strong>, informar a data de realiza\u00e7\u00e3o da segunda chamada, que poder\u00e1 ocorrer em at\u00e9 15 dias \u00fateis.\u00a0<\/span><\/li>\n<li><span style=\"font-weight: 400\"> 3\u00ba Caso a decis\u00e3o seja desfavor\u00e1vel, o(a) discente poder\u00e1 interpor recurso ao Colegiado do curso, no prazo de<strong> cinco dias \u00fateis<\/strong>.<\/span><\/li>\n<\/ul>\n<\/li>\n<li><span style=\"font-weight: 400\">Para fazer a solicita\u00e7\u00e3o online, acesse este <a href=\"https:\/\/forms.gle\/2Dt3BW9Bu9FUcXpCA\" target=\"_blank\" rel=\"noopener\">LINK<\/a>.<\/span><\/li>\n<\/ul>\n<p>&nbsp;<\/p>\n<p><b>N\u00e3o concordo com o resultado de uma avalia\u00e7\u00e3o, posso recorrer?\u00a0<\/b><\/p>\n<p><span style=\"font-weight: 400\">Sim, conforme disposto no<\/span> <span style=\"font-weight: 400\">Regimento Geral da UERN, Art. 148:<\/span><\/p>\n<ul>\n<li><span style=\"font-weight: 400\"> 1\u00ba \u00c9 garantido ao(\u00e0) discente o direito de vista da avalia\u00e7\u00e3o <em><strong>depois de corrigida pelo(a) docente quando de sua an\u00e1lise em classe<\/strong><\/em>.\u00a0<\/span><\/li>\n<li><span style=\"font-weight: 400\"> 2\u00ba \u00c9 direito do(a) discente recorrer quando n\u00e3o concordar com a nota atribu\u00edda pelo(a) docente, podendo solicitar revis\u00e3o da corre\u00e7\u00e3o e do resultado atribu\u00eddo \u00e0 avalia\u00e7\u00e3o, observando os seguintes procedimentos:<\/span>\n<ul>\n<li>I \u2014 a solicita\u00e7\u00e3o dever\u00e1 ser realizada mediante requerimento escrito, fundamentado com as raz\u00f5es do recurso;<\/li>\n<li>II \u2014 a revis\u00e3o \u00e9 requerida ao(\u00e0) chefe do departamento a que esteja vinculado o componente curricular, no prazo m\u00e1ximo de tr\u00eas dias \u00fateis, contado da data de publica\u00e7\u00e3o de cada resultado.<\/li>\n<\/ul>\n<\/li>\n<\/ul>\n<p>&nbsp;<\/p>\n<p><b>Quando come\u00e7am as aulas do pr\u00f3ximo semestre?<\/b><\/p>\n<ul>\n<li><span style=\"font-weight: 400\">As aulas de cada semestre t\u00eam in\u00edcio e fim determinados pelo calend\u00e1rio universit\u00e1rio, o qual \u00e9 aprovado semestralmente pelo CONSEPE e disponibilizado neste <a href=\"https:\/\/portal.uern.br\/proeg\/calendario-universitario\/\" target=\"_blank\" rel=\"noopener\">LINK<\/a>.<\/span><\/li>\n<li><span style=\"font-weight: 400\">O calend\u00e1rio traz ainda diversas outras informa\u00e7\u00f5es como a previs\u00e3o de publica\u00e7\u00e3o de Editais, como o do PSVNI, Calend\u00e1rio de Cola\u00e7\u00f5es de Grau, feriados e eventos.<\/span><\/li>\n<\/ul>\n","protected":false},"excerpt":{"rendered":"<p>Quais cursos de gradua\u00e7\u00e3o s\u00e3o ofertados? S\u00e3o oferecidos os seguintes cursos de gradua\u00e7\u00e3o: Matem\u00e1tica \u2014 Licenciatura \u2014 noturno e vespertino; Biologia \u2014 Licenciatura \u2014 matutino; Biologia \u2014 Bacharelado \u2014 vespertino; Qu\u00edmica \u2014 Licenciatura \u2014 matutino e vespertino; F\u00edsica \u2014 Licenciatura \u2014 matutino e vespertino; Ci\u00eancia da Computa\u00e7\u00e3o \u2014 Bacharelado \u2014 matutino. &nbsp; Qual a forma [&hellip;]<\/p>\n","protected":false},"author":3,"featured_media":0,"parent":0,"menu_order":0,"comment_status":"closed","ping_status":"closed","template":"","meta":{"footnotes":""},"class_list":["post-1007","page","type-page","status-publish","hentry"],"_links":{"self":[{"href":"https:\/\/portal.uern.br\/fanat\/wp-json\/wp\/v2\/pages\/1007","targetHints":{"allow":["GET"]}}],"collection":[{"href":"https:\/\/portal.uern.br\/fanat\/wp-json\/wp\/v2\/pages"}],"about":[{"href":"https:\/\/portal.uern.br\/fanat\/wp-json\/wp\/v2\/types\/page"}],"author":[{"embeddable":true,"href":"https:\/\/portal.uern.br\/fanat\/wp-json\/wp\/v2\/users\/3"}],"replies":[{"embeddable":true,"href":"https:\/\/portal.uern.br\/fanat\/wp-json\/wp\/v2\/comments?post=1007"}],"version-history":[{"count":6,"href":"https:\/\/portal.uern.br\/fanat\/wp-json\/wp\/v2\/pages\/1007\/revisions"}],"predecessor-version":[{"id":1203,"href":"https:\/\/portal.uern.br\/fanat\/wp-json\/wp\/v2\/pages\/1007\/revisions\/1203"}],"wp:attachment":[{"href":"https:\/\/portal.uern.br\/fanat\/wp-json\/wp\/v2\/media?parent=1007"}],"curies":[{"name":"wp","href":"https:\/\/api.w.org\/{rel}","templated":true}]}}