{"id":688,"date":"2023-10-16T09:05:01","date_gmt":"2023-10-16T12:05:01","guid":{"rendered":"https:\/\/portal.uern.br\/fanat\/fisica\/?page_id=688"},"modified":"2023-10-16T09:05:01","modified_gmt":"2023-10-16T12:05:01","slug":"resolucoes-especificas-do-curso","status":"publish","type":"page","link":"https:\/\/portal.uern.br\/fanat\/fisica\/resolucoes-especificas-do-curso\/","title":{"rendered":"Resolu\u00e7\u00f5es espec\u00edficas do curso"},"content":{"rendered":"<p><span style=\"font-weight: 400\">(quando houver)<\/span><\/p>\n","protected":false},"excerpt":{"rendered":"<p>(quando houver)<\/p>\n","protected":false},"author":2,"featured_media":0,"parent":0,"menu_order":0,"comment_status":"closed","ping_status":"closed","template":"","meta":{"footnotes":""},"class_list":["post-688","page","type-page","status-publish","hentry"],"_links":{"self":[{"href":"https:\/\/portal.uern.br\/fanat\/fisica\/wp-json\/wp\/v2\/pages\/688","targetHints":{"allow":["GET"]}}],"collection":[{"href":"https:\/\/portal.uern.br\/fanat\/fisica\/wp-json\/wp\/v2\/pages"}],"about":[{"href":"https:\/\/portal.uern.br\/fanat\/fisica\/wp-json\/wp\/v2\/types\/page"}],"author":[{"embeddable":true,"href":"https:\/\/portal.uern.br\/fanat\/fisica\/wp-json\/wp\/v2\/users\/2"}],"replies":[{"embeddable":true,"href":"https:\/\/portal.uern.br\/fanat\/fisica\/wp-json\/wp\/v2\/comments?post=688"}],"version-history":[{"count":1,"href":"https:\/\/portal.uern.br\/fanat\/fisica\/wp-json\/wp\/v2\/pages\/688\/revisions"}],"predecessor-version":[{"id":689,"href":"https:\/\/portal.uern.br\/fanat\/fisica\/wp-json\/wp\/v2\/pages\/688\/revisions\/689"}],"wp:attachment":[{"href":"https:\/\/portal.uern.br\/fanat\/fisica\/wp-json\/wp\/v2\/media?parent=688"}],"curies":[{"name":"wp","href":"https:\/\/api.w.org\/{rel}","templated":true}]}}