{"id":652,"date":"2023-10-16T08:58:53","date_gmt":"2023-10-16T11:58:53","guid":{"rendered":"https:\/\/portal.uern.br\/fanat\/fisica\/?page_id=652"},"modified":"2023-10-27T09:45:56","modified_gmt":"2023-10-27T12:45:56","slug":"tecnicos","status":"publish","type":"page","link":"https:\/\/portal.uern.br\/fanat\/fisica\/tecnicos\/","title":{"rendered":"T\u00e9cnicos"},"content":{"rendered":"<table style=\"border-collapse: collapse;width: 100%\">\n<tbody>\n<tr>\n<td style=\"width: 33.3333%;text-align: center\" colspan=\"3\"><strong>T\u00c9CNICOS DO DEPARTAMENTO DE F\u00cdSICA<\/strong><\/td>\n<\/tr>\n<tr>\n<td style=\"width: 33.3333%;text-align: center\"><strong>NOME<\/strong><\/td>\n<td style=\"width: 33.3333%;text-align: center\"><strong>CARGO<\/strong><\/td>\n<td style=\"width: 33.3333%;text-align: center\"><strong>CONTATO<\/strong><\/td>\n<\/tr>\n<tr>\n<td style=\"width: 33.3333%;text-align: center\"><a href=\"http:\/\/lattes.cnpq.br\/8800176609107261\">EUCLIDES FERREIRA DA COSTA NETO<\/a><\/td>\n<td style=\"width: 33.3333%;text-align: center\"><i>AGENTE T\u00c9CNICO ESPECIALIZADO &#8211; T\u00c9CNICO DE LABORAT\u00d3RIO<\/i><\/td>\n<td style=\"width: 33.3333%;text-align: center\">euclidesferreira@uern.br<\/td>\n<\/tr>\n<tr>\n<td style=\"width: 33.3333%;text-align: center\">\u00cdTALO MATHEUS DE OLIVEIRA PAIVA<\/td>\n<td style=\"width: 33.3333%;text-align: center\"><i>AGENTE T\u00c9CNICO ADMINISTRATIVO &#8211; AUXILIAR ADMINISTRATIVO<\/i><\/td>\n<td style=\"width: 33.3333%;text-align: center\">italopaiva@uern.br<\/td>\n<\/tr>\n<tr>\n<td style=\"width: 33.3333%;text-align: center\"><a href=\"http:\/\/lattes.cnpq.br\/8500838676743812\">JO\u00c3O BARBOSA NETO<\/a><\/td>\n<td style=\"width: 33.3333%;text-align: center\"><i>AGENTE T\u00c9CNICO ESPECIALIZADO &#8211; T\u00c9CNICO DE LABORAT\u00d3RIO<\/i><\/td>\n<td style=\"width: 33.3333%;text-align: center\">joaoneto@uern.br<\/td>\n<\/tr>\n<tr>\n<td style=\"width: 33.3333%;text-align: center\"><a href=\"http:\/\/lattes.cnpq.br\/1011645279959043\">TH\u00c1SIA RACHELL MAIA MORAIS<\/a><\/td>\n<td style=\"width: 33.3333%;text-align: center\"><i>T\u00c9CNICO DE N\u00cdVEL SUPERIOR &#8211; ASSISTENTE ADMINISTRATIVO<\/i><\/td>\n<td style=\"width: 33.3333%;text-align: center\">thasiarachell@uern.br<\/td>\n<\/tr>\n<\/tbody>\n<\/table>\n","protected":false},"excerpt":{"rendered":"<p>T\u00c9CNICOS DO DEPARTAMENTO DE F\u00cdSICA NOME CARGO CONTATO EUCLIDES FERREIRA DA COSTA NETO AGENTE T\u00c9CNICO ESPECIALIZADO &#8211; T\u00c9CNICO DE LABORAT\u00d3RIO euclidesferreira@uern.br \u00cdTALO MATHEUS DE OLIVEIRA PAIVA AGENTE T\u00c9CNICO ADMINISTRATIVO &#8211; AUXILIAR ADMINISTRATIVO italopaiva@uern.br JO\u00c3O BARBOSA NETO AGENTE T\u00c9CNICO ESPECIALIZADO &#8211; T\u00c9CNICO DE LABORAT\u00d3RIO joaoneto@uern.br TH\u00c1SIA RACHELL MAIA MORAIS T\u00c9CNICO DE N\u00cdVEL SUPERIOR &#8211; ASSISTENTE ADMINISTRATIVO [&hellip;]<\/p>\n","protected":false},"author":2,"featured_media":0,"parent":0,"menu_order":0,"comment_status":"closed","ping_status":"closed","template":"","meta":{"footnotes":""},"class_list":["post-652","page","type-page","status-publish","hentry"],"_links":{"self":[{"href":"https:\/\/portal.uern.br\/fanat\/fisica\/wp-json\/wp\/v2\/pages\/652","targetHints":{"allow":["GET"]}}],"collection":[{"href":"https:\/\/portal.uern.br\/fanat\/fisica\/wp-json\/wp\/v2\/pages"}],"about":[{"href":"https:\/\/portal.uern.br\/fanat\/fisica\/wp-json\/wp\/v2\/types\/page"}],"author":[{"embeddable":true,"href":"https:\/\/portal.uern.br\/fanat\/fisica\/wp-json\/wp\/v2\/users\/2"}],"replies":[{"embeddable":true,"href":"https:\/\/portal.uern.br\/fanat\/fisica\/wp-json\/wp\/v2\/comments?post=652"}],"version-history":[{"count":4,"href":"https:\/\/portal.uern.br\/fanat\/fisica\/wp-json\/wp\/v2\/pages\/652\/revisions"}],"predecessor-version":[{"id":751,"href":"https:\/\/portal.uern.br\/fanat\/fisica\/wp-json\/wp\/v2\/pages\/652\/revisions\/751"}],"wp:attachment":[{"href":"https:\/\/portal.uern.br\/fanat\/fisica\/wp-json\/wp\/v2\/media?parent=652"}],"curies":[{"name":"wp","href":"https:\/\/api.w.org\/{rel}","templated":true}]}}