{"id":612,"date":"2023-03-14T07:14:20","date_gmt":"2023-03-14T10:14:20","guid":{"rendered":"https:\/\/portal.uern.br\/fala\/?page_id=612"},"modified":"2025-12-16T08:28:07","modified_gmt":"2025-12-16T11:28:07","slug":"discente","status":"publish","type":"page","link":"https:\/\/portal.uern.br\/fala\/discente\/","title":{"rendered":"Discente"},"content":{"rendered":"<h3>2\u00aa Chamada de Avalia\u00e7\u00e3o<\/h3>\n<p><a href=\"https:\/\/docs.google.com\/forms\/d\/1KDbPIZA2VriM2BPLqKAFwFKwyF735QB5kW7jW9CdhnI\/edit\" target=\"_blank\" rel=\"noopener\">Requerimento de 2\u00aa Chamada de Avalia\u00e7\u00e3o (Clique aqui)<\/a><\/p>\n<h3>FALTEI, O QUE FAZER?<\/h3>\n<p>Se faltou a uma avalia\u00e7\u00e3o, solicite, em at\u00e9 <strong>2 (dois) dias \u00fateis<\/strong>, a reposi\u00e7\u00e3o, preenchendo o formul\u00e1rio acima.<br \/>\nVoc\u00ea tem direito a <strong>25% de faltas<\/strong> dentro da <strong>carga hor\u00e1ria te\u00f3rica<\/strong> de cada disciplina. O atestado m\u00e9dico justifica sua falta, mas n\u00e3o a abona.<\/p>\n<hr \/>\n<h3>NA SUA PLATAFORMA:<\/h3>\n<p>Certid\u00e3o de V\u00ednculo, Faltas, Notas, PGCC e Cronograma da Disciplina, Cr\u00e9ditos, Horas Complementares, IRA e prazo para concluir o curso.<\/p>\n<h3><\/h3>\n<h3><a href=\"https:\/\/drive.google.com\/file\/d\/18YS3fdtNt2wHiBhf93-jU9-sBaYPAvPB\/view?usp=sharing\">MANUAL DO(A) DISCENTE<\/a><\/h3>\n<h3><a href=\"https:\/\/drive.google.com\/file\/d\/1hsoMCkpWL1_xet1ZBG9ikd9DRripJwpx\/view?usp=sharing\">MANUAL DO INGRESSANTE<\/a><\/h3>\n<p><a href=\"https:\/\/drive.google.com\/file\/d\/1smahhCgeC_M09o9a6IDLNsB3rFWKD4go\/view?usp=sharing\"><span style=\"font-size: 14pt\"><strong>INFORMA\u00c7\u00d5ES IMPORTANTES &#8211; SEDE II<\/strong><\/span><\/a><\/p>\n<p><a href=\"https:\/\/drive.google.com\/file\/d\/1DKiJ1ERLxU44R2UnQGmU3s_J2u7zq5oD\/view?usp=sharing\"><span style=\"font-size: 18.6667px\"><b>ORIENTA\u00c7\u00d5ES GERAIS PARA A REALIZA\u00c7\u00c3O E PARTICIPA\u00c7\u00c3O DE DOCENTES E DISCENTES EM EVENTOS DA FALA<\/b><\/span><\/a><\/p>\n<p>&nbsp;<\/p>\n<h3>LINKS IMPORTANTES:<\/h3>\n<p><a href=\"https:\/\/www.uern.br\/controledepaginas\/documentos-legislacao-ensino\/arquivos\/0065resolua%C2%A7a%C2%A3o_11_93_consuni_dispa%C2%B5e_sobre_a_verificaa%C2%A7a%C2%A3o_do_rendimento_escolar.pdf\">Avalia\u00e7\u00e3o de Rendimento Escolar: Resolu\u00e7\u00e3o 11\/1993-CONSUNI\u00a0(Clique aqui)<\/a><\/p>\n<p><a href=\"https:\/\/portal.uern.br\/regimento-geral\/\">Regimento Geral da UERN (Clique aqui)<\/a><\/p>\n<p><a href=\"https:\/\/www.uern.br\/controledepaginas\/Proeg-L.Interna\/arquivos\/3129resolua%C2%A7a%C2%A3o_026_2017.consepe_novo_rcg.pdf\">Regulamento dos Cursos de Gradua\u00e7\u00e3o da UERN (Clique aqui)<\/a><\/p>\n<p><a href=\"https:\/\/drive.google.com\/file\/d\/1K60D4aMjGftKUACfqNR2XIJZe8hT6Iaw\/view?usp=sharing\">Pol\u00edticas Estudantis<\/a><\/p>\n<p>&nbsp;<\/p>\n<h3>Orientadores Acad\u00eamicos da FALA<\/h3>\n<p><em><strong>Curso de Letras L\u00edngua Portuguesa<\/strong><\/em><\/p>\n<p>Prof. Ant\u00f4nio Felipe Arag\u00e3o dos Santos (turno matutino) e Profa. Ana Maria de Carvalho (turno noturno)<br \/>\nE-mail: oaportugues.fala@uern.br<\/p>\n<p><em><strong>Hor\u00e1rio de atendimento<\/strong><\/em><\/p>\n<p>Prof. Ant\u00f4nio Felipe Arag\u00e3o dos Santos &#8211; Quinta-feira, das 09h30 \u00e0s 11h30<\/p>\n<p>Profa. Ana Maria de Carvalho &#8211; Quarta-feira, das 19h \u00e0s 20h30<\/p>\n<p>&nbsp;<\/p>\n<p><em><strong>Curso de Letras L\u00edngua Portuguesa EaD<\/strong><\/em><\/p>\n<p>Prof. Edgley Freire Tavares<br \/>\nE-mail: oaletrasportugues.ead@uern.br<\/p>\n<p>&nbsp;<\/p>\n<p><em><strong>Curso de Letras L\u00edngua Inglesa<\/strong><\/em><\/p>\n<p>Prof. Wanderley da Silva (turno matutino) e Prof. Nilson Roberto Barros da Silva (turno noturno)<br \/>\nE-mail: oaingles.fala@uern.br<\/p>\n<p><em><strong>Hor\u00e1rio de atendimento<\/strong><\/em><\/p>\n<p>Prof. Wanderley da Silva &#8211; N\u00e3o informado<\/p>\n<p>Prof. Nilson Roberto Barros da Silva &#8211; Quarta-feira, das 19h \u00e0s 20h30 e, tamb\u00e9m, dispon\u00edvel ao longo de todos os dias da semana via e-mail (<a href=\"mailto:nilsonbarros@uern.br\">nilsonbarros@uern.br<\/a>)<\/p>\n<p>&nbsp;<\/p>\n<p><em><strong>Curso de Letras L\u00edngua Inglesa EaD<\/strong><\/em><\/p>\n<p>Profa. Adriana Almeida Fernandes<br \/>\nE-mail: oainglesead.fala@uern.br<\/p>\n<p>&nbsp;<\/p>\n<p><em><strong>Curso de Letras L\u00edngua Espanhola<\/strong><\/em><\/p>\n<p>Profa. Aparecida Antonia Alves Herrera<br \/>\nE-mail: oaespanhol.fala@uern.br<\/p>\n<p><em><strong>Hor\u00e1rio de atendimento<\/strong><\/em><\/p>\n<p>N\u00e3o informado.<\/p>\n<p>&nbsp;<\/p>\n<p><em><strong>Curso de M\u00fasica<\/strong><\/em><\/p>\n<p>Prof. Renan Colombo Sim\u00f5es<br \/>\nE-mail: oamusica.fala@uern.br<\/p>\n<p><em><strong>Hor\u00e1rio de atendimento<\/strong><\/em><\/p>\n<p>Segunda-feira, das 19h \u00e0s 21h<\/p>\n<p>&nbsp;<\/p>\n<p><em><strong>Curso de M\u00fasica EaD<\/strong><\/em><\/p>\n<p>Prof. Gleisson do Carmo Oliveira<br \/>\nE-mail: oamusicaead.fala@uern.br<\/p>\n<p>&nbsp;<\/p>\n<hr \/>\n<h3>Centro Acad\u00eamico Adilino Juv\u00eancio de Andrade (Cursos de Letras L\u00edngua Portuguesa, L\u00edngua Inglesa e L\u00edngua Espanhola)<\/h3>\n<h4>Chapa &#8220;Tempo de Plantar&#8221; (Gest\u00e3o 2025-2026)<\/h4>\n<p><strong>Representa\u00e7\u00e3o Estudantil<\/strong><\/p>\n<ul>\n<li>Coordenadoria Geral: Kaeme Monteiro Andrade<\/li>\n<li>Coordenadoria Geral Adjunta: Lorena de Miranda Ferreira<\/li>\n<li>Secretaria Geral: Lury Hort\u00eancio Costa Morais<\/li>\n<li>Tesouraria Geral: Davi Elienai Silveira de Souza<\/li>\n<li>Coordenadoria de Acessibilidade e Inclus\u00e3o: Eliabi Bras\u00e3o Figueredo<\/li>\n<li>Coordenadoria de Arte, Cultura e Lazer: Lucineide Pereira da Rocha Dantas<\/li>\n<li>Coordenadoria de Assist\u00eancia Estudantil: Amanda Lara Lima Costa<\/li>\n<li>Coordenadoria de Comunica\u00e7\u00e3o: Sabrina Vit\u00f3ria Oliveira de Medeiros<\/li>\n<li>Coordenadoria de Diversidade Sexual e Identidade de G\u00eanero: Kleber Frank da Silva J\u00fanior<\/li>\n<li>Coordenadoria de Ensino, Pesquisa e Extens\u00e3o: Nicolly Alves Chaves Fontes<\/li>\n<li>Coordenadoria de Equidade \u00c9tnico-Racial: Maria de F\u00e1tima Crispim do Nascimento<\/li>\n<li>Coordenadoria de Mulheridades e Equidade de G\u00eanero: Geanny Galv\u00e3o da Silva<\/li>\n<\/ul>\n<p><em><strong>E-mail: caaja@uern.br<\/strong><\/em><\/p>\n<hr \/>\n<h3>Centro Acad\u00eamico Hulda Nunes da Paz (Curso de M\u00fasica)<\/h3>\n<h4>Chapa &#8220;Esther Scliar&#8221; (Gest\u00e3o 2024-2025)<\/h4>\n<p><strong>Representa\u00e7\u00e3o Estudantil<\/strong><\/p>\n<ul>\n<li>Coordenadoria Geral: T\u00e1lio Vitor de Lima Louren\u00e7o<\/li>\n<li>Vice-Coordena\u00e7\u00e3o: Kauan S\u00e9rgio Santos Correia<\/li>\n<li>Secretaria Geral: Elias Ferreira de Souza Neto<\/li>\n<li>Tesouraria Geral: Aurielle Rodrigues da Silva<\/li>\n<li>Coordena\u00e7\u00e3o Cultural: Odara J\u00falia de Oliveira Freire<\/li>\n<\/ul>\n<p><em><strong>E-mail: camusica@uern.br<\/strong><\/em><\/p>\n","protected":false},"excerpt":{"rendered":"<p>2\u00aa Chamada de Avalia\u00e7\u00e3o Requerimento de 2\u00aa Chamada de Avalia\u00e7\u00e3o (Clique aqui) FALTEI, O QUE FAZER? Se faltou a uma avalia\u00e7\u00e3o, solicite, em at\u00e9 2 (dois) dias \u00fateis, a reposi\u00e7\u00e3o, preenchendo o formul\u00e1rio acima. Voc\u00ea tem direito a 25% de faltas dentro da carga hor\u00e1ria te\u00f3rica de cada disciplina. O atestado m\u00e9dico justifica sua falta, [&hellip;]<\/p>\n","protected":false},"author":3,"featured_media":0,"parent":0,"menu_order":0,"comment_status":"closed","ping_status":"closed","template":"","meta":{"footnotes":""},"class_list":["post-612","page","type-page","status-publish","hentry"],"_links":{"self":[{"href":"https:\/\/portal.uern.br\/fala\/wp-json\/wp\/v2\/pages\/612","targetHints":{"allow":["GET"]}}],"collection":[{"href":"https:\/\/portal.uern.br\/fala\/wp-json\/wp\/v2\/pages"}],"about":[{"href":"https:\/\/portal.uern.br\/fala\/wp-json\/wp\/v2\/types\/page"}],"author":[{"embeddable":true,"href":"https:\/\/portal.uern.br\/fala\/wp-json\/wp\/v2\/users\/3"}],"replies":[{"embeddable":true,"href":"https:\/\/portal.uern.br\/fala\/wp-json\/wp\/v2\/comments?post=612"}],"version-history":[{"count":42,"href":"https:\/\/portal.uern.br\/fala\/wp-json\/wp\/v2\/pages\/612\/revisions"}],"predecessor-version":[{"id":2117,"href":"https:\/\/portal.uern.br\/fala\/wp-json\/wp\/v2\/pages\/612\/revisions\/2117"}],"wp:attachment":[{"href":"https:\/\/portal.uern.br\/fala\/wp-json\/wp\/v2\/media?parent=612"}],"curies":[{"name":"wp","href":"https:\/\/api.w.org\/{rel}","templated":true}]}}