{"id":1692,"date":"2024-05-20T11:27:23","date_gmt":"2024-05-20T14:27:23","guid":{"rendered":"https:\/\/portal.uern.br\/fala\/?page_id=1692"},"modified":"2025-07-22T09:09:19","modified_gmt":"2025-07-22T12:09:19","slug":"perguntas-frequentes","status":"publish","type":"page","link":"https:\/\/portal.uern.br\/fala\/perguntas-frequentes\/","title":{"rendered":"Perguntas Frequentes"},"content":{"rendered":"<p><strong>Qual o objetivo dos nossos cursos?<\/strong><\/p>\n<p><strong>M\u00fasica:<\/strong><\/p>\n<p>Formar professores para o ensino de m\u00fasica, habilitando-os para a atua\u00e7\u00e3o em escolas de educa\u00e7\u00e3o b\u00e1sica, escolas especializadas da \u00e1rea e demais contextos de ensino e aprendizagem da m\u00fasica.<\/p>\n<p><strong>Letras (L\u00edngua Portuguesa, L\u00edngua Inglesa e L\u00edngua Espanhola):<\/strong><\/p>\n<p>Formar profissionais interculturalmente competentes, capazes de lidar, de forma cr\u00edtica, com as linguagens, especialmente a verbal, nos contextos oral e escrito, e conscientes de sua inser\u00e7\u00e3o na sociedade e das rela\u00e7\u00f5es com o outro.<\/p>\n<p><strong>Qual a fun\u00e7\u00e3o da Dire\u00e7\u00e3o da Faculdade?<\/strong><\/p>\n<p>A Dire\u00e7\u00e3o ser\u00e1 o \u00f3rg\u00e3o executivo encarregado de administrar a coordena\u00e7\u00e3o dos departamentos e das atividades da Unidade Universit\u00e1ria (Regimento Geral da UERN, Art. 40).<\/p>\n<p>Atribui\u00e7\u00f5es da Dire\u00e7\u00e3o: Regimento Geral da UERN, Art. 43.<\/p>\n<p><strong>Qual a fun\u00e7\u00e3o dos Departamentos?<\/strong><\/p>\n<p>Os Departamentos Acad\u00eamicos, como menor fra\u00e7\u00e3o da estrutura universit\u00e1ria para todos os efeitos da organiza\u00e7\u00e3o administrativa e did\u00e1tico-cient\u00edfica, compreender\u00e3o disciplinas afins e congregar\u00e3o o pessoal docente respectivo, para objetivos do Ensino, Pesquisa e Extens\u00e3o (Regimento Geral da UERN, Art. 46).<\/p>\n<p>Atribui\u00e7\u00f5es dos Departamentos: Regimento Geral da UERN, Art. 51.<\/p>\n<p><strong>O que \u00e9 a Orienta\u00e7\u00e3o Acad\u00eamica?<\/strong><\/p>\n<p>A Orienta\u00e7\u00e3o Acad\u00eamica de Curso (OAC) tem como objetivo orientar e acompanhar o aluno em sua forma\u00e7\u00e3o acad\u00eamico-profissional (Regulamento dos Cursos de Gradua\u00e7\u00e3o da UERN &#8211; RCG,<br \/>\nArt. 60).<\/p>\n<p>Atribui\u00e7\u00f5es da OAC: RCG Art. 63.<\/p>\n<p><strong>O que acontece se eu faltar a uma aula \/ avalia\u00e7\u00e3o?<\/strong><\/p>\n<p>Se faltou a uma avalia\u00e7\u00e3o, solicite, em at\u00e9 <strong>2 (dois) dias \u00fateis<\/strong>, a reposi\u00e7\u00e3o, preenchendo o formul\u00e1rio dispon\u00edvel na <a href=\"https:\/\/portal.uern.br\/fala\/discente\/\">p\u00e1gina Discente<\/a>. Se faltou a uma aula, voc\u00ea tem direito a 25% de faltas. O atestado justifica sua falta, para evitar reprova\u00e7\u00e3o, mas n\u00e3o a abona. (Resolu\u00e7\u00e3o no 11\/1993 &#8211; CONSUNI).<\/p>\n<p><strong>O que encontro no Sigaa?<\/strong><\/p>\n<p>Certid\u00e3o de V\u00ednculo, Faltas, Notas, PGCC e Cronograma da Disciplina, Cr\u00e9ditos, Horas Complementares, IRA e prazo para concluir o curso.<\/p>\n","protected":false},"excerpt":{"rendered":"<p>Qual o objetivo dos nossos cursos? M\u00fasica: Formar professores para o ensino de m\u00fasica, habilitando-os para a atua\u00e7\u00e3o em escolas de educa\u00e7\u00e3o b\u00e1sica, escolas especializadas da \u00e1rea e demais contextos de ensino e aprendizagem da m\u00fasica. Letras (L\u00edngua Portuguesa, L\u00edngua Inglesa e L\u00edngua Espanhola): Formar profissionais interculturalmente competentes, capazes de lidar, de forma cr\u00edtica, com [&hellip;]<\/p>\n","protected":false},"author":3,"featured_media":0,"parent":0,"menu_order":0,"comment_status":"closed","ping_status":"closed","template":"","meta":{"footnotes":""},"class_list":["post-1692","page","type-page","status-publish","hentry"],"_links":{"self":[{"href":"https:\/\/portal.uern.br\/fala\/wp-json\/wp\/v2\/pages\/1692","targetHints":{"allow":["GET"]}}],"collection":[{"href":"https:\/\/portal.uern.br\/fala\/wp-json\/wp\/v2\/pages"}],"about":[{"href":"https:\/\/portal.uern.br\/fala\/wp-json\/wp\/v2\/types\/page"}],"author":[{"embeddable":true,"href":"https:\/\/portal.uern.br\/fala\/wp-json\/wp\/v2\/users\/3"}],"replies":[{"embeddable":true,"href":"https:\/\/portal.uern.br\/fala\/wp-json\/wp\/v2\/comments?post=1692"}],"version-history":[{"count":7,"href":"https:\/\/portal.uern.br\/fala\/wp-json\/wp\/v2\/pages\/1692\/revisions"}],"predecessor-version":[{"id":2021,"href":"https:\/\/portal.uern.br\/fala\/wp-json\/wp\/v2\/pages\/1692\/revisions\/2021"}],"wp:attachment":[{"href":"https:\/\/portal.uern.br\/fala\/wp-json\/wp\/v2\/media?parent=1692"}],"curies":[{"name":"wp","href":"https:\/\/api.w.org\/{rel}","templated":true}]}}