{"id":402,"date":"2023-04-10T08:25:58","date_gmt":"2023-04-10T11:25:58","guid":{"rendered":"https:\/\/portal.uern.br\/fala\/neel\/?page_id=402"},"modified":"2025-12-09T09:35:56","modified_gmt":"2025-12-09T12:35:56","slug":"contato","status":"publish","type":"page","link":"https:\/\/portal.uern.br\/fala\/neel\/contato\/","title":{"rendered":"Contato"},"content":{"rendered":"<p><strong>E-mail:<\/strong><\/p>\n<p>neel@uern.br<\/p>\n<p><strong>Hor\u00e1rio de Funcionamento:<\/strong><\/p>\n<p>07h \u00e0s 13h<\/p>\n<p>16h \u00e0s 22h<\/p>\n<p><strong>Instagram:<\/strong><\/p>\n<p><a href=\"https:\/\/www.instagram.com\/uerneel\/\"><img decoding=\"async\" class=\"alignnone wp-image-854\" src=\"https:\/\/portal.uern.br\/fala\/neel\/wp-content\/uploads\/sites\/7\/2023\/11\/Instagram-logo-300x300.png\" alt=\"\" width=\"51\" height=\"51\" srcset=\"https:\/\/portal.uern.br\/fala\/neel\/wp-content\/uploads\/sites\/7\/2023\/11\/Instagram-logo-300x300.png 300w, https:\/\/portal.uern.br\/fala\/neel\/wp-content\/uploads\/sites\/7\/2023\/11\/Instagram-logo-1024x1024.png 1024w, https:\/\/portal.uern.br\/fala\/neel\/wp-content\/uploads\/sites\/7\/2023\/11\/Instagram-logo-150x150.png 150w, https:\/\/portal.uern.br\/fala\/neel\/wp-content\/uploads\/sites\/7\/2023\/11\/Instagram-logo-768x768.png 768w, https:\/\/portal.uern.br\/fala\/neel\/wp-content\/uploads\/sites\/7\/2023\/11\/Instagram-logo-1536x1536.png 1536w, https:\/\/portal.uern.br\/fala\/neel\/wp-content\/uploads\/sites\/7\/2023\/11\/Instagram-logo.png 2048w\" sizes=\"(max-width: 51px) 100vw, 51px\" \/><\/a><\/p>\n<p>&nbsp;<\/p>\n","protected":false},"excerpt":{"rendered":"<p>E-mail: neel@uern.br Hor\u00e1rio de Funcionamento: 07h \u00e0s 13h 16h \u00e0s 22h Instagram: &nbsp;<\/p>\n","protected":false},"author":1,"featured_media":0,"parent":0,"menu_order":0,"comment_status":"closed","ping_status":"closed","template":"","meta":{"footnotes":""},"class_list":["post-402","page","type-page","status-publish","hentry"],"_links":{"self":[{"href":"https:\/\/portal.uern.br\/fala\/neel\/wp-json\/wp\/v2\/pages\/402","targetHints":{"allow":["GET"]}}],"collection":[{"href":"https:\/\/portal.uern.br\/fala\/neel\/wp-json\/wp\/v2\/pages"}],"about":[{"href":"https:\/\/portal.uern.br\/fala\/neel\/wp-json\/wp\/v2\/types\/page"}],"author":[{"embeddable":true,"href":"https:\/\/portal.uern.br\/fala\/neel\/wp-json\/wp\/v2\/users\/1"}],"replies":[{"embeddable":true,"href":"https:\/\/portal.uern.br\/fala\/neel\/wp-json\/wp\/v2\/comments?post=402"}],"version-history":[{"count":10,"href":"https:\/\/portal.uern.br\/fala\/neel\/wp-json\/wp\/v2\/pages\/402\/revisions"}],"predecessor-version":[{"id":1155,"href":"https:\/\/portal.uern.br\/fala\/neel\/wp-json\/wp\/v2\/pages\/402\/revisions\/1155"}],"wp:attachment":[{"href":"https:\/\/portal.uern.br\/fala\/neel\/wp-json\/wp\/v2\/media?parent=402"}],"curies":[{"name":"wp","href":"https:\/\/api.w.org\/{rel}","templated":true}]}}