{"id":381,"date":"2023-04-10T08:19:09","date_gmt":"2023-04-10T11:19:09","guid":{"rendered":"https:\/\/portal.uern.br\/fala\/neel\/?page_id=381"},"modified":"2025-04-03T07:39:21","modified_gmt":"2025-04-03T10:39:21","slug":"lingua-inglesa","status":"publish","type":"page","link":"https:\/\/portal.uern.br\/fala\/neel\/lingua-inglesa\/","title":{"rendered":"Lingua Inglesa"},"content":{"rendered":"<p>L\u00edngua Inglesa I<\/p>\n<p>L\u00edngua Inglesa II<\/p>\n<p>L\u00edngua Inglesa III<\/p>\n<p>L\u00edngua Inglesa IV<\/p>\n<p>L\u00edngua Inglesa V<\/p>\n<p>L\u00edngua Inglesa VI<\/p>\n<p>L\u00edngua Inglesa VII<\/p>\n<p>L\u00edngua Inglesa VIII<\/p>\n<p>Obs.: Vide edital de turmas abertas para matr\u00edculas a cada semestre.<\/p>\n<p>Conte\u00fado Program\u00e1tico:<a href=\"https:\/\/drive.google.com\/file\/d\/1Azozaoj_X30OeM1x5T_FilLha-OBwU6L\/view?usp=sharing\"> AQUI<\/a><\/p>\n","protected":false},"excerpt":{"rendered":"<p>L\u00edngua Inglesa I L\u00edngua Inglesa II L\u00edngua Inglesa III L\u00edngua Inglesa IV L\u00edngua Inglesa V L\u00edngua Inglesa VI L\u00edngua Inglesa VII L\u00edngua Inglesa VIII Obs.: Vide edital de turmas abertas para matr\u00edculas a cada semestre. Conte\u00fado Program\u00e1tico: AQUI<\/p>\n","protected":false},"author":1,"featured_media":0,"parent":0,"menu_order":0,"comment_status":"closed","ping_status":"closed","template":"","meta":{"footnotes":""},"class_list":["post-381","page","type-page","status-publish","hentry"],"_links":{"self":[{"href":"https:\/\/portal.uern.br\/fala\/neel\/wp-json\/wp\/v2\/pages\/381","targetHints":{"allow":["GET"]}}],"collection":[{"href":"https:\/\/portal.uern.br\/fala\/neel\/wp-json\/wp\/v2\/pages"}],"about":[{"href":"https:\/\/portal.uern.br\/fala\/neel\/wp-json\/wp\/v2\/types\/page"}],"author":[{"embeddable":true,"href":"https:\/\/portal.uern.br\/fala\/neel\/wp-json\/wp\/v2\/users\/1"}],"replies":[{"embeddable":true,"href":"https:\/\/portal.uern.br\/fala\/neel\/wp-json\/wp\/v2\/comments?post=381"}],"version-history":[{"count":5,"href":"https:\/\/portal.uern.br\/fala\/neel\/wp-json\/wp\/v2\/pages\/381\/revisions"}],"predecessor-version":[{"id":1105,"href":"https:\/\/portal.uern.br\/fala\/neel\/wp-json\/wp\/v2\/pages\/381\/revisions\/1105"}],"wp:attachment":[{"href":"https:\/\/portal.uern.br\/fala\/neel\/wp-json\/wp\/v2\/media?parent=381"}],"curies":[{"name":"wp","href":"https:\/\/api.w.org\/{rel}","templated":true}]}}