{"id":375,"date":"2023-04-10T08:18:11","date_gmt":"2023-04-10T11:18:11","guid":{"rendered":"https:\/\/portal.uern.br\/fala\/neel\/?page_id=375"},"modified":"2026-02-25T08:13:19","modified_gmt":"2026-02-25T11:13:19","slug":"conselho-deliberativo","status":"publish","type":"page","link":"https:\/\/portal.uern.br\/fala\/neel\/conselho-deliberativo\/","title":{"rendered":"Conselho Deliberativo"},"content":{"rendered":"<p>&nbsp;<\/p>\n<p>&nbsp;<\/p>\n<ul>\n<li>Amanda Lara Lima Costa ( Representante dos bolsistas do Neel)<\/li>\n<li>Iara Maria Carneiro de Freitas (Diretora da Faculdade de Letras e Artes &#8211; FALA)<\/li>\n<li>Jos\u00e9 Mariano Tavares Junior (Presidente do Conselho Deliberativo e Coordenador do N\u00facleo de Estudo e Ensino de L\u00ednguas &#8211; Neel)<\/li>\n<li>Marcelo Melo da Costa (Chefe do Departamento de Letras Estrangeiras- DLE)<\/li>\n<li>Maria Janaina T\u00f4rres R\u00eago (Representante dos t\u00e9cnicos administrativos do Neel)<\/li>\n<li>Maria Solange de Farias ( Representante dos docentes supervisores do Neel)<\/li>\n<\/ul>\n","protected":false},"excerpt":{"rendered":"<p>&nbsp; &nbsp; Amanda Lara Lima Costa ( Representante dos bolsistas do Neel) Iara Maria Carneiro de Freitas (Diretora da Faculdade de Letras e Artes &#8211; FALA) Jos\u00e9 Mariano Tavares Junior (Presidente do Conselho Deliberativo e Coordenador do N\u00facleo de Estudo e Ensino de L\u00ednguas &#8211; Neel) Marcelo Melo da Costa (Chefe do Departamento de Letras [&hellip;]<\/p>\n","protected":false},"author":1,"featured_media":0,"parent":0,"menu_order":0,"comment_status":"closed","ping_status":"closed","template":"","meta":{"footnotes":""},"class_list":["post-375","page","type-page","status-publish","hentry"],"_links":{"self":[{"href":"https:\/\/portal.uern.br\/fala\/neel\/wp-json\/wp\/v2\/pages\/375","targetHints":{"allow":["GET"]}}],"collection":[{"href":"https:\/\/portal.uern.br\/fala\/neel\/wp-json\/wp\/v2\/pages"}],"about":[{"href":"https:\/\/portal.uern.br\/fala\/neel\/wp-json\/wp\/v2\/types\/page"}],"author":[{"embeddable":true,"href":"https:\/\/portal.uern.br\/fala\/neel\/wp-json\/wp\/v2\/users\/1"}],"replies":[{"embeddable":true,"href":"https:\/\/portal.uern.br\/fala\/neel\/wp-json\/wp\/v2\/comments?post=375"}],"version-history":[{"count":15,"href":"https:\/\/portal.uern.br\/fala\/neel\/wp-json\/wp\/v2\/pages\/375\/revisions"}],"predecessor-version":[{"id":1164,"href":"https:\/\/portal.uern.br\/fala\/neel\/wp-json\/wp\/v2\/pages\/375\/revisions\/1164"}],"wp:attachment":[{"href":"https:\/\/portal.uern.br\/fala\/neel\/wp-json\/wp\/v2\/media?parent=375"}],"curies":[{"name":"wp","href":"https:\/\/api.w.org\/{rel}","templated":true}]}}