{"id":731,"date":"2023-11-27T09:32:52","date_gmt":"2023-11-27T12:32:52","guid":{"rendered":"https:\/\/portal.uern.br\/fala\/musica\/?page_id=731"},"modified":"2026-02-27T09:09:10","modified_gmt":"2026-02-27T12:09:10","slug":"projeto-de-extensao","status":"publish","type":"page","link":"https:\/\/portal.uern.br\/fala\/musica\/projeto-de-extensao\/","title":{"rendered":"Projeto de Extens\u00e3o"},"content":{"rendered":"<div>\n<p align=\"left\"><strong><span style=\"color: #000000;font-family: arial, helvetica, sans-serif;font-size: 12pt\">Express\u00e3o musical: musicaliza\u00e7\u00e3o na inf\u00e2ncia<\/span><\/strong><\/p>\n<p align=\"left\"><span style=\"font-family: arial, helvetica, sans-serif;font-size: 12pt\">Coordenadora: Profa. <span style=\"color: #00000a\">Fl\u00e1via Maiara Lima Fagundes<\/span><\/span><\/p>\n<p align=\"left\"><strong><span style=\"font-family: arial, helvetica, sans-serif;font-size: 12pt\"><span style=\"color: #000000\">M\u00fasica e identidade: a elabora\u00e7\u00e3o de podcasts a respeito de movimentos musicais<\/span><\/span><\/strong><\/p>\n<p align=\"left\"><span style=\"font-family: arial, helvetica, sans-serif;font-size: 12pt\">Coordenador: Prof. <span style=\"color: #00000a\">Alexandre Milne-Jones Nader<\/span><\/span><\/p>\n<p align=\"left\"><strong><span style=\"font-family: arial, helvetica, sans-serif;font-size: 12pt\">Festival Escolar de Bandas<\/span><\/strong><\/p>\n<p align=\"left\"><span style=\"font-family: arial, helvetica, sans-serif;font-size: 12pt\">Coordenador: Prof. <span style=\"color: #00000a\">Giann Mendes Ribeiro<\/span><\/span><\/p>\n<\/div>\n<div><\/div>\n<p>&nbsp;<\/p>\n","protected":false},"excerpt":{"rendered":"<p>Express\u00e3o musical: musicaliza\u00e7\u00e3o na inf\u00e2ncia Coordenadora: Profa. Fl\u00e1via Maiara Lima Fagundes M\u00fasica e identidade: a elabora\u00e7\u00e3o de podcasts a respeito de movimentos musicais Coordenador: Prof. Alexandre Milne-Jones Nader Festival Escolar de Bandas Coordenador: Prof. Giann Mendes Ribeiro &nbsp;<\/p>\n","protected":false},"author":9,"featured_media":0,"parent":0,"menu_order":0,"comment_status":"closed","ping_status":"closed","template":"","meta":{"footnotes":""},"class_list":["post-731","page","type-page","status-publish","hentry"],"_links":{"self":[{"href":"https:\/\/portal.uern.br\/fala\/musica\/wp-json\/wp\/v2\/pages\/731","targetHints":{"allow":["GET"]}}],"collection":[{"href":"https:\/\/portal.uern.br\/fala\/musica\/wp-json\/wp\/v2\/pages"}],"about":[{"href":"https:\/\/portal.uern.br\/fala\/musica\/wp-json\/wp\/v2\/types\/page"}],"author":[{"embeddable":true,"href":"https:\/\/portal.uern.br\/fala\/musica\/wp-json\/wp\/v2\/users\/9"}],"replies":[{"embeddable":true,"href":"https:\/\/portal.uern.br\/fala\/musica\/wp-json\/wp\/v2\/comments?post=731"}],"version-history":[{"count":5,"href":"https:\/\/portal.uern.br\/fala\/musica\/wp-json\/wp\/v2\/pages\/731\/revisions"}],"predecessor-version":[{"id":953,"href":"https:\/\/portal.uern.br\/fala\/musica\/wp-json\/wp\/v2\/pages\/731\/revisions\/953"}],"wp:attachment":[{"href":"https:\/\/portal.uern.br\/fala\/musica\/wp-json\/wp\/v2\/media?parent=731"}],"curies":[{"name":"wp","href":"https:\/\/api.w.org\/{rel}","templated":true}]}}

Projeto de Extensão

<div>
<p align="left"><strong><span style="color: #000000;font-family: arial, helvetica, sans-serif;font-size: 12pt">Expressão musical: musicalização na infância</span></strong></p>
<p align="left"><span style="font-family: arial, helvetica, sans-serif;font-size: 12pt">Coordenadora: Profa. <span style="color: #00000a">Flávia Maiara Lima Fagundes</span></span></p>
<p align="left"><strong><span style="font-family: arial, helvetica, sans-serif;font-size: 12pt"><span style="color: #000000">Música e identidade: a elaboração de podcasts a respeito de movimentos musicais</span></span></strong></p>
<p align="left"><span style="font-family: arial, helvetica, sans-serif;font-size: 12pt">Coordenador: Prof. <span style="color: #00000a">Alexandre Milne-Jones Nader</span></span></p>
<p align="left"><strong><span style="font-family: arial, helvetica, sans-serif;font-size: 12pt">Festival Escolar de Bandas</span></strong></p>
<p align="left"><span style="font-family: arial, helvetica, sans-serif;font-size: 12pt">Coordenador: Prof. <span style="color: #00000a">Giann Mendes Ribeiro</span></span></p>
</div>
<div></div>
<p>&nbsp;</p>

<p>Expressão musical: musicalização na infância Coordenadora: Profa. Flávia Maiara Lima Fagundes Música e identidade: a elaboração de podcasts a respeito de movimentos musicais Coordenador: Prof. Alexandre Milne-Jones Nader Festival Escolar de Bandas Coordenador: Prof. Giann Mendes Ribeiro &nbsp;</p>
