{"id":705,"date":"2023-11-27T09:16:07","date_gmt":"2023-11-27T12:16:07","guid":{"rendered":"https:\/\/portal.uern.br\/fala\/musica\/?page_id=705"},"modified":"2025-08-18T13:00:24","modified_gmt":"2025-08-18T16:00:24","slug":"programas-formativos-2","status":"publish","type":"page","link":"https:\/\/portal.uern.br\/fala\/musica\/programas-formativos-2\/","title":{"rendered":"Programas formativos"},"content":{"rendered":"<h5>Programa Institucional de Bolsas de Inicia\u00e7\u00e3o \u00e0 Doc\u00eancia \u2013 PIBID<\/h5>\n<p><strong>M\u00fasica<\/strong><br \/>\nCoordena\u00e7\u00e3o: Prof. Dr. Andersonn Henrique Sim\u00f5es de Ara\u00fajo<\/p>\n","protected":false},"excerpt":{"rendered":"<p>Programa Institucional de Bolsas de Inicia\u00e7\u00e3o \u00e0 Doc\u00eancia \u2013 PIBID M\u00fasica Coordena\u00e7\u00e3o: Prof. Dr. Andersonn Henrique Sim\u00f5es de Ara\u00fajo<\/p>\n","protected":false},"author":9,"featured_media":0,"parent":0,"menu_order":0,"comment_status":"closed","ping_status":"closed","template":"","meta":{"footnotes":""},"class_list":["post-705","page","type-page","status-publish","hentry"],"_links":{"self":[{"href":"https:\/\/portal.uern.br\/fala\/musica\/wp-json\/wp\/v2\/pages\/705","targetHints":{"allow":["GET"]}}],"collection":[{"href":"https:\/\/portal.uern.br\/fala\/musica\/wp-json\/wp\/v2\/pages"}],"about":[{"href":"https:\/\/portal.uern.br\/fala\/musica\/wp-json\/wp\/v2\/types\/page"}],"author":[{"embeddable":true,"href":"https:\/\/portal.uern.br\/fala\/musica\/wp-json\/wp\/v2\/users\/9"}],"replies":[{"embeddable":true,"href":"https:\/\/portal.uern.br\/fala\/musica\/wp-json\/wp\/v2\/comments?post=705"}],"version-history":[{"count":4,"href":"https:\/\/portal.uern.br\/fala\/musica\/wp-json\/wp\/v2\/pages\/705\/revisions"}],"predecessor-version":[{"id":954,"href":"https:\/\/portal.uern.br\/fala\/musica\/wp-json\/wp\/v2\/pages\/705\/revisions\/954"}],"wp:attachment":[{"href":"https:\/\/portal.uern.br\/fala\/musica\/wp-json\/wp\/v2\/media?parent=705"}],"curies":[{"name":"wp","href":"https:\/\/api.w.org\/{rel}","templated":true}]}}

<h5>Programa Institucional de Bolsas de Iniciação à Docência – PIBID</h5>
<p><strong>Música</strong><br />
Coordenação: Prof. Dr. Andersonn Henrique Simões de Araújo</p>

<p>Programa Institucional de Bolsas de Iniciação à Docência – PIBID Música Coordenação: Prof. Dr. Andersonn Henrique Simões de Araújo</p>
