{"id":943,"date":"2024-10-30T20:09:37","date_gmt":"2024-10-30T23:09:37","guid":{"rendered":"https:\/\/portal.uern.br\/fala\/escolademusica\/?page_id=943"},"modified":"2024-10-31T00:05:51","modified_gmt":"2024-10-31T03:05:51","slug":"2024-2","status":"publish","type":"page","link":"https:\/\/portal.uern.br\/fala\/escolademusica\/2024-2\/","title":{"rendered":"2024"},"content":{"rendered":"<h1>2024.1<\/h1>\n<ul style=\"list-style-type: square\">\n<li>RENOVA\u00c7\u00c3O DE MATR\u00cdCULAS<\/li>\n<\/ul>\n<p><a href=\"https:\/\/drive.google.com\/file\/d\/1V7gltEqWdDvPVVa8lGy9e0R8zq6xL_9r\/view?usp=sharing\">Edital<\/a><\/p>\n<p><a href=\"https:\/\/drive.google.com\/file\/d\/15RAnP1tQ9aZRzTHAly4_aVzAColYPqFG\/view?usp=sharing\">Resultado dos classificados<\/a><\/p>\n<p>&nbsp;<\/p>\n<ul style=\"list-style-type: square\">\n<li>INGRESSO DE NOVOS ALUNOS<\/li>\n<\/ul>\n<p><a href=\"https:\/\/drive.google.com\/file\/d\/1VZgfbxxQJWenNohysu93JlK-hApwIUyo\/view?usp=sharing\">Edital<\/a><\/p>\n<p><a href=\"https:\/\/drive.google.com\/file\/d\/1R7RD21bIrF_VtHJcdRRp8ZM_Xj_P6rfQ\/view?usp=sharing\">Homologa\u00e7\u00e3o das inscri\u00e7\u00f5es<\/a><\/p>\n<p><a href=\"https:\/\/drive.google.com\/file\/d\/1mM9j9hhOnR6wKHkV1KLO6BXF-ISuiFUC\/view?usp=sharing\">Resultado dos classificados<\/a><\/p>\n<p>&nbsp;<\/p>\n<p>&nbsp;<\/p>\n<ul style=\"list-style-type: square\">\n<li>CURSOS LIVRES<\/li>\n<\/ul>\n<p>Edital<\/p>\n<p>Edital &#8211; Errata n\u00ba 01<\/p>\n<p>Resultado dos classificados<\/p>\n<p>Resultado dos classificados &#8211; 2\u00aa chamada<\/p>\n<p>&nbsp;<\/p>\n<ul>\n<li>CHAMAMENTO &#8211; CAMERATA DE VIOL\u00d5ES<\/li>\n<\/ul>\n<p>Edital<\/p>\n<p>Resultado dos classificados<\/p>\n","protected":false},"excerpt":{"rendered":"<p>2024.1 RENOVA\u00c7\u00c3O DE MATR\u00cdCULAS Edital Resultado dos classificados &nbsp; INGRESSO DE NOVOS ALUNOS Edital Homologa\u00e7\u00e3o das inscri\u00e7\u00f5es Resultado dos classificados &nbsp; &nbsp; CURSOS LIVRES Edital Edital &#8211; Errata n\u00ba 01 Resultado dos classificados Resultado dos classificados &#8211; 2\u00aa chamada &nbsp; CHAMAMENTO &#8211; CAMERATA DE VIOL\u00d5ES Edital Resultado dos classificados<\/p>\n","protected":false},"author":5,"featured_media":0,"parent":0,"menu_order":0,"comment_status":"closed","ping_status":"closed","template":"","meta":{"footnotes":""},"class_list":["post-943","page","type-page","status-publish","hentry"],"_links":{"self":[{"href":"https:\/\/portal.uern.br\/fala\/escolademusica\/wp-json\/wp\/v2\/pages\/943","targetHints":{"allow":["GET"]}}],"collection":[{"href":"https:\/\/portal.uern.br\/fala\/escolademusica\/wp-json\/wp\/v2\/pages"}],"about":[{"href":"https:\/\/portal.uern.br\/fala\/escolademusica\/wp-json\/wp\/v2\/types\/page"}],"author":[{"embeddable":true,"href":"https:\/\/portal.uern.br\/fala\/escolademusica\/wp-json\/wp\/v2\/users\/5"}],"replies":[{"embeddable":true,"href":"https:\/\/portal.uern.br\/fala\/escolademusica\/wp-json\/wp\/v2\/comments?post=943"}],"version-history":[{"count":3,"href":"https:\/\/portal.uern.br\/fala\/escolademusica\/wp-json\/wp\/v2\/pages\/943\/revisions"}],"predecessor-version":[{"id":988,"href":"https:\/\/portal.uern.br\/fala\/escolademusica\/wp-json\/wp\/v2\/pages\/943\/revisions\/988"}],"wp:attachment":[{"href":"https:\/\/portal.uern.br\/fala\/escolademusica\/wp-json\/wp\/v2\/media?parent=943"}],"curies":[{"name":"wp","href":"https:\/\/api.w.org\/{rel}","templated":true}]}}