{"id":43,"date":"2023-01-31T21:18:59","date_gmt":"2023-02-01T00:18:59","guid":{"rendered":"http:\/\/beta.apps.uern.br\/wordpress\/fala\/escolademusica\/?page_id=43"},"modified":"2025-09-28T21:04:16","modified_gmt":"2025-09-29T00:04:16","slug":"eventos-galeria-de-fotos","status":"publish","type":"page","link":"https:\/\/portal.uern.br\/fala\/escolademusica\/eventos-galeria-de-fotos\/","title":{"rendered":"Eventos &#8211; Galeria de Fotos"},"content":{"rendered":"<p>DIA NACIONAL DO CHORO &#8211; 23\/04\/2013<\/p>\n<p>Camerata de Cordas na Semana da M\u00fasica 2012 UFRN<\/p>\n<p>Ensaio Camerata na UFRN 2012 &#8211; Semana da M\u00fasica<\/p>\n<p>Ensaio da Camerata na UFRN 2012 &#8211; Solo de Keyvson<\/p>\n<p>Dia do Choro &#8211; Encontro de gera\u00e7\u00f5es do choro em Mossor\u00f3 no Cafezal<\/p>\n<p>Recep\u00e7\u00e3o do Chorinho Ing\u00eanuo na Assembleia dos 44 anos da UERN (2012)<\/p>\n<p>Assembleia &#8211; 43 Anos da UERN: Homenam ao Prof. Ara\u00fajo (2011)<\/p>\n<p>Discurso do Prof.\u00a0Ara\u00fajo na Assembleia da UERN<\/p>\n<p>Recep\u00e7\u00e3o do Grupo de Chorinho &#8211; Assembl\u00e9ia 43 anos (2011)<\/p>\n","protected":false},"excerpt":{"rendered":"<p>DIA NACIONAL DO CHORO &#8211; 23\/04\/2013 Camerata de Cordas na Semana da M\u00fasica 2012 UFRN Ensaio Camerata na UFRN 2012 &#8211; Semana da M\u00fasica Ensaio da Camerata na UFRN 2012 &#8211; Solo de Keyvson Dia do Choro &#8211; Encontro de gera\u00e7\u00f5es do choro em Mossor\u00f3 no Cafezal Recep\u00e7\u00e3o do Chorinho Ing\u00eanuo na Assembleia dos 44 [&hellip;]<\/p>\n","protected":false},"author":1,"featured_media":0,"parent":0,"menu_order":0,"comment_status":"closed","ping_status":"closed","template":"","meta":{"footnotes":""},"class_list":["post-43","page","type-page","status-publish","hentry"],"_links":{"self":[{"href":"https:\/\/portal.uern.br\/fala\/escolademusica\/wp-json\/wp\/v2\/pages\/43","targetHints":{"allow":["GET"]}}],"collection":[{"href":"https:\/\/portal.uern.br\/fala\/escolademusica\/wp-json\/wp\/v2\/pages"}],"about":[{"href":"https:\/\/portal.uern.br\/fala\/escolademusica\/wp-json\/wp\/v2\/types\/page"}],"author":[{"embeddable":true,"href":"https:\/\/portal.uern.br\/fala\/escolademusica\/wp-json\/wp\/v2\/users\/1"}],"replies":[{"embeddable":true,"href":"https:\/\/portal.uern.br\/fala\/escolademusica\/wp-json\/wp\/v2\/comments?post=43"}],"version-history":[{"count":3,"href":"https:\/\/portal.uern.br\/fala\/escolademusica\/wp-json\/wp\/v2\/pages\/43\/revisions"}],"predecessor-version":[{"id":1155,"href":"https:\/\/portal.uern.br\/fala\/escolademusica\/wp-json\/wp\/v2\/pages\/43\/revisions\/1155"}],"wp:attachment":[{"href":"https:\/\/portal.uern.br\/fala\/escolademusica\/wp-json\/wp\/v2\/media?parent=43"}],"curies":[{"name":"wp","href":"https:\/\/api.w.org\/{rel}","templated":true}]}}