{"id":25,"date":"2023-01-31T21:12:20","date_gmt":"2023-02-01T00:12:20","guid":{"rendered":"http:\/\/beta.apps.uern.br\/wordpress\/fala\/escolademusica\/?page_id=25"},"modified":"2023-03-20T09:58:06","modified_gmt":"2023-03-20T12:58:06","slug":"formacao-musical-basicaii","status":"publish","type":"page","link":"https:\/\/portal.uern.br\/fala\/escolademusica\/formacao-musical-basicaii\/","title":{"rendered":"Forma\u00e7\u00e3o Musical B\u00e1sica II"},"content":{"rendered":"<p><strong>Perfil<\/strong><br \/>\nO curso de Forma\u00e7\u00e3o Musical B\u00e1sica II destina-se a pessoas que buscam aprofundar-se na \u00e1rea da m\u00fasica bem como num instrumento musical. O curso tem por objetivo oferecer v\u00e1rias disciplinas te\u00f3rico-pr\u00e1ticas com a finalidade de desenvolver habilidades musicais, como, por exemplo, percep\u00e7\u00e3o musical, pr\u00e1tica instrumental, entre outras, em um n\u00edvel de aprofundamento mais complexo.<\/p>\n<p>Ser\u00e3o oferecidas em m\u00e9dia 14 disciplinas para a Forma\u00e7\u00e3o Musical B\u00e1sica II (teoria e percep\u00e7\u00e3o musical; pr\u00e1tica instrumental; hist\u00f3ria da m\u00fasica; harmonia; pr\u00e1tica de conjunto e t\u00e9cnica vocal). Haveram ainda disciplinas optativas para complementar a forma\u00e7\u00e3o musical. Ap\u00f3s o t\u00e9rmino do curso, o estudante dever\u00e1 realizar um Recital de Conclus\u00e3o. O curso ter\u00e1 dura\u00e7\u00e3o de 2 anos (4 semestres) e contar\u00e1 com uma carga hor\u00e1ria m\u00ednima de 450 horas.<\/p>\n<p><strong>Forma de Ingresso:<\/strong><br \/>\nSele\u00e7\u00e3o composta de Prova Escrita (Teoria e Percep\u00e7\u00e3o) e Prova Pr\u00e1tica (Individual com instrumento) e entrevista.<\/p>\n<p>&nbsp;<\/p>\n<p>OBS.: A prova pr\u00e1tica ser\u00e1 com o instrumento escolhido pelo candidato.<\/p>\n<p>\u2022\u00a0O programa e procedimentos da prova ser\u00e3o divulgados em Edital espec\u00edfico.<br \/>\n\u2022 O candidato deve ter no m\u00ednimo 12 anos de idade.<\/p>\n<p>&nbsp;<\/p>\n<p><strong>Estrutura Curricular:<\/strong><\/p>\n<p><img fetchpriority=\"high\" decoding=\"async\" class=\"alignnone wp-image-372\" src=\"https:\/\/portal.uern.br\/fala\/escolademusica\/wp-content\/uploads\/sites\/6\/2023\/03\/3-300x225.png\" alt=\"\" width=\"699\" height=\"524\" srcset=\"https:\/\/portal.uern.br\/fala\/escolademusica\/wp-content\/uploads\/sites\/6\/2023\/03\/3-300x225.png 300w, https:\/\/portal.uern.br\/fala\/escolademusica\/wp-content\/uploads\/sites\/6\/2023\/03\/3-768x576.png 768w, https:\/\/portal.uern.br\/fala\/escolademusica\/wp-content\/uploads\/sites\/6\/2023\/03\/3.png 1024w\" sizes=\"(max-width: 699px) 100vw, 699px\" \/><\/p>\n","protected":false},"excerpt":{"rendered":"<p>Perfil O curso de Forma\u00e7\u00e3o Musical B\u00e1sica II destina-se a pessoas que buscam aprofundar-se na \u00e1rea da m\u00fasica bem como num instrumento musical. O curso tem por objetivo oferecer v\u00e1rias disciplinas te\u00f3rico-pr\u00e1ticas com a finalidade de desenvolver habilidades musicais, como, por exemplo, percep\u00e7\u00e3o musical, pr\u00e1tica instrumental, entre outras, em um n\u00edvel de aprofundamento mais complexo. [&hellip;]<\/p>\n","protected":false},"author":1,"featured_media":0,"parent":0,"menu_order":0,"comment_status":"closed","ping_status":"closed","template":"","meta":{"footnotes":""},"class_list":["post-25","page","type-page","status-publish","hentry"],"_links":{"self":[{"href":"https:\/\/portal.uern.br\/fala\/escolademusica\/wp-json\/wp\/v2\/pages\/25","targetHints":{"allow":["GET"]}}],"collection":[{"href":"https:\/\/portal.uern.br\/fala\/escolademusica\/wp-json\/wp\/v2\/pages"}],"about":[{"href":"https:\/\/portal.uern.br\/fala\/escolademusica\/wp-json\/wp\/v2\/types\/page"}],"author":[{"embeddable":true,"href":"https:\/\/portal.uern.br\/fala\/escolademusica\/wp-json\/wp\/v2\/users\/1"}],"replies":[{"embeddable":true,"href":"https:\/\/portal.uern.br\/fala\/escolademusica\/wp-json\/wp\/v2\/comments?post=25"}],"version-history":[{"count":5,"href":"https:\/\/portal.uern.br\/fala\/escolademusica\/wp-json\/wp\/v2\/pages\/25\/revisions"}],"predecessor-version":[{"id":375,"href":"https:\/\/portal.uern.br\/fala\/escolademusica\/wp-json\/wp\/v2\/pages\/25\/revisions\/375"}],"wp:attachment":[{"href":"https:\/\/portal.uern.br\/fala\/escolademusica\/wp-json\/wp\/v2\/media?parent=25"}],"curies":[{"name":"wp","href":"https:\/\/api.w.org\/{rel}","templated":true}]}}