{"id":13,"date":"2023-01-31T21:07:12","date_gmt":"2023-02-01T00:07:12","guid":{"rendered":"http:\/\/beta.apps.uern.br\/wordpress\/fala\/escolademusica\/?page_id=13"},"modified":"2026-03-24T15:46:48","modified_gmt":"2026-03-24T18:46:48","slug":"coordenacoes","status":"publish","type":"page","link":"https:\/\/portal.uern.br\/fala\/escolademusica\/coordenacoes\/","title":{"rendered":"Coordena\u00e7\u00f5es"},"content":{"rendered":"<h3 class=\"LC20lb MBeuO DKV0Md\"><\/h3>\n<table style=\"border-collapse: collapse;width: 100%\">\n<tbody>\n<tr>\n<td style=\"width: 23.0924%\"><img decoding=\"async\" class=\"wp-image-437 size-thumbnail alignleft\" src=\"https:\/\/portal.uern.br\/fala\/escolademusica\/wp-content\/uploads\/sites\/6\/2023\/03\/JOabe.fw_-150x150.png\" alt=\"\" width=\"150\" height=\"150\" srcset=\"https:\/\/portal.uern.br\/fala\/escolademusica\/wp-content\/uploads\/sites\/6\/2023\/03\/JOabe.fw_-150x150.png 150w, https:\/\/portal.uern.br\/fala\/escolademusica\/wp-content\/uploads\/sites\/6\/2023\/03\/JOabe.fw_-300x300.png 300w, https:\/\/portal.uern.br\/fala\/escolademusica\/wp-content\/uploads\/sites\/6\/2023\/03\/JOabe.fw_.png 400w\" sizes=\"(max-width: 150px) 100vw, 150px\" \/><\/td>\n<td style=\"width: 76.9076%\"><strong>COORDENA\u00c7\u00c3O ADMINISTRATIVA<\/strong><\/p>\n<p><strong>Prof. Joabe Willamys Rodrigues de Morais<\/strong><\/p>\n<p>Contato: <a href=\"mailto:escolademusica@uern.br\">escolademusica@uern.br<\/a><\/td>\n<\/tr>\n<tr>\n<td style=\"width: 23.0924%\"><img decoding=\"async\" class=\"alignnone wp-image-1124 size-thumbnail\" src=\"https:\/\/portal.uern.br\/fala\/escolademusica\/wp-content\/uploads\/sites\/6\/2025\/09\/IMG_6482-Flavia-Maiara-Lima-Fagundes-150x150.jpg\" alt=\"\" width=\"150\" height=\"150\" \/><\/td>\n<td style=\"width: 76.9076%\"><strong>COORDENA\u00c7\u00c3O PEDAG\u00d3GICA<\/strong><\/p>\n<p class=\"LC20lb MBeuO DKV0Md\"><span style=\"font-size: 12pt\"><strong>Profa. Dra. Fl\u00e1via Maiara Lima Fagundes<\/strong><\/span><\/p>\n<p>Contato: <a href=\"mailto:pedagogicoescolademusica@uern.br\">pedagogicoescolademusica@uern.br<\/a><\/td>\n<\/tr>\n<tr>\n<td style=\"width: 23.0924%\"><img decoding=\"async\" class=\"alignnone wp-image-959 size-thumbnail\" src=\"https:\/\/portal.uern.br\/fala\/escolademusica\/wp-content\/uploads\/sites\/6\/2024\/10\/Gibson-150x150.png\" alt=\"\" width=\"150\" height=\"150\" srcset=\"https:\/\/portal.uern.br\/fala\/escolademusica\/wp-content\/uploads\/sites\/6\/2024\/10\/Gibson-150x150.png 150w, https:\/\/portal.uern.br\/fala\/escolademusica\/wp-content\/uploads\/sites\/6\/2024\/10\/Gibson-300x300.png 300w, https:\/\/portal.uern.br\/fala\/escolademusica\/wp-content\/uploads\/sites\/6\/2024\/10\/Gibson.png 510w\" sizes=\"(max-width: 150px) 100vw, 150px\" \/><\/td>\n<td style=\"width: 76.9076%\"><strong>COORDENA\u00c7\u00c3O ART\u00cdSTICA<\/strong><\/p>\n<p><strong>Prof. Ms. Gibson Alves Marinho da Silva<\/strong><\/p>\n<p>Contato: <a href=\"mailto:artisticoescolademusica@uern.br\">artisticoescolademusica@uern.br<\/a><\/td>\n<\/tr>\n<\/tbody>\n<\/table>\n<p>&nbsp;<\/p>\n<p>&nbsp;<\/p>\n<p>&nbsp;<\/p>\n","protected":false},"excerpt":{"rendered":"<p>COORDENA\u00c7\u00c3O ADMINISTRATIVA Prof. Joabe Willamys Rodrigues de Morais Contato: escolademusica@uern.br COORDENA\u00c7\u00c3O PEDAG\u00d3GICA Profa. Dra. Fl\u00e1via Maiara Lima Fagundes Contato: pedagogicoescolademusica@uern.br COORDENA\u00c7\u00c3O ART\u00cdSTICA Prof. Ms. Gibson Alves Marinho da Silva Contato: artisticoescolademusica@uern.br &nbsp; &nbsp; &nbsp;<\/p>\n","protected":false},"author":1,"featured_media":0,"parent":0,"menu_order":0,"comment_status":"closed","ping_status":"closed","template":"","meta":{"footnotes":""},"class_list":["post-13","page","type-page","status-publish","hentry"],"_links":{"self":[{"href":"https:\/\/portal.uern.br\/fala\/escolademusica\/wp-json\/wp\/v2\/pages\/13","targetHints":{"allow":["GET"]}}],"collection":[{"href":"https:\/\/portal.uern.br\/fala\/escolademusica\/wp-json\/wp\/v2\/pages"}],"about":[{"href":"https:\/\/portal.uern.br\/fala\/escolademusica\/wp-json\/wp\/v2\/types\/page"}],"author":[{"embeddable":true,"href":"https:\/\/portal.uern.br\/fala\/escolademusica\/wp-json\/wp\/v2\/users\/1"}],"replies":[{"embeddable":true,"href":"https:\/\/portal.uern.br\/fala\/escolademusica\/wp-json\/wp\/v2\/comments?post=13"}],"version-history":[{"count":20,"href":"https:\/\/portal.uern.br\/fala\/escolademusica\/wp-json\/wp\/v2\/pages\/13\/revisions"}],"predecessor-version":[{"id":1212,"href":"https:\/\/portal.uern.br\/fala\/escolademusica\/wp-json\/wp\/v2\/pages\/13\/revisions\/1212"}],"wp:attachment":[{"href":"https:\/\/portal.uern.br\/fala\/escolademusica\/wp-json\/wp\/v2\/media?parent=13"}],"curies":[{"name":"wp","href":"https:\/\/api.w.org\/{rel}","templated":true}]}}