{"id":233,"date":"2022-09-19T09:18:38","date_gmt":"2022-09-19T12:18:38","guid":{"rendered":"https:\/\/paisdemossoro.com.br\/wordpress\/fafic\/?page_id=233"},"modified":"2024-05-02T11:31:30","modified_gmt":"2024-05-02T14:31:30","slug":"solicitacao-de-oferta-de-disciplina-em-carater-especial","status":"publish","type":"page","link":"https:\/\/portal.uern.br\/fafic\/solicitacao-de-oferta-de-disciplina-em-carater-especial\/","title":{"rendered":"Solicita\u00e7\u00e3o de oferta de disciplina em car\u00e1ter especial"},"content":{"rendered":"<p><span style=\"font-family: helvetica, arial, sans-serif\">Para solicitar oferta de disciplina em car\u00e1ter especial, basta utilizar um dos formul\u00e1rios a seguir, a depender do tipo de oferta pretendida (Acomp. Individual\/Turma Especial ou Disciplina de F\u00e9rias).<\/span><\/p>\n<p><span style=\"font-family: helvetica, arial, sans-serif\">Recomendamos que a leitura do Regulamento de Cursos de Gradu\u00e7\u00e3o (<strong>RCG<\/strong>), principalmente quanto ao assunto (art. 115 ao 123), seja feita antes de realizar qualquer solicita\u00e7\u00e3o de oferta atrav\u00e9s do respectivo formul\u00e1rio.<\/span><\/p>\n<p><span style=\"font-family: helvetica, arial, sans-serif\">Formul\u00e1rio para\u00a0<strong>Acompanhamento Individual<\/strong>\u00a0(acess\u00edvel apenas via e-mail institucional): <a href=\"https:\/\/forms.gle\/nGnQAigMNH3W9p3VA\">https:\/\/forms.gle\/nGnQAigMNH3W9p3VA<\/a>.<\/span><\/p>\n<p><span style=\"font-family: helvetica, arial, sans-serif\">Obs.: Sobre <\/span><span style=\"font-family: helvetica, arial, sans-serif\"><strong>Disciplina de F\u00e9rias,<\/strong> informamos que a\u00a0solicita\u00e7\u00e3o de componente curricular em car\u00e1ter especial na forma de Disciplina de F\u00e9rias poder\u00e1 ser efetuada por discente(s) <strong>no ambiente Sigaa Uern<\/strong>, pelo Orientador Acad\u00eamico ou pelo Coordenador de Curso\/Chefe de Departamento Acad\u00eamico.<\/span><\/p>\n<p><span style=\"font-family: helvetica, arial, sans-serif\"><strong>Regulamento de Cursos de Gradua\u00e7\u00e3o da UERN (RCG)<\/strong>:\u00a0<a href=\"https:\/\/www.uern.br\/controledepaginas\/documentos-legislacao-ensino\/arquivos\/0065resolucao_n0_2017_26___consepe___aprova_o_regulamento_dos_cursos_de_graduacao_da_uern_e_revoga_a_resolucao_n0_2014_5___consepe.pdf\">clique aqui<\/a>.<\/span><\/p>\n","protected":false},"excerpt":{"rendered":"<p>Para solicitar oferta de disciplina em car\u00e1ter especial, basta utilizar um dos formul\u00e1rios a seguir, a depender do tipo de oferta pretendida (Acomp. Individual\/Turma Especial ou Disciplina de F\u00e9rias). Recomendamos que a leitura do Regulamento de Cursos de Gradu\u00e7\u00e3o (RCG), principalmente quanto ao assunto (art. 115 ao 123), seja feita antes de realizar qualquer solicita\u00e7\u00e3o [&hellip;]<\/p>\n","protected":false},"author":1,"featured_media":0,"parent":0,"menu_order":0,"comment_status":"closed","ping_status":"closed","template":"","meta":{"footnotes":""},"class_list":["post-233","page","type-page","status-publish","hentry"],"_links":{"self":[{"href":"https:\/\/portal.uern.br\/fafic\/wp-json\/wp\/v2\/pages\/233","targetHints":{"allow":["GET"]}}],"collection":[{"href":"https:\/\/portal.uern.br\/fafic\/wp-json\/wp\/v2\/pages"}],"about":[{"href":"https:\/\/portal.uern.br\/fafic\/wp-json\/wp\/v2\/types\/page"}],"author":[{"embeddable":true,"href":"https:\/\/portal.uern.br\/fafic\/wp-json\/wp\/v2\/users\/1"}],"replies":[{"embeddable":true,"href":"https:\/\/portal.uern.br\/fafic\/wp-json\/wp\/v2\/comments?post=233"}],"version-history":[{"count":4,"href":"https:\/\/portal.uern.br\/fafic\/wp-json\/wp\/v2\/pages\/233\/revisions"}],"predecessor-version":[{"id":1222,"href":"https:\/\/portal.uern.br\/fafic\/wp-json\/wp\/v2\/pages\/233\/revisions\/1222"}],"wp:attachment":[{"href":"https:\/\/portal.uern.br\/fafic\/wp-json\/wp\/v2\/media?parent=233"}],"curies":[{"name":"wp","href":"https:\/\/api.w.org\/{rel}","templated":true}]}}