{"id":221,"date":"2022-09-19T09:08:07","date_gmt":"2022-09-19T12:08:07","guid":{"rendered":"https:\/\/paisdemossoro.com.br\/wordpress\/fafic\/?page_id=221"},"modified":"2022-09-19T09:08:07","modified_gmt":"2022-09-19T12:08:07","slug":"documentos","status":"publish","type":"page","link":"https:\/\/portal.uern.br\/fafic\/documentos\/","title":{"rendered":"Documentos"},"content":{"rendered":"<h5>DECRETOS<\/h5>\n<p>N\u00ba 47-B\/65 &#8211; Criac\u00e3o da FAFIC (<a href=\"http:\/\/portal.uern.br\/fafic\/wp-content\/uploads\/2022\/09\/0284decreto_n_47_b_65_criacao_da_fafic.pdf\">ver documento<\/a>)<\/p>\n<h5>PORTARIAS<\/h5>\n<h5>\nEDITAIS<\/h5>\n<h5>RESOLU\u00c7\u00d5ES<\/h5>\n<p>N\u00ba 029-2018\/CONSEPE &#8211; Cria\u00e7\u00e3o do Curso de R\u00e1dio, TV e Internet (<a href=\"http:\/\/portal.uern.br\/fafic\/wp-content\/uploads\/2022\/09\/0284resolucao292018consepecriacaodocursoderadiotveinternet.pdf\">ver documento<\/a>)<\/p>\n","protected":false},"excerpt":{"rendered":"<p>DECRETOS N\u00ba 47-B\/65 &#8211; Criac\u00e3o da FAFIC (ver documento) PORTARIAS EDITAIS RESOLU\u00c7\u00d5ES N\u00ba 029-2018\/CONSEPE &#8211; Cria\u00e7\u00e3o do Curso de R\u00e1dio, TV e Internet (ver documento)<\/p>\n","protected":false},"author":1,"featured_media":0,"parent":0,"menu_order":0,"comment_status":"closed","ping_status":"closed","template":"","meta":{"footnotes":""},"class_list":["post-221","page","type-page","status-publish","hentry"],"_links":{"self":[{"href":"https:\/\/portal.uern.br\/fafic\/wp-json\/wp\/v2\/pages\/221","targetHints":{"allow":["GET"]}}],"collection":[{"href":"https:\/\/portal.uern.br\/fafic\/wp-json\/wp\/v2\/pages"}],"about":[{"href":"https:\/\/portal.uern.br\/fafic\/wp-json\/wp\/v2\/types\/page"}],"author":[{"embeddable":true,"href":"https:\/\/portal.uern.br\/fafic\/wp-json\/wp\/v2\/users\/1"}],"replies":[{"embeddable":true,"href":"https:\/\/portal.uern.br\/fafic\/wp-json\/wp\/v2\/comments?post=221"}],"version-history":[{"count":3,"href":"https:\/\/portal.uern.br\/fafic\/wp-json\/wp\/v2\/pages\/221\/revisions"}],"predecessor-version":[{"id":226,"href":"https:\/\/portal.uern.br\/fafic\/wp-json\/wp\/v2\/pages\/221\/revisions\/226"}],"wp:attachment":[{"href":"https:\/\/portal.uern.br\/fafic\/wp-json\/wp\/v2\/media?parent=221"}],"curies":[{"name":"wp","href":"https:\/\/api.w.org\/{rel}","templated":true}]}}