{"id":218,"date":"2022-09-19T09:05:24","date_gmt":"2022-09-19T12:05:24","guid":{"rendered":"https:\/\/paisdemossoro.com.br\/wordpress\/fafic\/?page_id=218"},"modified":"2025-06-27T19:54:55","modified_gmt":"2025-06-27T22:54:55","slug":"pos-graduacao","status":"publish","type":"page","link":"https:\/\/portal.uern.br\/fafic\/pos-graduacao\/","title":{"rendered":"P\u00f3s-Gradua\u00e7\u00e3o"},"content":{"rendered":"<h5><span style=\"font-family: georgia, palatino, serif\">Programa de P\u00f3s-Gradua\u00e7\u00e3o em Ci\u00eancias Sociais e Humanas &#8211; PPGCISH<\/span><br \/>\n<span style=\"font-family: georgia, palatino, serif\">Mestrado em Ci\u00eancias Sociais e Humanas<\/span><\/h5>\n<p><span style=\"font-family: georgia, palatino, serif\"><strong>Coordenador:<\/strong> Prof. Dr. Ailton Siqueira de Sousa Fonseca &#8211; UERN<\/span><br \/>\n<span style=\"font-family: georgia, palatino, serif\"><strong>Secret\u00e1rio:<\/strong>\u00a0S\u00e9rgio Carlos da Silva Meneses<\/span><\/p>\n<p><span style=\"font-family: georgia, palatino, serif\"><strong>E-mail:<\/strong> \u00a0ppgcish@uern.br<\/span><\/p>\n<p><span style=\"font-family: georgia, palatino, serif\"><strong>Hor\u00e1rio de Funcionamento:<\/strong> das 08h \u00e0s 12h e das 14h \u00e0s 18h<\/span><\/p>\n<p><span style=\"font-family: georgia, palatino, serif\"><strong>Endere\u00e7o:\u00a0<\/strong>Campus Central da UERN, FAFIC &#8211; Setor III &#8211; BR 110 &#8211; KM 46, Av. Prof. Antonio Campos, S\/N, Bairro Costa e Silva, CEP. 59.625-620, Mossor\u00f3-RN.<\/span><\/p>\n<p><span style=\"font-family: georgia, palatino, serif\"><strong>Processo de Sele\u00e7\u00e3o:\u00a0<\/strong>Anual<\/span><\/p>\n<p><span style=\"font-family: georgia, palatino, serif\"><strong>Turno de Funcionamento:\u00a0<\/strong>Diurno<\/span><br \/>\n<span style=\"font-family: georgia, palatino, serif\"><strong>Conceito CAPES<\/strong>:\u00a03<\/span><br \/>\n<span style=\"font-family: georgia, palatino, serif\"><strong>\u00c1rea:\u00a0<\/strong><a href=\"http:\/\/portal.uern.br\/fafic\/wp-content\/uploads\/2022\/09\/0914edital_06.2017.pdf\">Sociais e Humanidades<\/a><\/span><\/p>\n","protected":false},"excerpt":{"rendered":"<p>Programa de P\u00f3s-Gradua\u00e7\u00e3o em Ci\u00eancias Sociais e Humanas &#8211; PPGCISH Mestrado em Ci\u00eancias Sociais e Humanas Coordenador: Prof. Dr. Ailton Siqueira de Sousa Fonseca &#8211; UERN Secret\u00e1rio:\u00a0S\u00e9rgio Carlos da Silva Meneses E-mail: \u00a0ppgcish@uern.br Hor\u00e1rio de Funcionamento: das 08h \u00e0s 12h e das 14h \u00e0s 18h Endere\u00e7o:\u00a0Campus Central da UERN, FAFIC &#8211; Setor III &#8211; BR [&hellip;]<\/p>\n","protected":false},"author":1,"featured_media":0,"parent":0,"menu_order":0,"comment_status":"closed","ping_status":"closed","template":"","meta":{"footnotes":""},"class_list":["post-218","page","type-page","status-publish","hentry"],"_links":{"self":[{"href":"https:\/\/portal.uern.br\/fafic\/wp-json\/wp\/v2\/pages\/218","targetHints":{"allow":["GET"]}}],"collection":[{"href":"https:\/\/portal.uern.br\/fafic\/wp-json\/wp\/v2\/pages"}],"about":[{"href":"https:\/\/portal.uern.br\/fafic\/wp-json\/wp\/v2\/types\/page"}],"author":[{"embeddable":true,"href":"https:\/\/portal.uern.br\/fafic\/wp-json\/wp\/v2\/users\/1"}],"replies":[{"embeddable":true,"href":"https:\/\/portal.uern.br\/fafic\/wp-json\/wp\/v2\/comments?post=218"}],"version-history":[{"count":5,"href":"https:\/\/portal.uern.br\/fafic\/wp-json\/wp\/v2\/pages\/218\/revisions"}],"predecessor-version":[{"id":1363,"href":"https:\/\/portal.uern.br\/fafic\/wp-json\/wp\/v2\/pages\/218\/revisions\/1363"}],"wp:attachment":[{"href":"https:\/\/portal.uern.br\/fafic\/wp-json\/wp\/v2\/media?parent=218"}],"curies":[{"name":"wp","href":"https:\/\/api.w.org\/{rel}","templated":true}]}}

Pós-Graduação

<h5><span style="font-family: georgia, palatino, serif">Programa de Pós-Graduação em Ciências Sociais e Humanas &#8211; PPGCISH</span><br />
<span style="font-family: georgia, palatino, serif">Mestrado em Ciências Sociais e Humanas</span></h5>
<p><span style="font-family: georgia, palatino, serif"><strong>Coordenador:</strong> Prof. Dr. Ailton Siqueira de Sousa Fonseca &#8211; UERN</span><br />
<span style="font-family: georgia, palatino, serif"><strong>Secretário:</strong> Sérgio Carlos da Silva Meneses</span></p>
<p><span style="font-family: georgia, palatino, serif"><strong>E-mail:</strong>  ppgcish@uern.br</span></p>
<p><span style="font-family: georgia, palatino, serif"><strong>Horário de Funcionamento:</strong> das 08h às 12h e das 14h às 18h</span></p>
<p><span style="font-family: georgia, palatino, serif"><strong>Endereço: </strong>Campus Central da UERN, FAFIC &#8211; Setor III &#8211; BR 110 &#8211; KM 46, Av. Prof. Antonio Campos, S/N, Bairro Costa e Silva, CEP. 59.625-620, Mossoró-RN.</span></p>
<p><span style="font-family: georgia, palatino, serif"><strong>Processo de Seleção: </strong>Anual</span></p>
<p><span style="font-family: georgia, palatino, serif"><strong>Turno de Funcionamento: </strong>Diurno</span><br />
<span style="font-family: georgia, palatino, serif"><strong>Conceito CAPES</strong>: 3</span><br />
<span style="font-family: georgia, palatino, serif"><strong>Área: </strong><a href="http://portal.uern.br/fafic/wp-content/uploads/2022/09/0914edital_06.2017.pdf">Sociais e Humanidades</a></span></p>

<p>Programa de Pós-Graduação em Ciências Sociais e Humanas &#8211; PPGCISH Mestrado em Ciências Sociais e Humanas Coordenador: Prof. Dr. Ailton Siqueira de Sousa Fonseca &#8211; UERN Secretário: Sérgio Carlos da Silva Meneses E-mail:  ppgcish@uern.br Horário de Funcionamento: das 08h às 12h e das 14h às 18h Endereço: Campus Central da UERN, FAFIC &#8211; Setor III &#8211; BR [&hellip;]</p>
