{"id":1371,"date":"2025-06-27T20:39:54","date_gmt":"2025-06-27T23:39:54","guid":{"rendered":"https:\/\/portal.uern.br\/fafic\/?page_id=1371"},"modified":"2025-06-27T21:11:04","modified_gmt":"2025-06-28T00:11:04","slug":"horario-de-atendimento","status":"publish","type":"page","link":"https:\/\/portal.uern.br\/fafic\/horario-de-atendimento\/","title":{"rendered":"Hor\u00e1rio de atendimento"},"content":{"rendered":"<h4 class=\"western\">Secretaria da Dire\u00e7\u00e3o &#8211; Fafic<\/h4>\n<p>De segunda-feira a sexta-feira, das 7h \u00e0s 13h e das 16h \u00e0s 22h<\/p>\n<p>&nbsp;<\/p>\n<h4>Departamento de Ci\u00eancias Sociais e Pol\u00edtica &#8211; DCSP<\/h4>\n<p>De segunda-feira a sexta-feira, das 7h \u00e0s 13h e das 16h \u00e0s 22h<\/p>\n<p>&nbsp;<\/p>\n<h4>Departamento de Comunica\u00e7\u00e3o Social &#8211; Decom<\/h4>\n<p>De segunda-feira a sexta-feira, das 7h \u00e0s 17h<\/p>\n<p>&nbsp;<\/p>\n<h4>Departamento de Filosofia &#8211; DFI<\/h4>\n<p>De segunda-feira a sexta-feira, das 7h \u00e0s 13h e das 16h \u00e0s 22h<\/p>\n<p>&nbsp;<\/p>\n<h4>Departamento de Geografia &#8211; DGE<\/h4>\n<p>De segunda-feira a sexta-feira, das 7h \u00e0s 13h e das 16h \u00e0s 22h<\/p>\n<p>&nbsp;<\/p>\n<h4>Departamento de Hist\u00f3ria &#8211; DHI<\/h4>\n<p>De segunda-feira a sexta-feira, das 7h \u00e0s 13h e das 16h \u00e0s 22h<\/p>\n<p>&nbsp;<\/p>\n<p><strong>Endere\u00e7o<\/strong>: Av. Prof. Ant\u00f4nio Campos, s\/n &#8211; Pres. Costa e Silva, Mossor\u00f3 &#8211; RN, 59610-210<\/p>\n","protected":false},"excerpt":{"rendered":"<p>Secretaria da Dire\u00e7\u00e3o &#8211; Fafic De segunda-feira a sexta-feira, das 7h \u00e0s 13h e das 16h \u00e0s 22h &nbsp; Departamento de Ci\u00eancias Sociais e Pol\u00edtica &#8211; DCSP De segunda-feira a sexta-feira, das 7h \u00e0s 13h e das 16h \u00e0s 22h &nbsp; Departamento de Comunica\u00e7\u00e3o Social &#8211; Decom De segunda-feira a sexta-feira, das 7h \u00e0s 17h [&hellip;]<\/p>\n","protected":false},"author":3,"featured_media":0,"parent":0,"menu_order":0,"comment_status":"closed","ping_status":"closed","template":"","meta":{"footnotes":""},"class_list":["post-1371","page","type-page","status-publish","hentry"],"_links":{"self":[{"href":"https:\/\/portal.uern.br\/fafic\/wp-json\/wp\/v2\/pages\/1371","targetHints":{"allow":["GET"]}}],"collection":[{"href":"https:\/\/portal.uern.br\/fafic\/wp-json\/wp\/v2\/pages"}],"about":[{"href":"https:\/\/portal.uern.br\/fafic\/wp-json\/wp\/v2\/types\/page"}],"author":[{"embeddable":true,"href":"https:\/\/portal.uern.br\/fafic\/wp-json\/wp\/v2\/users\/3"}],"replies":[{"embeddable":true,"href":"https:\/\/portal.uern.br\/fafic\/wp-json\/wp\/v2\/comments?post=1371"}],"version-history":[{"count":6,"href":"https:\/\/portal.uern.br\/fafic\/wp-json\/wp\/v2\/pages\/1371\/revisions"}],"predecessor-version":[{"id":1379,"href":"https:\/\/portal.uern.br\/fafic\/wp-json\/wp\/v2\/pages\/1371\/revisions\/1379"}],"wp:attachment":[{"href":"https:\/\/portal.uern.br\/fafic\/wp-json\/wp\/v2\/media?parent=1371"}],"curies":[{"name":"wp","href":"https:\/\/api.w.org\/{rel}","templated":true}]}}