{"id":1142,"date":"2023-10-11T21:48:53","date_gmt":"2023-10-12T00:48:53","guid":{"rendered":"https:\/\/portal.uern.br\/fafic\/?page_id=1142"},"modified":"2023-10-11T21:53:18","modified_gmt":"2023-10-12T00:53:18","slug":"vi-semana-de-humanidades","status":"publish","type":"page","link":"https:\/\/portal.uern.br\/fafic\/vi-semana-de-humanidades\/","title":{"rendered":"VI Semana de Humanidades"},"content":{"rendered":"<p>A Faculdade de Filosofia e Ci\u00eancias Sociais (FAFIC\/UERN), torna p\u00fablico a programa\u00e7\u00e3o da <strong>VI Semana de Humanidades: As Ci\u00eancias Humanas frente aos desafios do mundo digital<\/strong>.<\/p>\n<p>A Semana de Humanidades \u00e9 um evento de natureza cientificamente interdisciplinar e culturalmente m\u00faltiplo, voltado para a humaniza\u00e7\u00e3o, democratiza\u00e7\u00e3o e circula\u00e7\u00e3o do conhecimento, organizado pela FAFIC.<\/p>\n<p>&nbsp;<\/p>\n","protected":false},"excerpt":{"rendered":"<p>A Faculdade de Filosofia e Ci\u00eancias Sociais (FAFIC\/UERN), torna p\u00fablico a programa\u00e7\u00e3o da VI Semana de Humanidades: As Ci\u00eancias Humanas frente aos desafios do mundo digital. A Semana de Humanidades \u00e9 um evento de natureza cientificamente interdisciplinar e culturalmente m\u00faltiplo, voltado para a humaniza\u00e7\u00e3o, democratiza\u00e7\u00e3o e circula\u00e7\u00e3o do conhecimento, organizado pela FAFIC. &nbsp;<\/p>\n","protected":false},"author":3,"featured_media":0,"parent":0,"menu_order":0,"comment_status":"closed","ping_status":"closed","template":"","meta":{"footnotes":""},"class_list":["post-1142","page","type-page","status-publish","hentry"],"_links":{"self":[{"href":"https:\/\/portal.uern.br\/fafic\/wp-json\/wp\/v2\/pages\/1142","targetHints":{"allow":["GET"]}}],"collection":[{"href":"https:\/\/portal.uern.br\/fafic\/wp-json\/wp\/v2\/pages"}],"about":[{"href":"https:\/\/portal.uern.br\/fafic\/wp-json\/wp\/v2\/types\/page"}],"author":[{"embeddable":true,"href":"https:\/\/portal.uern.br\/fafic\/wp-json\/wp\/v2\/users\/3"}],"replies":[{"embeddable":true,"href":"https:\/\/portal.uern.br\/fafic\/wp-json\/wp\/v2\/comments?post=1142"}],"version-history":[{"count":2,"href":"https:\/\/portal.uern.br\/fafic\/wp-json\/wp\/v2\/pages\/1142\/revisions"}],"predecessor-version":[{"id":1163,"href":"https:\/\/portal.uern.br\/fafic\/wp-json\/wp\/v2\/pages\/1142\/revisions\/1163"}],"wp:attachment":[{"href":"https:\/\/portal.uern.br\/fafic\/wp-json\/wp\/v2\/media?parent=1142"}],"curies":[{"name":"wp","href":"https:\/\/api.w.org\/{rel}","templated":true}]}}

<p>A Faculdade de Filosofia e Ciências Sociais (FAFIC/UERN), torna público a programação da <strong>VI Semana de Humanidades: As Ciências Humanas frente aos desafios do mundo digital</strong>.</p>
<p>A Semana de Humanidades é um evento de natureza cientificamente interdisciplinar e culturalmente múltiplo, voltado para a humanização, democratização e circulação do conhecimento, organizado pela FAFIC.</p>
<p>&nbsp;</p>

<p>A Faculdade de Filosofia e Ciências Sociais (FAFIC/UERN), torna público a programação da VI Semana de Humanidades: As Ciências Humanas frente aos desafios do mundo digital. A Semana de Humanidades é um evento de natureza cientificamente interdisciplinar e culturalmente múltiplo, voltado para a humanização, democratização e circulação do conhecimento, organizado pela FAFIC. &nbsp;</p>
