{"id":962,"date":"2024-08-30T12:00:15","date_gmt":"2024-08-30T15:00:15","guid":{"rendered":"https:\/\/portal.uern.br\/fafic\/historia\/?page_id=962"},"modified":"2024-08-30T12:04:28","modified_gmt":"2024-08-30T15:04:28","slug":"contato","status":"publish","type":"page","link":"https:\/\/portal.uern.br\/fafic\/historia\/contato\/","title":{"rendered":"Contato"},"content":{"rendered":"<p>E-mail: dhi@uern.br<\/p>\n<p>Fone: (84) 3315-2142<\/p>\n<p>Endere\u00e7o: Departamento de Hist\u00f3ria &#8211; DHI, Av. Prof. Ant\u00f4nio Campos, BR 110, km 46, CEP 59.625-620<\/p>\n","protected":false},"excerpt":{"rendered":"<p>E-mail: dhi@uern.br Fone: (84) 3315-2142 Endere\u00e7o: Departamento de Hist\u00f3ria &#8211; DHI, Av. Prof. Ant\u00f4nio Campos, BR 110, km 46, CEP 59.625-620<\/p>\n","protected":false},"author":8,"featured_media":0,"parent":0,"menu_order":0,"comment_status":"closed","ping_status":"closed","template":"","meta":{"footnotes":""},"class_list":["post-962","page","type-page","status-publish","hentry"],"_links":{"self":[{"href":"https:\/\/portal.uern.br\/fafic\/historia\/wp-json\/wp\/v2\/pages\/962","targetHints":{"allow":["GET"]}}],"collection":[{"href":"https:\/\/portal.uern.br\/fafic\/historia\/wp-json\/wp\/v2\/pages"}],"about":[{"href":"https:\/\/portal.uern.br\/fafic\/historia\/wp-json\/wp\/v2\/types\/page"}],"author":[{"embeddable":true,"href":"https:\/\/portal.uern.br\/fafic\/historia\/wp-json\/wp\/v2\/users\/8"}],"replies":[{"embeddable":true,"href":"https:\/\/portal.uern.br\/fafic\/historia\/wp-json\/wp\/v2\/comments?post=962"}],"version-history":[{"count":3,"href":"https:\/\/portal.uern.br\/fafic\/historia\/wp-json\/wp\/v2\/pages\/962\/revisions"}],"predecessor-version":[{"id":966,"href":"https:\/\/portal.uern.br\/fafic\/historia\/wp-json\/wp\/v2\/pages\/962\/revisions\/966"}],"wp:attachment":[{"href":"https:\/\/portal.uern.br\/fafic\/historia\/wp-json\/wp\/v2\/media?parent=962"}],"curies":[{"name":"wp","href":"https:\/\/api.w.org\/{rel}","templated":true}]}}