{"id":828,"date":"2024-09-17T22:43:20","date_gmt":"2024-09-18T01:43:20","guid":{"rendered":"https:\/\/portal.uern.br\/fafic\/filosofia\/?page_id=828"},"modified":"2024-09-18T10:42:42","modified_gmt":"2024-09-18T13:42:42","slug":"projetos-de-pesquisa","status":"publish","type":"page","link":"https:\/\/portal.uern.br\/fafic\/filosofia\/projetos-de-pesquisa\/","title":{"rendered":"Projetos de Pesquisa"},"content":{"rendered":"<table style=\"width: 100%;border-collapse: collapse;border-style: solid\">\n<caption>\u00a0<\/caption>\n<tbody>\n<tr>\n<td style=\"width: 99.9999%;text-align: center\" colspan=\"3\"><strong>Projetos de Pesquisa (2024 &#8211; 2025)<\/strong><\/td>\n<\/tr>\n<tr>\n<td style=\"width: 33.3333%;text-align: center\"><strong>Docente<\/strong><\/td>\n<td style=\"width: 46.7878%;text-align: center\"><strong>Projeto<\/strong><\/td>\n<td style=\"width: 19.8788%;text-align: center\"><strong>Bolsa<\/strong><\/td>\n<\/tr>\n<tr>\n<td style=\"width: 33.3333%\">Guilherme Paiva de Carvalho<\/td>\n<td style=\"width: 46.7878%\">Tia Ciata e Pixinguinha: Samba, Choro e Candombl\u00e9<\/td>\n<td style=\"width: 19.8788%;text-align: center\">1 bolsa CNPq<\/td>\n<\/tr>\n<tr>\n<td style=\"width: 33.3333%\">Telmir de Souza Soares<\/td>\n<td style=\"width: 46.7878%\">Aut\u00f4matos Pol\u00edticos: Uma Abordagem Sobre a Democracia Digital<\/td>\n<td style=\"width: 19.8788%;text-align: center\">1 bolsa FUERN<\/td>\n<\/tr>\n<tr>\n<td style=\"width: 33.3333%\">Maria Veral\u00facia Pessoa Porto<\/td>\n<td style=\"width: 46.7878%\">A Loucura Como M\u00e9todo: A Experi\u00eancia do Hospital de Barbacena, Minas Gerais, Brasil<\/td>\n<td style=\"width: 19.8788%;text-align: center\">Volunt\u00e1rio<\/td>\n<\/tr>\n<\/tbody>\n<\/table>\n<p>&nbsp;<\/p>\n<table style=\"width: 100%;border-collapse: collapse;border-style: solid\">\n<caption>\u00a0<\/caption>\n<tbody>\n<tr>\n<td style=\"width: 99.9999%;text-align: center\" colspan=\"3\"><strong>Projetos de Pesquisa (2023 &#8211; 2024)<\/strong><\/td>\n<\/tr>\n<tr>\n<td style=\"width: 33.3333%;text-align: center\"><strong>Docente<\/strong><\/td>\n<td style=\"width: 46.303%;text-align: center\"><strong>Projeto<\/strong><\/td>\n<td style=\"width: 20.3636%;text-align: center\"><strong>Bolsa<\/strong><\/td>\n<\/tr>\n<tr>\n<td style=\"width: 33.3333%\">Guilherme Paiva de Carvalho<\/td>\n<td style=\"width: 46.303%\">Desigualdade Social, A\u00e7\u00e3o Afirmativa e Inclus\u00e3o Digital No Ensino Superior P\u00fablico: A Experi\u00eancia da Uern<\/td>\n<td style=\"width: 20.3636%;text-align: center\">1 bolsa PIBIC CNPq<\/td>\n<\/tr>\n<tr>\n<td style=\"width: 33.3333%\">Maria Veralucia Pessoa Porto<\/td>\n<td style=\"width: 46.303%\">A Loucura Como M\u00e9todo: A experi\u00eancia do Hospital de Barbacena, Minas Gerais, Brasil<\/td>\n<td style=\"width: 20.3636%;text-align: center\">1 bolsa PIBIC UERN<\/td>\n<\/tr>\n<tr>\n<td style=\"width: 33.3333%\">Jo\u00e3o Bosco Brito do Nascimento<\/td>\n<td style=\"width: 46.303%\">O Capital Enquanto Processo de Rela\u00e7\u00e3o Social de Produ\u00e7\u00e3o \u2013 Parte terceira: de como o valor se realiza atrav\u00e9s do com\u00e9rcio de mercadorias<\/td>\n<td style=\"width: 20.3636%;text-align: center\">1 bolsa PIBIC UERN<\/td>\n<\/tr>\n<tr>\n<td style=\"width: 33.3333%\">Francisco Ramos Neves<\/td>\n<td style=\"width: 46.303%\">Psicopol\u00edtica, Viol\u00eancia Neuronal e Sociedade do Cansa\u00e7o: Quarta Parte<\/td>\n<td style=\"width: 20.3636%;text-align: center\">PIBIC volunt\u00e1rio<\/td>\n<\/tr>\n<tr>\n<td style=\"width: 33.3333%\">Telmir de Souza Soares<\/td>\n<td style=\"width: 46.303%\">Democracia e Redes Sociais: Entre A Cultura da Desinforma\u00e7\u00e3o e A Busca Por Mecanismos de Promo\u00e7\u00e3o da Qualidade da Informa\u00e7\u00e3o Numa Sociedade de Direito<\/td>\n<td style=\"width: 20.3636%;text-align: center\">PIBIC volunt\u00e1rio<\/td>\n<\/tr>\n<\/tbody>\n<\/table>\n<p>&nbsp;<\/p>\n<table style=\"width: 100%;border-collapse: collapse;border-style: solid\">\n<caption>\u00a0<\/caption>\n<tbody>\n<tr>\n<td style=\"width: 99.9999%;text-align: center\" colspan=\"3\"><strong>Projetos de Pesquisa (2022 &#8211; 2023)<\/strong><\/td>\n<\/tr>\n<tr>\n<td style=\"width: 33.3333%;text-align: center\"><strong>Docente<\/strong><\/td>\n<td style=\"width: 46.303%;text-align: center\"><strong>Projeto<\/strong><\/td>\n<td style=\"width: 20.3636%;text-align: center\"><strong>Bolsa<\/strong><\/td>\n<\/tr>\n<tr>\n<td style=\"width: 33.3333%\">Guilherme Paiva de Carvalho<\/td>\n<td style=\"width: 46.303%\">Reconhecimento e Pol\u00edticas de A\u00e7\u00e3o Afirmativa No Ensino Superior P\u00fablico: A Experi\u00eancia da Uern<\/td>\n<td style=\"width: 20.3636%;text-align: center\">1 bolsa PIBIC CNPq<\/td>\n<\/tr>\n<tr>\n<td style=\"width: 33.3333%\">Telmir de Souza Soares<\/td>\n<td style=\"width: 46.303%\">Democracia Digital: O Impacto das Plataformas Digitais no Fazer Democr\u00e1tico Contempor\u00e2neo<\/td>\n<td style=\"width: 20.3636%;text-align: center\">1 bolsa PIBIC UERN<\/td>\n<\/tr>\n<tr>\n<td style=\"width: 33.3333%\">Francisco Ramos Neves<\/td>\n<td style=\"width: 46.303%\">Psicopol\u00edtica, viol\u00eancia neuronal e sociedade do cansa\u00e7o: parte terceira<\/td>\n<td style=\"width: 20.3636%;text-align: center\">1 bolsa PIBIC UERN<\/td>\n<\/tr>\n<tr>\n<td style=\"width: 33.3333%\">Jo\u00e3o Bosco Brito do Nascimento<\/td>\n<td style=\"width: 46.303%\">O Capital Enquanto Rela\u00e7\u00e3o Social de Produ\u00e7\u00e3o &#8211; Parte Segunda: A G\u00eanese do Capitalismo e O Desenvolvimento do Processo de Produ\u00e7\u00e3o do Capital<\/td>\n<td style=\"width: 20.3636%;text-align: center\">1 bolsa PIBIC UERN<\/td>\n<\/tr>\n<tr>\n<td style=\"width: 33.3333%\">Maria Veralucia Pessoa Porto<\/td>\n<td style=\"width: 46.303%\">Rela\u00e7\u00f5es de Poder e Processos de Subjetiva\u00e7\u00f5es na Vida Filos\u00f3fica Segundo Foucault.<\/td>\n<td style=\"width: 20.3636%;text-align: center\">PIBIC volunt\u00e1rio<\/td>\n<\/tr>\n<tr>\n<td style=\"width: 33.3333%\">Guilherme Paiva de Carvalho<\/td>\n<td style=\"width: 46.303%\">Tecnologias Digitais, Arte e Educa\u00e7\u00e3o<\/td>\n<td style=\"width: 20.3636%;text-align: center\">1 Bolsa PIBITI-CNPq<\/td>\n<\/tr>\n<\/tbody>\n<\/table>\n<p>&nbsp;<\/p>\n<table style=\"width: 100%;border-collapse: collapse;border-style: solid\">\n<caption>\u00a0<\/caption>\n<tbody>\n<tr>\n<td style=\"width: 99.9999%;text-align: center\" colspan=\"3\"><strong>Projetos de Pesquisa (2021 &#8211; 2022) <\/strong><\/td>\n<\/tr>\n<tr>\n<td style=\"width: 33.3333%;text-align: center\"><strong>Docente<\/strong><\/td>\n<td style=\"width: 46.303%;text-align: center\"><strong>Projeto<\/strong><\/td>\n<td style=\"width: 20.3636%;text-align: center\"><strong>Bolsa<\/strong><\/td>\n<\/tr>\n<tr>\n<td style=\"width: 33.3333%\">Guilherme Paiva de Carvalho<\/td>\n<td style=\"width: 46.303%\">Racismo e Sexismo na Estrutura Epist\u00eamica e no Ensino de Ci\u00eancias Sociais e Humanas<\/td>\n<td style=\"width: 20.3636%;text-align: center\">1 bolsa PIBIC CNPq<\/td>\n<\/tr>\n<tr>\n<td style=\"width: 33.3333%\">Francisco Ramos Neves<\/td>\n<td style=\"width: 46.303%\">Psicopol\u00edtica, viol\u00eancia neuronal e sociedade do cansa\u00e7o: parte segunda<\/td>\n<td style=\"width: 20.3636%;text-align: center\">1 bolsa PIBIC UERN<\/td>\n<\/tr>\n<tr>\n<td style=\"width: 33.3333%\">Telmir de Souza Soares<\/td>\n<td style=\"width: 46.303%\">Crise da Democracia e Redes Sociais: Sobre os Aspectos Virtuais da Pol\u00edtica na Contemporaneidade<\/td>\n<td style=\"width: 20.3636%;text-align: center\">1 bolsa PIBIC UERN<\/td>\n<\/tr>\n<tr>\n<td style=\"width: 33.3333%\">Jo\u00e3o Bosco Brito do Nascimento<\/td>\n<td style=\"width: 46.303%\">O Capital Como Rela\u00e7\u00e3o Social de Produ\u00e7\u00e3o: Estudos Introdut\u00f3rios<\/td>\n<td style=\"width: 20.3636%;text-align: center\">1 bolsa PIBIC UERN<\/td>\n<\/tr>\n<tr>\n<td style=\"width: 33.3333%\">Maria Veral\u00facia Pessoa Porto<\/td>\n<td style=\"width: 46.303%\">Par\u00e1stema, Paraskeue e Parresia como Ethos na Filosofia de MIchel Foucault.<\/td>\n<td style=\"width: 20.3636%;text-align: center\">1 bolsa PIBIC UERN<\/td>\n<\/tr>\n<tr>\n<td style=\"width: 33.3333%\">Guilherme Paiva de Carvalho<\/td>\n<td style=\"width: 46.303%\">Tecnologias Digitais, Arte, Cultura e M\u00eddia-educa\u00e7\u00e3o<\/td>\n<td style=\"width: 20.3636%;text-align: center\">1 bolsa PIBIC CNPq<\/td>\n<\/tr>\n<\/tbody>\n<\/table>\n<p>&nbsp;<\/p>\n<table style=\"width: 100%;border-collapse: collapse;border-style: solid\">\n<caption>\u00a0<\/caption>\n<tbody>\n<tr>\n<td style=\"width: 99.9999%;text-align: center\" colspan=\"3\"><strong>Projetos de Pesquisa &#8211; Filosofia \/ FAFIC (2020 &#8211; 2021)<\/strong><\/td>\n<\/tr>\n<tr>\n<td style=\"width: 33.3333%;text-align: center\"><strong>Docente<\/strong><\/td>\n<td style=\"width: 46.303%;text-align: center\"><strong>Projeto<\/strong><\/td>\n<td style=\"width: 20.3636%;text-align: center\"><strong>Bolsa<\/strong><\/td>\n<\/tr>\n<tr>\n<td style=\"width: 33.3333%\">Guilherme Paiva de Carvalho<\/td>\n<td style=\"width: 46.303%\">Educa\u00e7\u00e3o sexual, g\u00eanero e diversidade<\/td>\n<td style=\"width: 20.3636%;text-align: center\">1 bolsa PIBIC CNPq<\/td>\n<\/tr>\n<tr>\n<td style=\"width: 33.3333%\">Telmir de Souza Soares<\/td>\n<td style=\"width: 46.303%\">DEMOCRACIA E REDES SOCIAIS: uma investiga\u00e7\u00e3o sobre os aspectos virtuais da participa\u00e7\u00e3o pol\u00edtica<\/td>\n<td style=\"width: 20.3636%;text-align: center\">1 bolsa PIBIC UERN<\/td>\n<\/tr>\n<tr>\n<td style=\"width: 33.3333%\">Francisco Ramos Neves<\/td>\n<td style=\"width: 46.303%\">Psicopol\u00edtica, viol\u00eancia neuronal e sociedade do cansa\u00e7o<\/td>\n<td style=\"width: 20.3636%;text-align: center\">1 bolsa PIBIC UERN<\/td>\n<\/tr>\n<tr>\n<td style=\"width: 33.3333%\">Maria Veral\u00facia Pessoa Porto<\/td>\n<td style=\"width: 46.303%\">Investiga\u00e7\u00e3o sobre par\u00e1stema, paraskeue e parresia na filosofia de Michel Foucault<\/td>\n<td style=\"width: 20.3636%;text-align: center\">1 bolsa PIBIC UERN<\/td>\n<\/tr>\n<\/tbody>\n<\/table>\n<p>&nbsp;<\/p>\n<table style=\"width: 100%;border-collapse: collapse;border-style: solid;height: 120px\">\n<caption>\u00a0<\/caption>\n<tbody>\n<tr style=\"height: 24px\">\n<td style=\"width: 99.9999%;text-align: center;height: 24px\" colspan=\"3\"><strong>Projetos de Pesquisa (2019 &#8211; 2020)<\/strong><\/td>\n<\/tr>\n<tr style=\"height: 24px\">\n<td style=\"width: 33.3333%;text-align: center;height: 24px\"><strong>Docente<\/strong><\/td>\n<td style=\"width: 46.303%;text-align: center;height: 24px\"><strong>Projeto<\/strong><\/td>\n<td style=\"width: 20.3636%;text-align: center;height: 24px\"><strong>Bolsa<\/strong><\/td>\n<\/tr>\n<tr style=\"height: 24px\">\n<td style=\"width: 33.3333%;height: 24px\">Guilherme Paiva de Carvalho<\/td>\n<td style=\"width: 46.303%;height: 24px\">G\u00eanero, Diversidade Cultural e Ensino<\/td>\n<td style=\"width: 20.3636%;height: 24px;text-align: center\">1 bolsa PIBIC CNPq<\/td>\n<\/tr>\n<tr style=\"height: 48px\">\n<td style=\"width: 33.3333%;height: 48px\">Telmir de Souza Soares<\/td>\n<td style=\"width: 46.303%;height: 48px\">Democracia Em Rede: O Papel das Redes Sociais Nos Rumos do Fazer Democr\u00e1tico<\/td>\n<td style=\"width: 20.3636%;height: 48px;text-align: center\">1 bolsa PIBIC UERN<\/td>\n<\/tr>\n<\/tbody>\n<\/table>\n","protected":false},"excerpt":{"rendered":"<p>\u00a0 Projetos de Pesquisa (2024 &#8211; 2025) Docente Projeto Bolsa Guilherme Paiva de Carvalho Tia Ciata e Pixinguinha: Samba, Choro e Candombl\u00e9 1 bolsa CNPq Telmir de Souza Soares Aut\u00f4matos Pol\u00edticos: Uma Abordagem Sobre a Democracia Digital 1 bolsa FUERN Maria Veral\u00facia Pessoa Porto A Loucura Como M\u00e9todo: A Experi\u00eancia do Hospital de Barbacena, Minas [&hellip;]<\/p>\n","protected":false},"author":6,"featured_media":0,"parent":0,"menu_order":0,"comment_status":"closed","ping_status":"closed","template":"","meta":{"footnotes":""},"class_list":["post-828","page","type-page","status-publish","hentry"],"_links":{"self":[{"href":"https:\/\/portal.uern.br\/fafic\/filosofia\/wp-json\/wp\/v2\/pages\/828","targetHints":{"allow":["GET"]}}],"collection":[{"href":"https:\/\/portal.uern.br\/fafic\/filosofia\/wp-json\/wp\/v2\/pages"}],"about":[{"href":"https:\/\/portal.uern.br\/fafic\/filosofia\/wp-json\/wp\/v2\/types\/page"}],"author":[{"embeddable":true,"href":"https:\/\/portal.uern.br\/fafic\/filosofia\/wp-json\/wp\/v2\/users\/6"}],"replies":[{"embeddable":true,"href":"https:\/\/portal.uern.br\/fafic\/filosofia\/wp-json\/wp\/v2\/comments?post=828"}],"version-history":[{"count":3,"href":"https:\/\/portal.uern.br\/fafic\/filosofia\/wp-json\/wp\/v2\/pages\/828\/revisions"}],"predecessor-version":[{"id":839,"href":"https:\/\/portal.uern.br\/fafic\/filosofia\/wp-json\/wp\/v2\/pages\/828\/revisions\/839"}],"wp:attachment":[{"href":"https:\/\/portal.uern.br\/fafic\/filosofia\/wp-json\/wp\/v2\/media?parent=828"}],"curies":[{"name":"wp","href":"https:\/\/api.w.org\/{rel}","templated":true}]}}