{"id":748,"date":"2023-11-13T10:21:34","date_gmt":"2023-11-13T13:21:34","guid":{"rendered":"https:\/\/portal.uern.br\/fafic\/dge\/?page_id=748"},"modified":"2024-10-24T07:02:34","modified_gmt":"2024-10-24T10:02:34","slug":"labgeo","status":"publish","type":"page","link":"https:\/\/portal.uern.br\/fafic\/dge\/labgeo\/","title":{"rendered":"LABGEO"},"content":{"rendered":"<p><strong>LABORAT\u00d3RIO DE GEOPROCESSAMENTO E CARTOGRAFIA &#8211; LABGEO<\/strong><\/p>\n<p>Coordenador: Filipe da Silva Peixoto<\/p>\n<p>O Laborat\u00f3rio de Geoprocessamento e Cartografia est\u00e1 instalado junto a Faculdade de Filosofia e Ci\u00eancias Sociais \u2013 FAFIC, no Campus Central da Universidade do Estado do Rio Grande do Norte \u2013 UERN, no munic\u00edpio de Mossor\u00f3. O referido laborat\u00f3rio desenvolve atividades de ensino e extens\u00e3o em conhecimentos cartogr\u00e1ficos e atividade de pesquisa em geoprocessamento aplicados a estudos ambientais e de recursos h\u00eddricos.<\/p>\n<p>&nbsp;<\/p>\n<p><img fetchpriority=\"high\" decoding=\"async\" class=\"alignnone  wp-image-954\" src=\"https:\/\/portal.uern.br\/fafic\/dge\/wp-content\/uploads\/sites\/12\/2024\/10\/WhatsApp-Image-2024-10-24-at-06.56.01-300x224.jpeg\" alt=\"\" width=\"403\" height=\"301\" srcset=\"https:\/\/portal.uern.br\/fafic\/dge\/wp-content\/uploads\/sites\/12\/2024\/10\/WhatsApp-Image-2024-10-24-at-06.56.01-300x224.jpeg 300w, https:\/\/portal.uern.br\/fafic\/dge\/wp-content\/uploads\/sites\/12\/2024\/10\/WhatsApp-Image-2024-10-24-at-06.56.01-1024x766.jpeg 1024w, https:\/\/portal.uern.br\/fafic\/dge\/wp-content\/uploads\/sites\/12\/2024\/10\/WhatsApp-Image-2024-10-24-at-06.56.01-768x575.jpeg 768w, https:\/\/portal.uern.br\/fafic\/dge\/wp-content\/uploads\/sites\/12\/2024\/10\/WhatsApp-Image-2024-10-24-at-06.56.01-1536x1149.jpeg 1536w, https:\/\/portal.uern.br\/fafic\/dge\/wp-content\/uploads\/sites\/12\/2024\/10\/WhatsApp-Image-2024-10-24-at-06.56.01.jpeg 1600w\" sizes=\"(max-width: 403px) 100vw, 403px\" \/> <img decoding=\"async\" class=\"alignnone  wp-image-955\" src=\"https:\/\/portal.uern.br\/fafic\/dge\/wp-content\/uploads\/sites\/12\/2024\/10\/WhatsApp-Image-2024-10-24-at-06.55.59-1-300x224.jpeg\" alt=\"\" width=\"403\" height=\"301\" srcset=\"https:\/\/portal.uern.br\/fafic\/dge\/wp-content\/uploads\/sites\/12\/2024\/10\/WhatsApp-Image-2024-10-24-at-06.55.59-1-300x224.jpeg 300w, https:\/\/portal.uern.br\/fafic\/dge\/wp-content\/uploads\/sites\/12\/2024\/10\/WhatsApp-Image-2024-10-24-at-06.55.59-1-1024x766.jpeg 1024w, https:\/\/portal.uern.br\/fafic\/dge\/wp-content\/uploads\/sites\/12\/2024\/10\/WhatsApp-Image-2024-10-24-at-06.55.59-1-768x575.jpeg 768w, https:\/\/portal.uern.br\/fafic\/dge\/wp-content\/uploads\/sites\/12\/2024\/10\/WhatsApp-Image-2024-10-24-at-06.55.59-1-1536x1149.jpeg 1536w, https:\/\/portal.uern.br\/fafic\/dge\/wp-content\/uploads\/sites\/12\/2024\/10\/WhatsApp-Image-2024-10-24-at-06.55.59-1.jpeg 1600w\" sizes=\"(max-width: 403px) 100vw, 403px\" \/><\/p>\n","protected":false},"excerpt":{"rendered":"<p>LABORAT\u00d3RIO DE GEOPROCESSAMENTO E CARTOGRAFIA &#8211; LABGEO Coordenador: Filipe da Silva Peixoto O Laborat\u00f3rio de Geoprocessamento e Cartografia est\u00e1 instalado junto a Faculdade de Filosofia e Ci\u00eancias Sociais \u2013 FAFIC, no Campus Central da Universidade do Estado do Rio Grande do Norte \u2013 UERN, no munic\u00edpio de Mossor\u00f3. O referido laborat\u00f3rio desenvolve atividades de ensino [&hellip;]<\/p>\n","protected":false},"author":7,"featured_media":0,"parent":0,"menu_order":0,"comment_status":"closed","ping_status":"closed","template":"","meta":{"footnotes":""},"class_list":["post-748","page","type-page","status-publish","hentry"],"_links":{"self":[{"href":"https:\/\/portal.uern.br\/fafic\/dge\/wp-json\/wp\/v2\/pages\/748","targetHints":{"allow":["GET"]}}],"collection":[{"href":"https:\/\/portal.uern.br\/fafic\/dge\/wp-json\/wp\/v2\/pages"}],"about":[{"href":"https:\/\/portal.uern.br\/fafic\/dge\/wp-json\/wp\/v2\/types\/page"}],"author":[{"embeddable":true,"href":"https:\/\/portal.uern.br\/fafic\/dge\/wp-json\/wp\/v2\/users\/7"}],"replies":[{"embeddable":true,"href":"https:\/\/portal.uern.br\/fafic\/dge\/wp-json\/wp\/v2\/comments?post=748"}],"version-history":[{"count":4,"href":"https:\/\/portal.uern.br\/fafic\/dge\/wp-json\/wp\/v2\/pages\/748\/revisions"}],"predecessor-version":[{"id":957,"href":"https:\/\/portal.uern.br\/fafic\/dge\/wp-json\/wp\/v2\/pages\/748\/revisions\/957"}],"wp:attachment":[{"href":"https:\/\/portal.uern.br\/fafic\/dge\/wp-json\/wp\/v2\/media?parent=748"}],"curies":[{"name":"wp","href":"https:\/\/api.w.org\/{rel}","templated":true}]}}