{"id":773,"date":"2023-03-16T22:38:40","date_gmt":"2023-03-17T01:38:40","guid":{"rendered":"https:\/\/portal.uern.br\/faen\/?page_id=773"},"modified":"2023-10-26T21:32:56","modified_gmt":"2023-10-27T00:32:56","slug":"apresentacao-2","status":"publish","type":"page","link":"https:\/\/portal.uern.br\/faen\/residencia-multiprofissional-em-atencao-basica-saude-da-familia-e-comunidade\/apresentacao-2\/","title":{"rendered":"Apresenta\u00e7\u00e3o"},"content":{"rendered":"<p>A Resid\u00eancia Multiprofissional em Aten\u00e7\u00e3o B\u00e1sica\/Sa\u00fade da Fam\u00edlia e Comunidade da Universidade do Estado do Rio Grande do Norte (UERN) \u00e9 uma modalidade de ensino de p\u00f3s-gradua\u00e7\u00e3o lato sensu voltada para profissionais de sa\u00fade que tenham se graduado em uma Institui\u00e7\u00e3o de Ensino Superior e possuam registro regular em seus respectivos Conselhos Profissionais. Este programa de especializa\u00e7\u00e3o \u00e9 caracterizado pelo ensino em servi\u00e7o, com uma carga hor\u00e1ria de 60 horas semanais e dedica\u00e7\u00e3o exclusiva ao programa, com dura\u00e7\u00e3o m\u00ednima de 24 meses. Os residentes s\u00e3o acompanhados por docentes-preceptores.<\/p>\n<p>Este programa foi aprovado em um edital ministerial em 2013, teve sua cria\u00e7\u00e3o institucional estabelecida em 2014 por meio da RESOLU\u00c7\u00c3O N\u00ba 92\/2014 \u2013 CONSEPE\/UERN e iniciou suas atividades em mar\u00e7o de 2015. A Secretaria Municipal de Sa\u00fade de Mossor\u00f3 \u00e9 a parceira na execu\u00e7\u00e3o do curso, e essa resid\u00eancia \u00e9 a primeira do estado do Rio Grande do Norte a se concentrar na sa\u00fade da fam\u00edlia, sendo instalada em seu interior.<\/p>\n<p>Anualmente, s\u00e3o disponibilizadas 24 vagas, igualmente distribu\u00eddas entre 6 n\u00facleos profissionais: Enfermagem, Nutri\u00e7\u00e3o, Fisioterapia, Odontologia, Psicologia e Servi\u00e7o Social. Os residentes desempenham suas atividades principalmente na Estrat\u00e9gia Sa\u00fade da Fam\u00edlia de Mossor\u00f3, mas tamb\u00e9m contribuem para a formula\u00e7\u00e3o e implementa\u00e7\u00e3o de servi\u00e7os em outros pontos da rede de sa\u00fade.<\/p>\n<p>Esta Resid\u00eancia \u00e9 parte de uma rede colaborativa interinstitucional que tem tido um impacto significativo na regi\u00e3o local e regional de servi\u00e7os de sa\u00fade. Alguns projetos e iniciativas not\u00e1veis incluem o FONDIPIS \u2013 F\u00f3rum Internacional de Di\u00e1logos e Pr\u00e1ticas Interprofissionais em Sa\u00fade, o Ambulat\u00f3rio LGBTI+, que \u00e9 o primeiro centro de cuidado em sa\u00fade da popula\u00e7\u00e3o LGBTI+ no estado do Rio Grande do Norte, o Consult\u00f3rio Familiar, que combina ensino, pesquisa e assist\u00eancia para o apoio matricial em uma rede de aten\u00e7\u00e3o b\u00e1sica, al\u00e9m do desenvolvimento de modalidades ambulatoriais em consult\u00f3rio familiar e refer\u00eancia em situa\u00e7\u00f5es espec\u00edficas. Outro destaque \u00e9 o Projeto sobre Cuidados Intermedi\u00e1rios e Hospitais de Territ\u00f3rio, uma colabora\u00e7\u00e3o entre institui\u00e7\u00f5es de Mossor\u00f3, incluindo a UFERSA, UERN, Hospital Maternidade Almeida Castro e a Prefeitura de Mossor\u00f3, com parcerias com universidades europeias e o apoio da REDE UNIDA Internacional, BRASA e AYFO.<\/p>\n","protected":false},"excerpt":{"rendered":"<p>A Resid\u00eancia Multiprofissional em Aten\u00e7\u00e3o B\u00e1sica\/Sa\u00fade da Fam\u00edlia e Comunidade da Universidade do Estado do Rio Grande do Norte (UERN) \u00e9 uma modalidade de ensino de p\u00f3s-gradua\u00e7\u00e3o lato sensu voltada para profissionais de sa\u00fade que tenham se graduado em uma Institui\u00e7\u00e3o de Ensino Superior e possuam registro regular em seus respectivos Conselhos Profissionais. Este programa [&hellip;]<\/p>\n","protected":false},"author":5,"featured_media":0,"parent":770,"menu_order":0,"comment_status":"closed","ping_status":"closed","template":"","meta":{"footnotes":""},"class_list":["post-773","page","type-page","status-publish","hentry"],"_links":{"self":[{"href":"https:\/\/portal.uern.br\/faen\/wp-json\/wp\/v2\/pages\/773","targetHints":{"allow":["GET"]}}],"collection":[{"href":"https:\/\/portal.uern.br\/faen\/wp-json\/wp\/v2\/pages"}],"about":[{"href":"https:\/\/portal.uern.br\/faen\/wp-json\/wp\/v2\/types\/page"}],"author":[{"embeddable":true,"href":"https:\/\/portal.uern.br\/faen\/wp-json\/wp\/v2\/users\/5"}],"replies":[{"embeddable":true,"href":"https:\/\/portal.uern.br\/faen\/wp-json\/wp\/v2\/comments?post=773"}],"version-history":[{"count":4,"href":"https:\/\/portal.uern.br\/faen\/wp-json\/wp\/v2\/pages\/773\/revisions"}],"predecessor-version":[{"id":1368,"href":"https:\/\/portal.uern.br\/faen\/wp-json\/wp\/v2\/pages\/773\/revisions\/1368"}],"up":[{"embeddable":true,"href":"https:\/\/portal.uern.br\/faen\/wp-json\/wp\/v2\/pages\/770"}],"wp:attachment":[{"href":"https:\/\/portal.uern.br\/faen\/wp-json\/wp\/v2\/media?parent=773"}],"curies":[{"name":"wp","href":"https:\/\/api.w.org\/{rel}","templated":true}]}}