{"id":748,"date":"2023-03-07T17:15:30","date_gmt":"2023-03-07T20:15:30","guid":{"rendered":"https:\/\/portal.uern.br\/faen\/?page_id=748"},"modified":"2023-09-03T00:06:16","modified_gmt":"2023-09-03T03:06:16","slug":"2023-2","status":"publish","type":"page","link":"https:\/\/portal.uern.br\/faen\/editais\/ensino\/2023-2\/","title":{"rendered":"2023"},"content":{"rendered":"<p><a href=\"https:\/\/drive.google.com\/file\/d\/1wlqwGMKpbF2Obx_K4fwYdPnkf_4TpLsf\/view?usp=share_link\">Edital PIM 2023.1 &#8211; Semiologia II<\/a><\/p>\n<p style=\"padding-left: 40px\"><a href=\"https:\/\/drive.google.com\/file\/d\/12WUjR4POBNa-Hd3djPSsf7n4vC-KMQKk\/view?usp=share_link\">Resultado Final do Edital PIM 2023 &#8211; Semiologia II<\/a><\/p>\n<p><a href=\"https:\/\/drive.google.com\/file\/d\/11uxuxu4u-O2vm6btjcpkMHcQf6irruo2\/view?usp=sharing\">Edital PETEM 2023<\/a><\/p>\n<p style=\"padding-left: 40px\"><a href=\"https:\/\/drive.google.com\/file\/d\/1fVefd-IdNzoKEGJSzmvXWSgCXbfFQPFr\/view?usp=drive_link\">Homologa\u00e7\u00e3o das Inscri\u00e7\u00f5es<\/a><\/p>\n<p style=\"padding-left: 40px\"><a href=\"https:\/\/drive.google.com\/file\/d\/1FjWJ7Hxk5aqQOx_UZr5KviBsvNTAfxpA\/view?usp=drive_link\">Resultado primeira etapa<\/a><\/p>\n<p style=\"padding-left: 40px\"><a href=\"https:\/\/drive.google.com\/file\/d\/1XZ2X3T7IBkg4RhBJiJv7rTChcymKmrA-\/view?usp=drive_link\">Resultado Preliminar<\/a><\/p>\n<p style=\"padding-left: 80px\"><a href=\"https:\/\/drive.google.com\/file\/d\/1hMckVXAS0DrpwtdkJvhZo44NTbWpgbcn\/view?usp=drive_link\">Errata<\/a><\/p>\n<p><a href=\"https:\/\/drive.google.com\/file\/d\/1G5HH__rcgY6JLiIFLBR6PEV8sPxAILk5\/view?usp=drive_link\">Edital PIM 2023.2<\/a><\/p>\n<p style=\"padding-left: 40px\"><a href=\"https:\/\/drive.google.com\/file\/d\/14pUvxR2xJTlB3MuwAwl3u5Jj0PtsoL5x\/view?usp=drive_link\">Errata 01\/2023<\/a><\/p>\n<p style=\"padding-left: 40px\"><a href=\"https:\/\/drive.google.com\/file\/d\/1Wvnz0LlmV1_s_V4HVD5gENybnX__band\/view?usp=drive_link\">Homologa\u00e7\u00e3o das inscri\u00e7\u00f5es<\/a><\/p>\n<p style=\"padding-left: 40px\"><a href=\"https:\/\/drive.google.com\/file\/d\/1Ncg25GDryKuLSVvwb8PZGXX-RSKUtx-J\/view?usp=drive_link\">Resultado preliminar<\/a><\/p>\n<p style=\"padding-left: 40px\"><a href=\"https:\/\/drive.google.com\/file\/d\/1J5yjcNo-QX7duf6TaTfvMQiaDY8fVv8i\/view?usp=drive_link\">Resultado final<\/a><\/p>\n<p style=\"padding-left: 80px\"><a href=\"https:\/\/docs.google.com\/document\/d\/1OIabqT-62_w3vpFart5NcKN7UTz_Z0oZ\/edit?usp=drive_link&amp;ouid=116047113386370969949&amp;rtpof=true&amp;sd=true\">Anexo I &#8211; Termo de compromisso do monitor remunerado<\/a><\/p>\n<p style=\"padding-left: 80px\"><a href=\"https:\/\/docs.google.com\/document\/d\/106XExI2qZvx39_B2F4hzpQLzJzVPjKIe\/edit?usp=drive_link&amp;ouid=116047113386370969949&amp;rtpof=true&amp;sd=true\">Anexo II &#8211; Termo de compromisso do monitor n\u00e3o remunerado<\/a><\/p>\n<p>&nbsp;<\/p>\n","protected":false},"excerpt":{"rendered":"<p>Edital PIM 2023.1 &#8211; Semiologia II Resultado Final do Edital PIM 2023 &#8211; Semiologia II Edital PETEM 2023 Homologa\u00e7\u00e3o das Inscri\u00e7\u00f5es Resultado primeira etapa Resultado Preliminar Errata Edital PIM 2023.2 Errata 01\/2023 Homologa\u00e7\u00e3o das inscri\u00e7\u00f5es Resultado preliminar Resultado final Anexo I &#8211; Termo de compromisso do monitor remunerado Anexo II &#8211; Termo de compromisso do [&hellip;]<\/p>\n","protected":false},"author":5,"featured_media":0,"parent":673,"menu_order":0,"comment_status":"closed","ping_status":"closed","template":"","meta":{"footnotes":""},"class_list":["post-748","page","type-page","status-publish","hentry"],"_links":{"self":[{"href":"https:\/\/portal.uern.br\/faen\/wp-json\/wp\/v2\/pages\/748","targetHints":{"allow":["GET"]}}],"collection":[{"href":"https:\/\/portal.uern.br\/faen\/wp-json\/wp\/v2\/pages"}],"about":[{"href":"https:\/\/portal.uern.br\/faen\/wp-json\/wp\/v2\/types\/page"}],"author":[{"embeddable":true,"href":"https:\/\/portal.uern.br\/faen\/wp-json\/wp\/v2\/users\/5"}],"replies":[{"embeddable":true,"href":"https:\/\/portal.uern.br\/faen\/wp-json\/wp\/v2\/comments?post=748"}],"version-history":[{"count":14,"href":"https:\/\/portal.uern.br\/faen\/wp-json\/wp\/v2\/pages\/748\/revisions"}],"predecessor-version":[{"id":1344,"href":"https:\/\/portal.uern.br\/faen\/wp-json\/wp\/v2\/pages\/748\/revisions\/1344"}],"up":[{"embeddable":true,"href":"https:\/\/portal.uern.br\/faen\/wp-json\/wp\/v2\/pages\/673"}],"wp:attachment":[{"href":"https:\/\/portal.uern.br\/faen\/wp-json\/wp\/v2\/media?parent=748"}],"curies":[{"name":"wp","href":"https:\/\/api.w.org\/{rel}","templated":true}]}}