{"id":709,"date":"2023-03-04T15:54:33","date_gmt":"2023-03-04T18:54:33","guid":{"rendered":"https:\/\/portal.uern.br\/faen\/?page_id=709"},"modified":"2023-03-04T15:58:14","modified_gmt":"2023-03-04T18:58:14","slug":"2023-2","status":"publish","type":"page","link":"https:\/\/portal.uern.br\/faen\/editais\/estagios\/2023-2\/","title":{"rendered":"2023"},"content":{"rendered":"<p><a href=\"https:\/\/drive.google.com\/file\/d\/1l6pTFtnoSGjqIgNZsUpfDYB2no5Gshgp\/view?usp=share_link\">Edital 23 &#8211; PRAE\/UERN &#8211; Est\u00e1gio n\u00e3o obrigat\u00f3rio no \u00e2mbito da UERN<\/a><\/p>\n","protected":false},"excerpt":{"rendered":"<p>Edital 23 &#8211; PRAE\/UERN &#8211; Est\u00e1gio n\u00e3o obrigat\u00f3rio no \u00e2mbito da UERN<\/p>\n","protected":false},"author":5,"featured_media":0,"parent":679,"menu_order":0,"comment_status":"closed","ping_status":"closed","template":"","meta":{"footnotes":""},"class_list":["post-709","page","type-page","status-publish","hentry"],"_links":{"self":[{"href":"https:\/\/portal.uern.br\/faen\/wp-json\/wp\/v2\/pages\/709","targetHints":{"allow":["GET"]}}],"collection":[{"href":"https:\/\/portal.uern.br\/faen\/wp-json\/wp\/v2\/pages"}],"about":[{"href":"https:\/\/portal.uern.br\/faen\/wp-json\/wp\/v2\/types\/page"}],"author":[{"embeddable":true,"href":"https:\/\/portal.uern.br\/faen\/wp-json\/wp\/v2\/users\/5"}],"replies":[{"embeddable":true,"href":"https:\/\/portal.uern.br\/faen\/wp-json\/wp\/v2\/comments?post=709"}],"version-history":[{"count":1,"href":"https:\/\/portal.uern.br\/faen\/wp-json\/wp\/v2\/pages\/709\/revisions"}],"predecessor-version":[{"id":710,"href":"https:\/\/portal.uern.br\/faen\/wp-json\/wp\/v2\/pages\/709\/revisions\/710"}],"up":[{"embeddable":true,"href":"https:\/\/portal.uern.br\/faen\/wp-json\/wp\/v2\/pages\/679"}],"wp:attachment":[{"href":"https:\/\/portal.uern.br\/faen\/wp-json\/wp\/v2\/media?parent=709"}],"curies":[{"name":"wp","href":"https:\/\/api.w.org\/{rel}","templated":true}]}}