{"id":202,"date":"2022-06-09T09:32:51","date_gmt":"2022-06-09T12:32:51","guid":{"rendered":"https:\/\/paisdemossoro.com.br\/wordpress\/faen\/?page_id=202"},"modified":"2023-06-12T16:01:15","modified_gmt":"2023-06-12T19:01:15","slug":"home","status":"publish","type":"page","link":"https:\/\/portal.uern.br\/faen\/","title":{"rendered":"Home"},"content":{"rendered":"\t\t<div data-elementor-type=\"wp-page\" data-elementor-id=\"202\" class=\"elementor elementor-202\" data-elementor-post-type=\"page\">\n\t\t\t\t\t\t<section class=\"elementor-section elementor-top-section elementor-element elementor-element-a111a98 elementor-section-full_width elementor-section-height-default elementor-section-height-default\" data-id=\"a111a98\" data-element_type=\"section\">\n\t\t\t\t\t\t<div class=\"elementor-container elementor-column-gap-default\">\n\t\t\t\t\t<div class=\"elementor-column elementor-col-100 elementor-top-column elementor-element elementor-element-c66adaa\" data-id=\"c66adaa\" data-element_type=\"column\">\n\t\t\t<div class=\"elementor-widget-wrap elementor-element-populated\">\n\t\t\t\t\t\t<div class=\"elementor-element elementor-element-52f4e6f elementor-widget elementor-widget-image\" data-id=\"52f4e6f\" data-element_type=\"widget\" data-widget_type=\"image.default\">\n\t\t\t\t<div class=\"elementor-widget-container\">\n\t\t\t\t\t\t\t\t\t\t\t\t\t\t\t<img fetchpriority=\"high\" decoding=\"async\" width=\"2560\" height=\"1440\" src=\"https:\/\/portal.uern.br\/faen\/wp-content\/uploads\/2024\/10\/WhatsApp-Image-2024-09-26-at-10.02.59-scaled.jpeg\" class=\"attachment-full size-full wp-image-1573\" alt=\"\" srcset=\"https:\/\/portal.uern.br\/faen\/wp-content\/uploads\/2024\/10\/WhatsApp-Image-2024-09-26-at-10.02.59-scaled.jpeg 2560w, https:\/\/portal.uern.br\/faen\/wp-content\/uploads\/2024\/10\/WhatsApp-Image-2024-09-26-at-10.02.59-300x169.jpeg 300w, https:\/\/portal.uern.br\/faen\/wp-content\/uploads\/2024\/10\/WhatsApp-Image-2024-09-26-at-10.02.59-1024x576.jpeg 1024w, https:\/\/portal.uern.br\/faen\/wp-content\/uploads\/2024\/10\/WhatsApp-Image-2024-09-26-at-10.02.59-768x432.jpeg 768w, https:\/\/portal.uern.br\/faen\/wp-content\/uploads\/2024\/10\/WhatsApp-Image-2024-09-26-at-10.02.59-1536x864.jpeg 1536w, https:\/\/portal.uern.br\/faen\/wp-content\/uploads\/2024\/10\/WhatsApp-Image-2024-09-26-at-10.02.59-2048x1152.jpeg 2048w\" sizes=\"(max-width: 2560px) 100vw, 2560px\" \/>\t\t\t\t\t\t\t\t\t\t\t\t\t\t\t<\/div>\n\t\t\t\t<\/div>\n\t\t\t\t\t<\/div>\n\t\t<\/div>\n\t\t\t\t\t<\/div>\n\t\t<\/section>\n\t\t\t\t<section class=\"elementor-section elementor-top-section elementor-element elementor-element-4beb1ec6 elementor-reverse-mobile elementor-section-height-min-height elementor-section-items-stretch elementor-section-boxed elementor-section-height-default\" data-id=\"4beb1ec6\" data-element_type=\"section\" data-settings=\"{&quot;background_background&quot;:&quot;classic&quot;}\">\n\t\t\t\t\t\t<div class=\"elementor-container elementor-column-gap-default\">\n\t\t\t\t\t<div class=\"elementor-column elementor-col-50 elementor-top-column elementor-element elementor-element-592c4e62 elementor-hidden-mobile\" data-id=\"592c4e62\" data-element_type=\"column\" data-settings=\"{&quot;background_background&quot;:&quot;classic&quot;}\">\n\t\t\t<div class=\"elementor-widget-wrap elementor-element-populated\">\n\t\t\t\t\t\t<div class=\"elementor-element elementor-element-71e18d80 elementor-nav-menu__text-align-aside elementor-widget elementor-widget-nav-menu\" data-id=\"71e18d80\" data-element_type=\"widget\" data-settings=\"{&quot;layout&quot;:&quot;dropdown&quot;,&quot;submenu_icon&quot;:{&quot;value&quot;:&quot;&lt;i class=\\&quot;fas fa-caret-down\\&quot; aria-hidden=\\&quot;true\\&quot;&gt;&lt;\\\/i&gt;&quot;,&quot;library&quot;:&quot;fa-solid&quot;}}\" data-widget_type=\"nav-menu.default\">\n\t\t\t\t<div class=\"elementor-widget-container\">\n\t\t\t\t\t\t\t\t<nav class=\"elementor-nav-menu--dropdown elementor-nav-menu__container\" aria-hidden=\"true\">\n\t\t\t\t<ul id=\"menu-2-71e18d80\" class=\"elementor-nav-menu\"><li class=\"menu-item menu-item-type-custom menu-item-object-custom menu-item-149\"><a href=\"http:\/\/beta.apps.uern.br\/wordpress\/faen\/\" class=\"elementor-item\" tabindex=\"-1\">Apresenta\u00e7\u00e3o<\/a><\/li>\n<li class=\"menu-item menu-item-type-post_type menu-item-object-page menu-item-298\"><a href=\"https:\/\/portal.uern.br\/faen\/gestao\/\" class=\"elementor-item\" tabindex=\"-1\">Gest\u00e3o<\/a><\/li>\n<li class=\"menu-item menu-item-type-post_type menu-item-object-page menu-item-759\"><a href=\"https:\/\/portal.uern.br\/faen\/organograma\/\" class=\"elementor-item\" tabindex=\"-1\">Organograma<\/a><\/li>\n<li class=\"menu-item menu-item-type-post_type menu-item-object-page menu-item-299\"><a href=\"https:\/\/portal.uern.br\/faen\/documentos\/\" class=\"elementor-item\" tabindex=\"-1\">Documentos<\/a><\/li>\n<li class=\"menu-item menu-item-type-post_type menu-item-object-page menu-item-1597\"><a href=\"https:\/\/portal.uern.br\/faen\/producoes-academicas\/\" class=\"elementor-item\" tabindex=\"-1\">Produ\u00e7\u00f5es Acad\u00eamicas<\/a><\/li>\n<li class=\"menu-item menu-item-type-custom menu-item-object-custom menu-item-has-children menu-item-300\"><a href=\"#\" class=\"elementor-item elementor-item-anchor\" tabindex=\"-1\">Egresso<\/a>\n<ul class=\"sub-menu elementor-nav-menu--dropdown\">\n\t<li class=\"menu-item menu-item-type-post_type menu-item-object-page menu-item-has-children menu-item-302\"><a href=\"https:\/\/portal.uern.br\/faen\/perfil-do-egresso\/egresso\/\" class=\"elementor-sub-item\" tabindex=\"-1\">Perfil do Egresso<\/a>\n\t<ul class=\"sub-menu elementor-nav-menu--dropdown\">\n\t\t<li class=\"menu-item menu-item-type-post_type menu-item-object-page menu-item-722\"><a href=\"https:\/\/portal.uern.br\/faen\/perfil-do-egresso\/egresso\/ppc-bacharelado\/\" class=\"elementor-sub-item\" tabindex=\"-1\">PPC Bacharelado<\/a><\/li>\n\t\t<li class=\"menu-item menu-item-type-post_type menu-item-object-page menu-item-721\"><a href=\"https:\/\/portal.uern.br\/faen\/perfil-do-egresso\/egresso\/ppc-bacharelado-licenciatura\/\" class=\"elementor-sub-item\" tabindex=\"-1\">PPC Bacharelado\/Licenciatura<\/a><\/li>\n\t<\/ul>\n<\/li>\n\t<li class=\"menu-item menu-item-type-post_type menu-item-object-page menu-item-301\"><a target=\"_blank\" href=\"https:\/\/portal.uern.br\/faen\/formulario-acompanhamento-de-egressos\/\" class=\"elementor-sub-item\" tabindex=\"-1\">Formul\u00e1rio acompanhamento de Egressos<\/a><\/li>\n<\/ul>\n<\/li>\n<li class=\"menu-item menu-item-type-post_type menu-item-object-page menu-item-662\"><a href=\"https:\/\/portal.uern.br\/faen\/contato\/\" class=\"elementor-item\" tabindex=\"-1\">Contato<\/a><\/li>\n<li class=\"menu-item menu-item-type-post_type menu-item-object-page menu-item-663\"><a href=\"https:\/\/portal.uern.br\/faen\/estudante\/\" class=\"elementor-item\" tabindex=\"-1\">Estudante<\/a><\/li>\n<li class=\"menu-item menu-item-type-post_type menu-item-object-page menu-item-has-children menu-item-684\"><a href=\"https:\/\/portal.uern.br\/faen\/editais\/\" class=\"elementor-item\" tabindex=\"-1\">Editais<\/a>\n<ul class=\"sub-menu elementor-nav-menu--dropdown\">\n\t<li class=\"menu-item menu-item-type-post_type menu-item-object-page menu-item-has-children menu-item-686\"><a href=\"https:\/\/portal.uern.br\/faen\/editais\/ensino\/\" class=\"elementor-sub-item\" tabindex=\"-1\">Ensino<\/a>\n\t<ul class=\"sub-menu elementor-nav-menu--dropdown\">\n\t\t<li class=\"menu-item menu-item-type-post_type menu-item-object-page menu-item-750\"><a target=\"_blank\" href=\"https:\/\/portal.uern.br\/faen\/editais\/ensino\/2023-2\/\" class=\"elementor-sub-item\" tabindex=\"-1\">2023<\/a><\/li>\n\t\t<li class=\"menu-item menu-item-type-post_type menu-item-object-page menu-item-1419\"><a target=\"_blank\" href=\"https:\/\/portal.uern.br\/faen\/editais\/ensino\/2024-2\/\" class=\"elementor-sub-item\" tabindex=\"-1\">2024<\/a><\/li>\n\t\t<li class=\"menu-item menu-item-type-post_type menu-item-object-page menu-item-1656\"><a href=\"https:\/\/portal.uern.br\/faen\/editais\/ensino\/2025-2\/\" class=\"elementor-sub-item\" tabindex=\"-1\">2025<\/a><\/li>\n\t<\/ul>\n<\/li>\n\t<li class=\"menu-item menu-item-type-post_type menu-item-object-page menu-item-690\"><a href=\"https:\/\/portal.uern.br\/faen\/editais\/pesquisa\/\" class=\"elementor-sub-item\" tabindex=\"-1\">Pesquisa<\/a><\/li>\n\t<li class=\"menu-item menu-item-type-post_type menu-item-object-page menu-item-has-children menu-item-689\"><a target=\"_blank\" href=\"https:\/\/portal.uern.br\/faen\/editais\/extensao\/\" class=\"elementor-sub-item\" tabindex=\"-1\">Extens\u00e3o<\/a>\n\t<ul class=\"sub-menu elementor-nav-menu--dropdown\">\n\t\t<li class=\"menu-item menu-item-type-post_type menu-item-object-page menu-item-706\"><a target=\"_blank\" href=\"https:\/\/portal.uern.br\/faen\/editais\/extensao\/2023-2\/\" class=\"elementor-sub-item\" tabindex=\"-1\">2023<\/a><\/li>\n\t\t<li class=\"menu-item menu-item-type-post_type menu-item-object-page menu-item-1422\"><a target=\"_blank\" href=\"https:\/\/portal.uern.br\/faen\/editais\/extensao\/2024-3\/\" class=\"elementor-sub-item\" tabindex=\"-1\">2024<\/a><\/li>\n\t\t<li class=\"menu-item menu-item-type-post_type menu-item-object-page menu-item-1592\"><a target=\"_blank\" href=\"https:\/\/portal.uern.br\/faen\/editais\/extensao\/2025-2\/\" class=\"elementor-sub-item\" tabindex=\"-1\">2025<\/a><\/li>\n\t<\/ul>\n<\/li>\n\t<li class=\"menu-item menu-item-type-post_type menu-item-object-page menu-item-has-children menu-item-685\"><a href=\"https:\/\/portal.uern.br\/faen\/editais\/estagios\/\" class=\"elementor-sub-item\" tabindex=\"-1\">Est\u00e1gios<\/a>\n\t<ul class=\"sub-menu elementor-nav-menu--dropdown\">\n\t\t<li class=\"menu-item menu-item-type-post_type menu-item-object-page menu-item-711\"><a target=\"_blank\" href=\"https:\/\/portal.uern.br\/faen\/editais\/estagios\/2023-2\/\" class=\"elementor-sub-item\" tabindex=\"-1\">2023<\/a><\/li>\n\t<\/ul>\n<\/li>\n<\/ul>\n<\/li>\n<li class=\"menu-item menu-item-type-post_type menu-item-object-page menu-item-has-children menu-item-772\"><a href=\"https:\/\/portal.uern.br\/faen\/residencia-multiprofissional-em-atencao-basica-saude-da-familia-e-comunidade\/\" class=\"elementor-item\" tabindex=\"-1\">Resid\u00eancia Multiprofissional em Aten\u00e7\u00e3o B\u00e1sica\/Sa\u00fade da Fam\u00edlia e Comunidade<\/a>\n<ul class=\"sub-menu elementor-nav-menu--dropdown\">\n\t<li class=\"menu-item menu-item-type-post_type menu-item-object-page menu-item-775\"><a href=\"https:\/\/portal.uern.br\/faen\/residencia-multiprofissional-em-atencao-basica-saude-da-familia-e-comunidade\/apresentacao-2\/\" class=\"elementor-sub-item\" tabindex=\"-1\">Apresenta\u00e7\u00e3o<\/a><\/li>\n\t<li class=\"menu-item menu-item-type-post_type menu-item-object-page menu-item-779\"><a href=\"https:\/\/portal.uern.br\/faen\/residencia-multiprofissional-em-atencao-basica-saude-da-familia-e-comunidade\/gestao-2\/\" class=\"elementor-sub-item\" tabindex=\"-1\">Gest\u00e3o<\/a><\/li>\n\t<li class=\"menu-item menu-item-type-post_type menu-item-object-page menu-item-1371\"><a href=\"https:\/\/portal.uern.br\/faen\/residencia-multiprofissional-em-atencao-basica-saude-da-familia-e-comunidade\/contato-2\/\" class=\"elementor-sub-item\" tabindex=\"-1\">Contato<\/a><\/li>\n\t<li class=\"menu-item menu-item-type-post_type menu-item-object-page menu-item-782\"><a href=\"https:\/\/portal.uern.br\/faen\/residencia-multiprofissional-em-atencao-basica-saude-da-familia-e-comunidade\/regimento\/\" class=\"elementor-sub-item\" tabindex=\"-1\">Documentos<\/a><\/li>\n\t<li class=\"menu-item menu-item-type-post_type menu-item-object-page menu-item-1384\"><a href=\"https:\/\/portal.uern.br\/faen\/residencia-multiprofissional-em-atencao-basica-saude-da-familia-e-comunidade\/turmas\/\" class=\"elementor-sub-item\" tabindex=\"-1\">Turmas<\/a><\/li>\n\t<li class=\"menu-item menu-item-type-post_type menu-item-object-page menu-item-has-children menu-item-1383\"><a href=\"https:\/\/portal.uern.br\/faen\/residencia-multiprofissional-em-atencao-basica-saude-da-familia-e-comunidade\/trabalhos-de-conclusao-da-residencia\/\" class=\"elementor-sub-item\" tabindex=\"-1\">Trabalhos de Conclus\u00e3o da Resid\u00eancia<\/a>\n\t<ul class=\"sub-menu elementor-nav-menu--dropdown\">\n\t\t<li class=\"menu-item menu-item-type-post_type menu-item-object-page menu-item-1405\"><a href=\"https:\/\/portal.uern.br\/faen\/residencia-multiprofissional-em-atencao-basica-saude-da-familia-e-comunidade\/trabalhos-de-conclusao-da-residencia\/turma-2015-2017\/\" class=\"elementor-sub-item\" tabindex=\"-1\">Turma 2015-2017<\/a><\/li>\n\t\t<li class=\"menu-item menu-item-type-post_type menu-item-object-page menu-item-1404\"><a href=\"https:\/\/portal.uern.br\/faen\/residencia-multiprofissional-em-atencao-basica-saude-da-familia-e-comunidade\/trabalhos-de-conclusao-da-residencia\/turma-2016-2018\/\" class=\"elementor-sub-item\" tabindex=\"-1\">Turma 2016-2018<\/a><\/li>\n\t\t<li class=\"menu-item menu-item-type-post_type menu-item-object-page menu-item-1403\"><a href=\"https:\/\/portal.uern.br\/faen\/residencia-multiprofissional-em-atencao-basica-saude-da-familia-e-comunidade\/trabalhos-de-conclusao-da-residencia\/turma-2017-2019\/\" class=\"elementor-sub-item\" tabindex=\"-1\">Turma 2017-2019<\/a><\/li>\n\t\t<li class=\"menu-item menu-item-type-post_type menu-item-object-page menu-item-1402\"><a href=\"https:\/\/portal.uern.br\/faen\/residencia-multiprofissional-em-atencao-basica-saude-da-familia-e-comunidade\/trabalhos-de-conclusao-da-residencia\/turma-2018-2020\/\" class=\"elementor-sub-item\" tabindex=\"-1\">Turma 2018-2020<\/a><\/li>\n\t\t<li class=\"menu-item menu-item-type-post_type menu-item-object-page menu-item-1401\"><a href=\"https:\/\/portal.uern.br\/faen\/residencia-multiprofissional-em-atencao-basica-saude-da-familia-e-comunidade\/trabalhos-de-conclusao-da-residencia\/turma-2019-2021\/\" class=\"elementor-sub-item\" tabindex=\"-1\">Turma 2019-2021<\/a><\/li>\n\t\t<li class=\"menu-item menu-item-type-post_type menu-item-object-page menu-item-1400\"><a href=\"https:\/\/portal.uern.br\/faen\/residencia-multiprofissional-em-atencao-basica-saude-da-familia-e-comunidade\/trabalhos-de-conclusao-da-residencia\/turma-2020-2022\/\" class=\"elementor-sub-item\" tabindex=\"-1\">Turma 2020-2022<\/a><\/li>\n\t\t<li class=\"menu-item menu-item-type-post_type menu-item-object-page menu-item-1399\"><a href=\"https:\/\/portal.uern.br\/faen\/residencia-multiprofissional-em-atencao-basica-saude-da-familia-e-comunidade\/trabalhos-de-conclusao-da-residencia\/turma-2021-2023\/\" class=\"elementor-sub-item\" tabindex=\"-1\">Turma 2021-2023<\/a><\/li>\n\t<\/ul>\n<\/li>\n\t<li class=\"menu-item menu-item-type-post_type menu-item-object-page menu-item-1363\"><a href=\"https:\/\/portal.uern.br\/faen\/residencia-multiprofissional-em-atencao-basica-saude-da-familia-e-comunidade\/redes-sociais-ligadas-a-residencia-multiprofissional-em-saude-da-familia\/\" class=\"elementor-sub-item\" tabindex=\"-1\">Redes sociais<\/a><\/li>\n\t<li class=\"menu-item menu-item-type-post_type menu-item-object-page menu-item-1378\"><a href=\"https:\/\/portal.uern.br\/faen\/residencia-multiprofissional-em-atencao-basica-saude-da-familia-e-comunidade\/processo-seletivo\/\" class=\"elementor-sub-item\" tabindex=\"-1\">Processo Seletivo<\/a><\/li>\n<\/ul>\n<\/li>\n<li class=\"menu-item menu-item-type-post_type menu-item-object-page menu-item-745\"><a href=\"https:\/\/portal.uern.br\/faen\/redes-sociais-da-faen\/\" class=\"elementor-item\" tabindex=\"-1\">Redes sociais da FAEN<\/a><\/li>\n<li class=\"menu-item menu-item-type-post_type menu-item-object-page menu-item-1413\"><a target=\"_blank\" href=\"https:\/\/portal.uern.br\/faen\/den-departamento-de-enfermagem\/\" class=\"elementor-item\" tabindex=\"-1\">DEN \u2013 Departamento de Enfermagem<\/a><\/li>\n<li class=\"menu-item menu-item-type-post_type menu-item-object-page menu-item-1639\"><a href=\"https:\/\/portal.uern.br\/faen\/ambulatorio-da-faen\/\" class=\"elementor-item\" tabindex=\"-1\">Ambulat\u00f3rio da FAEN<\/a><\/li>\n<li class=\"menu-item menu-item-type-post_type menu-item-object-page menu-item-1436\"><a href=\"https:\/\/portal.uern.br\/faen\/perguntas-frequentes\/\" class=\"elementor-item\" tabindex=\"-1\">Perguntas Frequentes<\/a><\/li>\n<\/ul>\t\t\t<\/nav>\n\t\t\t\t\t\t<\/div>\n\t\t\t\t<\/div>\n\t\t\t\t\t<\/div>\n\t\t<\/div>\n\t\t\t\t<div class=\"elementor-column elementor-col-50 elementor-top-column elementor-element elementor-element-3e8d6d5e\" data-id=\"3e8d6d5e\" data-element_type=\"column\" data-settings=\"{&quot;background_background&quot;:&quot;classic&quot;}\">\n\t\t\t<div class=\"elementor-widget-wrap elementor-element-populated\">\n\t\t\t\t\t\t<div class=\"elementor-element elementor-element-e64b993 elementor-widget elementor-widget-heading\" data-id=\"e64b993\" data-element_type=\"widget\" data-widget_type=\"heading.default\">\n\t\t\t\t<div class=\"elementor-widget-container\">\n\t\t\t\t\t<h2 class=\"elementor-heading-title elementor-size-default\">Apresenta\u00e7\u00e3o<\/h2>\t\t\t\t<\/div>\n\t\t\t\t<\/div>\n\t\t\t\t<div class=\"elementor-element elementor-element-43fb8a5 elementor-widget elementor-widget-text-editor\" data-id=\"43fb8a5\" data-element_type=\"widget\" data-widget_type=\"text-editor.default\">\n\t\t\t\t<div class=\"elementor-widget-container\">\n\t\t\t\t\t\t\t\t\t<p>O Curso de Gradua\u00e7\u00e3o em Enfermagem da Faculdade de Enfermagem (FAEN) da Universidade do Estado do Rio Grande do Norte (UERN) foi criado em 1968, por for\u00e7a do Decreto Municipal n\u00ba 04\/68, autorizado pelo Conselho Universit\u00e1rio com a Resolu\u00e7\u00e3o n\u00ba 028- A\/70-U. A Faculdade de Enfermagem, outrora Escola Superior de Enfermagem de Mossor\u00f3 (ESEM) foi, portanto, o primeiro Curso de Gradua\u00e7\u00e3o em Enfermagem do Estado do Rio Grande do Norte. Iniciou suas atividades em 01 de mar\u00e7o de 1971 e foi reconhecido apenas em 1978, pelo Decreto n\u00ba 82.939\/78 \u2013 CFE, de 26 \/12 \/1978.<\/p><p>A Escola Superior de Enfermagem de Mossor\u00f3 (ESEM) estava vinculada a Funda\u00e7\u00e3o Universidade Regional de Mossor\u00f3, a qual posteriormente foi reestruturada e passou a ser denominada Funda\u00e7\u00e3o Universidade Regional do Rio Grande do Norte (FURRN). Com o reconhecimento da Universidade pelo Conselho Federal de Educa\u00e7\u00e3o (1993) a ESEM passa a ser reconhecida como Faculdade de Enfermagem (FAEN).<\/p><p>O Projeto Pedag\u00f3gico do Curso de Enfermagem passou por mudan\u00e7as ao longo do processo formativo onde se pode elencar em recorte hist\u00f3rico como marcos o ano de 1974, momento o qual h\u00e1 a adequa\u00e7\u00e3o do curso ao parecer 163, institu\u00eddo pela Resolu\u00e7\u00e3o n\u00ba 4\/72, que ajustou o curr\u00edculo m\u00ednimo dos cursos de Enfermagem e Obstetr\u00edcia. Em 1986, \u00e9 iniciado nacionalmente um processo de reorienta\u00e7\u00e3o curricular, o qual ocorreu em conson\u00e2ncia com o movimento nacional de constru\u00e7\u00e3o coletiva da proposta de curr\u00edculo m\u00ednimo, que veio a ser aprovada em 1994 de acordo com o Parecer n\u00ba 314\/94 CFE e Portaria n\u00ba 1.721\/94- MEC. Em 1996, houve implanta\u00e7\u00e3o do novo curr\u00edculo incluindo a licenciatura apontando para supera\u00e7\u00e3o das rupturas das dicotomias hist\u00f3ricas entre indiv\u00edduo\/coletivo e cl\u00ednico\/epidemiol\u00f3gico, enfatizando a articula\u00e7\u00e3o entre ensino\/pesquisa\/extens\u00e3o e ensino\/trabalho.<\/p><p>O Projeto do Curso de Enfermagem em 2008 passou por reformula\u00e7\u00e3o no intuito de promover as altera\u00e7\u00f5es indicadas para a licenciatura, atrav\u00e9s das Resolu\u00e7\u00f5es CNE\/CP n\u00ba 01, de 18 de fevereiro de 2002 e a CNE\/CP n\u00ba 02, de 19 de fevereiro de 2002 e, ainda, das Diretrizes Nacionais para Forma\u00e7\u00e3o de Professores da Educa\u00e7\u00e3o B\u00e1sica, em n\u00edvel superior, Resolu\u00e7\u00f5es do CNE\/CP n\u00ba 01, de 18 de fevereiro de 2002 e CP n\u00ba 02, de 19 de fevereiro de 2002, bem como \u00e0s Diretrizes Curriculares Nacionais para Forma\u00e7\u00e3o de Professores da Educa\u00e7\u00e3o B\u00e1sica, em n\u00edvel superior, curso de licenciatura, de gradua\u00e7\u00e3o plena em cumprimento a Resolu\u00e7\u00e3o n\u00ba 02\/2004-CNE, de 27 de agosto de 2004 e em conformidade com o indicado no Parecer CNE\/CES N\u00ba 15\/2005, de 2 de fevereiro de 2005, publicado no DOU em 13 de maio de 2005.<\/p><p>Em 2014, foi renovado o reconhecimento de 33 cursos de gradua\u00e7\u00e3o ofertados pela UERN, dentre eles o curso de Enfermagem, por meio do Decreto Estadual n\u00ba 24.948, de 30 de dezembro de 2014 com base no disposto no Art. 10 da Resolu\u00e7\u00e3o n\u00ba 01\/2001 \u2013 CEE\/RN, de 19 de dezembro de 2001, com validade de dois anos. A Faculdade de Enfermagem teve sua autoriza\u00e7\u00e3o de funcionamento convalidada para o per\u00edodo de 2013-2014 com a publica\u00e7\u00e3o do Decreto Estadual n\u00ba 24.971, de 19 de fevereiro de 2015.<\/p><p>Diante dos avan\u00e7os e desafios do processo formativo no atual contexto do SUS, bem como frente \u00e0s lacunas a serem solucionadas, o N\u00facleo Docente Estruturante (NDE), a gest\u00e3o da FAEN e comunidade acad\u00eamica se uniram para atuar no enfretamento dos descompassos identificados.<\/p><p>Dentre estes podem ser citados a adequa\u00e7\u00e3o \u00e0 Resolu\u00e7\u00e3o CNE\/CES N\u00ba 3, de 7 de novembro de 2001, que institui as Diretrizes Curriculares Nacionais do Curso de Gradua\u00e7\u00e3o em Enfermagem (DCNE), que em seu Art. 7\u00ba par\u00e1grafo \u00fanico a carga hor\u00e1ria m\u00ednima do est\u00e1gio curricular supervisionado que dever\u00e1 totalizar 20% (vinte por cento) da carga hor\u00e1ria total do curso; a Resolu\u00e7\u00e3o do Conselho Nacional de Educa\u00e7\u00e3o, n\u00b0 04 de 06 de abril de 2009, que disp\u00f5e sobre a carga hor\u00e1ria m\u00ednima e per\u00edodo de integra\u00e7\u00e3o e dura\u00e7\u00e3o dos cursos de gradua\u00e7\u00e3o, tendo o curso de enfermagem o limite m\u00ednimo de cinco anos para integra\u00e7\u00e3o; a Resolu\u00e7\u00e3o do Conselho Nacional de Educa\u00e7\u00e3o, 02 de 02 de julho de 2015, que define as Diretrizes Curriculares Nacionais para a forma\u00e7\u00e3o inicial em n\u00edvel superior (cursos de licenciatura, cursos de forma\u00e7\u00e3o pedag\u00f3gica para graduados e cursos de segunda licenciatura) e para a forma\u00e7\u00e3o continuada, que orienta em seu Art. 13\u00ba a garantia de base comum nacional das orienta\u00e7\u00f5es curriculares em no m\u00ednimo 3.200 (tr\u00eas mil e duzentas) horas de efetivo trabalho acad\u00eamico; e a Resolu\u00e7\u00e3o n\u00ba 25\/2017 \u2013 CONSEPE\/UERN que regulamenta a curriculariza\u00e7\u00e3o das atividades de extens\u00e3o nos cursos de gradua\u00e7\u00e3o da UERN.<\/p><p>Nesse sentido diante de discuss\u00f5es e estudos promovidos pelo NDE, decidiu-se na plen\u00e1ria departamental realizada em 28 de maio do presente ano, reformular o PPC redefinindo sua oferta para a modalidade de bacharelado, o mesmo est\u00e1 sendo apresentado neste documento, cientes das necessidades de atualiza\u00e7\u00f5es e ajustes legais, respeitando as atuais DCNE e j\u00e1 vislumbrando pontos que apontam para as novas DCNE do curso de enfermagem descritos em minuta p\u00fablica da Associa\u00e7\u00e3o Brasileira de Enfermagem (ABEn) (ABEn, 2019). Ao que concerne \u00e0 Licenciatura, a mesma n\u00e3o mais integrar\u00e1 o presente PPC tendo em vista a inviabilidade para o cumprimento da legisla\u00e7\u00e3o vigente.<\/p>\t\t\t\t\t\t\t\t<\/div>\n\t\t\t\t<\/div>\n\t\t\t\t\t<\/div>\n\t\t<\/div>\n\t\t\t\t\t<\/div>\n\t\t<\/section>\n\t\t\t\t<\/div>\n\t\t","protected":false},"excerpt":{"rendered":"<p>Apresenta\u00e7\u00e3o O Curso de Gradua\u00e7\u00e3o em Enfermagem da Faculdade de Enfermagem (FAEN) da Universidade do Estado do Rio Grande do Norte (UERN) foi criado em 1968, por for\u00e7a do Decreto Municipal n\u00ba 04\/68, autorizado pelo Conselho Universit\u00e1rio com a Resolu\u00e7\u00e3o n\u00ba 028- A\/70-U. A Faculdade de Enfermagem, outrora Escola Superior de Enfermagem de Mossor\u00f3 (ESEM) [&hellip;]<\/p>\n","protected":false},"author":1,"featured_media":0,"parent":0,"menu_order":0,"comment_status":"closed","ping_status":"closed","template":"","meta":{"footnotes":""},"class_list":["post-202","page","type-page","status-publish","hentry"],"_links":{"self":[{"href":"https:\/\/portal.uern.br\/faen\/wp-json\/wp\/v2\/pages\/202","targetHints":{"allow":["GET"]}}],"collection":[{"href":"https:\/\/portal.uern.br\/faen\/wp-json\/wp\/v2\/pages"}],"about":[{"href":"https:\/\/portal.uern.br\/faen\/wp-json\/wp\/v2\/types\/page"}],"author":[{"embeddable":true,"href":"https:\/\/portal.uern.br\/faen\/wp-json\/wp\/v2\/users\/1"}],"replies":[{"embeddable":true,"href":"https:\/\/portal.uern.br\/faen\/wp-json\/wp\/v2\/comments?post=202"}],"version-history":[{"count":97,"href":"https:\/\/portal.uern.br\/faen\/wp-json\/wp\/v2\/pages\/202\/revisions"}],"predecessor-version":[{"id":1199,"href":"https:\/\/portal.uern.br\/faen\/wp-json\/wp\/v2\/pages\/202\/revisions\/1199"}],"wp:attachment":[{"href":"https:\/\/portal.uern.br\/faen\/wp-json\/wp\/v2\/media?parent=202"}],"curies":[{"name":"wp","href":"https:\/\/api.w.org\/{rel}","templated":true}]}}