{"id":846,"date":"2023-11-01T16:03:53","date_gmt":"2023-11-01T19:03:53","guid":{"rendered":"https:\/\/portal.uern.br\/faef\/def\/?page_id=846"},"modified":"2025-09-05T14:43:29","modified_gmt":"2025-09-05T17:43:29","slug":"programas-de-extensao","status":"publish","type":"page","link":"https:\/\/portal.uern.br\/faef\/def\/programas-de-extensao\/","title":{"rendered":"Programas de extens\u00e3o"},"content":{"rendered":"<p>EDITAIS: <a href=\"https:\/\/portal.uern.br\/proex\/editais\/\">LINK PARA A P\u00c1GINA DA PROEX<\/a><\/p>\n<p>&nbsp;<\/p>\n<p><strong>PROGRAMA NADAR MAIS<\/strong><br \/>\nProtocolo do SIGProj: 6125.52.646.27082024<br \/>\nDe: 02\/09\/2024 \u00e0 20\/12\/2026<\/p>\n<p>COORDENADOR(A)<br \/>\nAdalberto Veronese da Costa<\/p>\n<p>RESUMO DA A\u00c7\u00c3O DE EXTENS\u00c3O<br \/>\nO Rio Grande do Norte possui v\u00e1rias piscinas localizadas em institui\u00e7\u00f5es p\u00fablicas e privadas que permitem aulas de nata\u00e7\u00e3o para um p\u00fablico espec\u00edfico e para a comunidade em geral. A UERN desde o ano de 2010 oferece para a comunidade em geral a pratica da nata\u00e7\u00e3o atrav\u00e9s do Programa Para Nadar. Esta proposta pretende oferecer ao p\u00fablico uma nova metodologia de trabalho envolvendo novos hor\u00e1rios de aula de nata\u00e7\u00e3o para diferentes faixas et\u00e1rias e n\u00edveis de aprendizagem, um servi\u00e7o para pessoas com defici\u00eancia e criar um aplicativo para o acompanhamento das aulas, al\u00e9m de estreitar parcerias com institui\u00e7\u00f5es que possuem piscinas nos locais que existem campus da UERN e projetos sociais. Portanto, o Programa Nadar Mais possibilitar\u00e1 a massifica\u00e7\u00e3o da nata\u00e7\u00e3o no Estado focando em crian\u00e7as e adolescentes como uma ocupa\u00e7\u00e3o saud\u00e1vel no contraturno escolar e para jovens, adultos e idosos estimulando para uma op\u00e7\u00e3o de esporte salutar.<\/p>\n<p>P\u00daBLICO-ALVO<br \/>\nO Publico do Programa ter\u00e1 o envolvimento de: Pessoas da comunidade externa com ou sem algum tipo de defici\u00eancia; Servidores da UERN Docentes e t\u00e9cnicos administrativos como tamb\u00e9m discentes oportunizando especialmente aqueles dos programas de cotas sociais; Atletas de nata\u00e7\u00e3o vinculados no ano anterior a equipe de Nata\u00e7\u00e3o ADNP UFERSA UERN; Crian\u00e7as e adolescentes da Casa do Caminho ligados ao UERN A\u00c7\u00c3O; Pessoas vinculadas a institutos ligados ao apoio \u00e0s pessoas com defici\u00eancia.<\/p>\n<p>&nbsp;<\/p>\n","protected":false},"excerpt":{"rendered":"<p>EDITAIS: LINK PARA A P\u00c1GINA DA PROEX &nbsp; PROGRAMA NADAR MAIS Protocolo do SIGProj: 6125.52.646.27082024 De: 02\/09\/2024 \u00e0 20\/12\/2026 COORDENADOR(A) Adalberto Veronese da Costa RESUMO DA A\u00c7\u00c3O DE EXTENS\u00c3O O Rio Grande do Norte possui v\u00e1rias piscinas localizadas em institui\u00e7\u00f5es p\u00fablicas e privadas que permitem aulas de nata\u00e7\u00e3o para um p\u00fablico espec\u00edfico e para a [&hellip;]<\/p>\n","protected":false},"author":3,"featured_media":0,"parent":0,"menu_order":0,"comment_status":"closed","ping_status":"closed","template":"","meta":{"footnotes":""},"class_list":["post-846","page","type-page","status-publish","hentry"],"_links":{"self":[{"href":"https:\/\/portal.uern.br\/faef\/def\/wp-json\/wp\/v2\/pages\/846","targetHints":{"allow":["GET"]}}],"collection":[{"href":"https:\/\/portal.uern.br\/faef\/def\/wp-json\/wp\/v2\/pages"}],"about":[{"href":"https:\/\/portal.uern.br\/faef\/def\/wp-json\/wp\/v2\/types\/page"}],"author":[{"embeddable":true,"href":"https:\/\/portal.uern.br\/faef\/def\/wp-json\/wp\/v2\/users\/3"}],"replies":[{"embeddable":true,"href":"https:\/\/portal.uern.br\/faef\/def\/wp-json\/wp\/v2\/comments?post=846"}],"version-history":[{"count":8,"href":"https:\/\/portal.uern.br\/faef\/def\/wp-json\/wp\/v2\/pages\/846\/revisions"}],"predecessor-version":[{"id":1177,"href":"https:\/\/portal.uern.br\/faef\/def\/wp-json\/wp\/v2\/pages\/846\/revisions\/1177"}],"wp:attachment":[{"href":"https:\/\/portal.uern.br\/faef\/def\/wp-json\/wp\/v2\/media?parent=846"}],"curies":[{"name":"wp","href":"https:\/\/api.w.org\/{rel}","templated":true}]}}